(778,'document','text/html','MADKOM SA zdobywa duży kontrakt','','Podpisana przez MADKOM SA umowa dotyczy dostawy i wdrożenia produktów autorstwa Spółki do miasta na prawach powiatu zatrudniającego ponad 1000 osób, oraz stworzenia 30 e-usług na platformie ePUAP. ','madkom-sa-zdobywa-duży-kontrakt','',1,0,0,51,0,'W ramach pozyskanego kontraktu Emitent dostarczy oprogramowanie SIDAS Elektroniczne Zarządzanie Dokumentacją zintegrowane z platformą ePUAP oraz SIDAS Edytor Formularzy Elektronicznych. Spółka będzie również świadczyła usługi eksperckie z zakresu integracji systemów dziedzinowych z dostarczonym rozwiązaniem SIDAS EZD i przeprowadzi szkolenia \r\nz zakresu e-formularzy publikowanych na ePUAP oraz dostarczanych systemów. Pozyskany przez nas kontrakt jest zasługą naszej merytorycznej wiedzy i doświadczenia.','<h4>MADKOM S.A. zdobywa duży kontrakt</h4>\r\n<p>Podpisana przez MADKOM S.A. umowa dotyczy dostawy i wdrożenia produktów autorstwa Spółki do Urzędu Miasta na prawach powiatu zatrudniającego ponad 1000 osób, oraz stworzenia 30 e-usług na platformie ePUAP.</p>\r\n<p>W ramach pozyskanego kontraktu Emitent dostarczy oprogramowanie SIDAS Elektroniczne Zarządzanie Dokumentacją zintegrowane z platformą ePUAP oraz SIDAS Edytor Formularzy Elektronicznych. Spółka będzie również świadczyła usługi eksperckie z zakresu integracji systemów dziedzinowych z dostarczonym rozwiązaniem SIDAS EZD i przeprowadzi szkolenia z zakresu e-formularzy publikowanych na ePUAP oraz dostarczanych systemów. Pozyskany przez nas kontrakt jest zasługą naszej merytorycznej wiedzy i doświadczenia.</p>\r\n<p>Wśród naszych Klientów wyrabiamy sobie coraz silniejszą pozycję, naszymi Klientami stają się coraz większe urzędy. Pozyskany kontrakt nie był uwzględniany w naszych przewidywaniach i powiększy nasz backlog, a w latach przyszłych znacząco zwiększy wpływy z tytułu stałej umowy na obsługę i asystę autorską.</p>\r\n<p>Wartośc zamówienia jest objęta tajemnicą handlową. </p>',1,28,216,1,1,2,1433836167,2,1433836519,0,0,0,1433836140,2,'',0,0,0,0,0,'modDocument','web',1,'madkom-sa-zdobywa-duży-kontrakt',0,0,1,NULL,NULL,NULL),(775,'document','text/html','WZA 12 czerwca 2015','Walne Zgromadzenie Akcjonariuszy Madkom SA na dzień 12 czerwca 2015 r.','Walne Zgromadzenie Akcjonariuszy Madkom SA na dzień 12 czerwca 2015 r.','wza-12-czerwca-2015','',1,0,0,692,0,'','<p>Zarząd MADKOM SA z siedzibą w Gdyni, działając na podstawie art. 398 oraz 399 § 1 w związku z art. 402 1 § 1 i 2 Kodeksu spółek handlowych oraz zgodnie z § 14 pkt 2. Statutu Spółki zwołuje na dzień 12 czerwca 2015 r., na godzinę 09:00, Walne Zgromadzenie Akcjonariuszy Spółki, które odbędzie się w siedzibie Spółki, w Gdyni przy Al. Zwycięstwa 96/98.<br /><br />W załączeniu Zarząd przekazuje: <br />1) <a href=\"zdjecia/Ogłoszenie o zwołaniu WZA Madkom SA.pdf\">Ogłoszenie o zwołaniu WZA </a><br />2) <a href=\"zdjecia/Projekty uchwał na WZA.pdf\">Projekty uchwał na WZA</a><br />3) <a href=\"zdjecia/Informacja o ogólnej liczbie akcji Madkom SA oraz liczbie głosów z tych akcji .pdf\">Informacja o ogólnej liczbie głosów</a><br />4) <a href=\"zdjecia/Wzór pełnomocnictwa na WZA.pdf\">Wzór pełnomocnictwa na WZA</a></p>',1,32,0,1,1,2,1431940749,2,1431940790,0,0,0,1431940740,2,'',0,0,0,0,0,'modDocument','web',1,'wza-12-czerwca-2015',0,0,1,NULL,NULL,NULL);

--
-- Table structure for table `newsletter`
--

CREATE TABLE `newsletter` (
  `id_email` int(10) unsigned NOT NULL AUTO_INCREMENT,
  `email` varchar(100) COLLATE utf8_polish_ci DEFAULT NULL,
  PRIMARY KEY (`id_email`)
) ENGINE=InnoDB AUTO_INCREMENT=8 DEFAULT CHARSET=utf8 COLLATE=utf8_polish_ci;

--
-- Dumping data for table `newsletter`
--

INSERT INTO `newsletter` VALUES (1,'legion6@o2.pl'),(2,'l.pelowski@swgroup.pl'),(3,'s.wojcik@swgroup.pl'),(4,'admin@admin.com'),(5,'xcv'),(6,'montrz@wp.pl'),(7,'adriano@wp.pl');

--
-- Table structure for table `pages`
--

CREATE TABLE `pages` (
  `id_page` mediumint(8) unsigned NOT NULL AUTO_INCREMENT,
  `id_parent_page` mediumint(8) unsigned DEFAULT NULL,
  `id_menu` tinyint(3) unsigned NOT NULL,
  `id_pages_type` tinyint(3) unsigned DEFAULT NULL,
  `type` varchar(30) COLLATE utf8_unicode_ci DEFAULT NULL,
  `id_lang` tinyint(4) unsigned DEFAULT NULL,
  `author` varchar(55) COLLATE utf8_unicode_ci DEFAULT NULL,
  `updater` varchar(55) COLLATE utf8_unicode_ci DEFAULT NULL,
  `created` datetime NOT NULL,
  `publish_on` datetime NOT NULL DEFAULT '0000-00-00 00:00:00',
  `publish_off` datetime NOT NULL DEFAULT '0000-00-00 00:00:00',
  `updated` datetime DEFAULT NULL,
  `name` varchar(100) COLLATE utf8_unicode_ci DEFAULT 'nazwa ',
  `name_en` varchar(255) COLLATE utf8_unicode_ci DEFAULT NULL,
  `title` varchar(255) COLLATE utf8_unicode_ci DEFAULT NULL,
  `lead` text COLLATE utf8_unicode_ci,
  `description` text COLLATE utf8_unicode_ci,
  `image` varchar(100) COLLATE utf8_unicode_ci DEFAULT NULL,
  `link` varchar(160) COLLATE utf8_unicode_ci DEFAULT '',
  `public` int(11) NOT NULL DEFAULT '1',
  `ord` int(11) unsigned DEFAULT NULL,
  `name1` varchar(160) COLLATE utf8_unicode_ci DEFAULT NULL,
  PRIMARY KEY (`id_page`),
  KEY `ord` (`ord`)
) ENGINE=InnoDB AUTO_INCREMENT=111 DEFAULT CHARSET=utf8 COLLATE=utf8_unicode_ci COMMENT='0.9.7';

--
-- Dumping data for table `pages`
--

INSERT INTO `pages` VALUES (3,0,12,2,'page',1,'Admin',NULL,'2013-03-26 12:33:16','0000-00-00 00:00:00','0000-00-00 00:00:00',NULL,'Podstrony menu górne',NULL,NULL,NULL,NULL,'','',1,2,''),(15,0,12,4,'page',1,'Admin',NULL,'2013-05-06 14:00:48','0000-00-00 00:00:00','0000-00-00 00:00:00',NULL,'Aktualności','News',NULL,NULL,'','aktualnosci.jpg','',1,3,'0'),(16,0,12,2,'page',1,'Admin',NULL,'2013-05-06 14:57:21','0000-00-00 00:00:00','0000-00-00 00:00:00',NULL,'O firmie','About the company',NULL,NULL,'','strony_rozprowadzajace1.jpg','',1,4,'0'),(17,0,12,2,'page',1,'Admin',NULL,'2013-05-06 15:42:29','0000-00-00 00:00:00','0000-00-00 00:00:00',NULL,'Obszar działania','Operation area',NULL,NULL,'','strony_rozprowadzajace3.jpg','',1,5,'0'),(18,0,12,2,'page',1,'Admin',NULL,'2013-05-07 11:25:52','0000-00-00 00:00:00','0000-00-00 00:00:00',NULL,'O spółce','Company',NULL,NULL,'','strony_rozprowadzajace.jpg','',1,6,'0'),(19,0,12,2,'page',1,'Admin',NULL,'2013-05-06 14:37:57','0000-00-00 00:00:00','0000-00-00 00:00:00',NULL,'Kariera','Career',NULL,NULL,'','kariera.jpg','',1,7,'0'),(20,0,12,2,'page',1,'Admin',NULL,'2013-05-06 14:45:59','0000-00-00 00:00:00','0000-00-00 00:00:00',NULL,'Kontakt','Contact',NULL,NULL,'','kontakt_2.jpg','',1,8,'0'),(21,15,12,2,'page',1,'Admin',NULL,'2013-05-07 12:13:39','0000-00-00 00:00:00','0000-00-00 00:00:00',NULL,'Informacje dla prasy','Press information',NULL,NULL,'','aktualnosci1.jpg','',1,9,'0'),(22,15,12,7,'page',1,'Admin',NULL,'2013-05-07 12:14:19','0000-00-00 00:00:00','0000-00-00 00:00:00',NULL,'Wydarzenia','Events',NULL,NULL,'','aktualnosci2.jpg','',1,10,'0'),(23,15,12,7,'page',1,'Admin',NULL,'2013-05-07 12:14:41','0000-00-00 00:00:00','0000-00-00 00:00:00',NULL,'Galeria zdjęć','Photo gallery',NULL,NULL,'','aktualnosci11.jpg','',1,11,'0'),(24,30,12,2,'page',1,'Admin',NULL,'2013-05-07 11:20:58','0000-00-00 00:00:00','0000-00-00 00:00:00',NULL,'Zakłady produkcyjne','Manufacturing ',NULL,NULL,'<p>opisssssss</p>','galeria_realizacji.jpg','',1,12,'0'),(25,30,12,2,'page',1,NULL,NULL,'2013-06-04 15:59:36','0000-00-00 00:00:00','0000-00-00 00:00:00',NULL,'Nafta i gaz','Oil and gas',NULL,NULL,'','galeria_realizacji1.jpg','',1,13,'0'),(26,30,12,2,'page',1,'Admin',NULL,'2013-05-07 11:20:37','0000-00-00 00:00:00','0000-00-00 00:00:00',NULL,'Instalacje procesowe','Process plants',NULL,NULL,'','galeria_realizacji2.jpg','',1,14,'0'),(27,30,12,2,'page',1,'Admin',NULL,'2013-05-07 11:22:02','0000-00-00 00:00:00','0000-00-00 00:00:00',NULL,'Energetyka','Power industry',NULL,NULL,'','galeria_realizacji3.jpg','',1,15,'0'),(28,30,12,2,'page',1,'Admin',NULL,'2013-05-23 15:58:27','0000-00-00 00:00:00','0000-00-00 00:00:00',NULL,'Budownictwo ogólne','Building construction',NULL,NULL,'','galeria_realizacji4.jpg','',1,16,'0'),(29,30,12,2,'page',1,'Admin',NULL,'2013-05-07 11:23:01','0000-00-00 00:00:00','0000-00-00 00:00:00',NULL,'Ochrona środowiska','Environment protection',NULL,NULL,'','galeria_realizacji5.jpg','',1,17,'0'),(30,0,12,2,'page',1,'Admin',NULL,'2013-06-06 10:50:34','0000-00-00 00:00:00','0000-00-00 00:00:00',NULL,'Sektory działania','',NULL,NULL,'','','',1,18,'0'),(33,18,12,2,'page',1,'Admin',NULL,'2013-05-10 09:51:03','0000-00-00 00:00:00','0000-00-00 00:00:00',NULL,'O spółce','Company',NULL,NULL,'','spolka.jpg','',1,21,'0'),(34,18,12,2,'page',1,'Admin',NULL,'2013-05-07 11:59:30','0000-00-00 00:00:00','0000-00-00 00:00:00',NULL,'Informacje finansowe','Financial information ',NULL,NULL,'','informacje-finansowe.jpg','',1,22,'0'),(35,18,12,2,'page',1,'Admin',NULL,'2013-05-07 12:07:00','0000-00-00 00:00:00','0000-00-00 00:00:00',NULL,'Raporty','Reports',NULL,NULL,'','raporty.jpg','',1,23,'0'),(36,18,12,2,'page',1,'Admin',NULL,'2013-05-07 12:09:51','0000-00-00 00:00:00','0000-00-00 00:00:00',NULL,'PROCHEM na giełdzie','PROCHEM on the stock exchange',NULL,NULL,'','prochem_na_gieldzie.jpg','',1,24,'0'),(37,18,12,2,'page',1,'Admin',NULL,'2013-05-14 10:24:10','0000-00-00 00:00:00','0000-00-00 00:00:00',NULL,'Aktualności ','News',NULL,NULL,'','','',1,25,'0'),(38,33,12,2,'page',1,'Admin',NULL,'2013-05-07 11:31:12','0000-00-00 00:00:00','0000-00-00 00:00:00',NULL,'Akcjonariat','Shareholders',NULL,NULL,'','','',1,26,'0'),(39,34,12,2,'page',1,'Admin',NULL,'2013-05-07 11:59:48','0000-00-00 00:00:00','0000-00-00 00:00:00',NULL,'Wyniki finansowe','Financial performance',NULL,NULL,'','','',1,27,'0'),(40,35,12,7,'page',1,'Admin',NULL,'2013-05-07 12:07:32','0000-00-00 00:00:00','0000-00-00 00:00:00',NULL,'Raporty bieżące','Current reports',NULL,NULL,'','','',1,28,'0'),(41,35,12,7,'page',1,'Admin',NULL,'2013-05-07 12:07:45','0000-00-00 00:00:00','0000-00-00 00:00:00',NULL,'Raporty okresowe','Periodic reports',NULL,NULL,'','','',1,29,'0'),(42,36,12,2,'page',1,'Admin',NULL,'2013-04-15 14:13:24','0000-00-00 00:00:00','0000-00-00 00:00:00',NULL,'Notowania',NULL,NULL,NULL,NULL,'','',1,30,''),(47,19,12,2,'page',1,'Admin',NULL,'2013-05-06 14:44:30','0000-00-00 00:00:00','0000-00-00 00:00:00',NULL,'Wyślij CV','Send Your CV',NULL,NULL,'','','',1,31,'0'),(48,0,12,7,'page',1,'Admin',NULL,'2013-05-06 15:07:57','0000-00-00 00:00:00','0000-00-00 00:00:00',NULL,'Historia','History',NULL,NULL,'','','',1,32,'0'),(49,19,12,2,'page',1,'Admin',NULL,'2013-05-06 14:38:43','0000-00-00 00:00:00','0000-00-00 00:00:00',NULL,'Praca w PROCHEM','Work at PROCHEM',NULL,NULL,'','','',1,33,'0'),(50,0,12,2,'page',1,'Admin',NULL,'2013-05-06 15:55:03','0000-00-00 00:00:00','0000-00-00 00:00:00',NULL,'Rodzaje usług','Types of services',NULL,NULL,'','rodzaje_uslug.jpg','',1,34,'0'),(51,0,12,4,'page',1,'Admin',NULL,'2013-05-07 09:27:18','0000-00-00 00:00:00','0000-00-00 00:00:00',NULL,'Sektory działania','Business sectors',NULL,NULL,'','','',1,35,'0'),(52,33,12,2,'page',1,'Admin',NULL,'2013-05-07 11:31:49','0000-00-00 00:00:00','0000-00-00 00:00:00',NULL,'Statut spółki','Company statutes',NULL,NULL,'','','',1,36,'0'),(53,33,12,2,'page',1,'Admin',NULL,'2013-05-07 11:36:45','0000-00-00 00:00:00','0000-00-00 00:00:00',NULL,'Zarząd','Management board',NULL,NULL,'','zarzad1.jpg','',1,37,'0'),(54,33,12,2,'page',1,'Admin',NULL,'2013-05-07 11:37:14','0000-00-00 00:00:00','0000-00-00 00:00:00',NULL,'Rada nadzorcza','Supervisory board',NULL,NULL,'','','',1,38,'0'),(55,33,12,2,'page',1,'Admin',NULL,'2013-07-03 09:04:04','0000-00-00 00:00:00','0000-00-00 00:00:00',NULL,'Zasady ładu korporacyjnego ','Corporate governance standards',NULL,NULL,'','','',1,39,'0'),(56,33,12,2,'page',1,'Admin',NULL,'2013-05-23 15:18:23','0000-00-00 00:00:00','0000-00-00 00:00:00',NULL,'Walne zgromadzenie akcjonariuszy','Shareholders general meeting',NULL,NULL,'','spolka1.jpg','',1,40,'0'),(57,33,12,2,'page',1,'Admin',NULL,'2013-05-07 11:54:59','0000-00-00 00:00:00','0000-00-00 00:00:00',NULL,'Prospekt emisyjny','Prospectus',NULL,NULL,'','','',1,41,'0'),(58,33,12,2,'page',1,'Admin',NULL,'2013-05-07 11:56:22','0000-00-00 00:00:00','0000-00-00 00:00:00',NULL,'Kontakt dla inwestorów ','Contact for investors',NULL,NULL,'','','',1,42,'0'),(59,34,12,2,'page',1,'Admin',NULL,'2013-05-07 12:06:10','0000-00-00 00:00:00','0000-00-00 00:00:00',NULL,'Podstawowe wskaźniki finansowe','Basic financial indicators',NULL,NULL,'','','',1,43,'0'),(60,37,12,2,'page',1,'Admin',NULL,'2013-04-15 14:20:32','0000-00-00 00:00:00','0000-00-00 00:00:00',NULL,'Dla prasy ',NULL,NULL,NULL,NULL,'','',1,44,'0'),(63,0,12,7,'page',1,'Admin',NULL,'2013-04-24 17:09:35','0000-00-00 00:00:00','0000-00-00 00:00:00',NULL,'Nagrody',NULL,NULL,NULL,NULL,'','',1,45,'0'),(110,0,12,2,'page',1,'Admin',NULL,'2013-05-09 14:54:26','0000-00-00 00:00:00','0000-00-00 00:00:00',NULL,'slider','',NULL,NULL,'','','',1,46,'0');

--
-- Table structure for table `pages_type`
--

CREATE TABLE `pages_type` (
  `id_type` int(11) unsigned NOT NULL AUTO_INCREMENT,
  `type` varchar(50) CHARACTER SET utf8 COLLATE utf8_unicode_ci NOT NULL,
  `config` varchar(255) CHARACTER SET utf8 COLLATE utf8_unicode_ci NOT NULL,
  `type_flag` tinyint(1) NOT NULL DEFAULT '0',
  `public` int(11) NOT NULL DEFAULT '0',
  PRIMARY KEY (`id_type`)
) ENGINE=InnoDB AUTO_INCREMENT=8 DEFAULT CHARSET=latin2;

--
-- Dumping data for table `pages_type`
--

INSERT INTO `pages_type` VALUES (2,'Podstrona z lewym menu','a:3:{i:0;s:4:\"edit\";i:1;s:4:\"hide\";i:2;s:4:\"dell\";}',0,1),(4,'Tekstowa','a:3:{i:0;s:4:\"edit\";i:1;s:4:\"file\";i:2;s:5:\"image\";}',0,1),(6,'Boxy strona gł','a:1:{i:0;s:4:\"edit\";}',0,0),(7,'Lista','a:4:{i:0;s:4:\"edit\";i:1;s:5:\"image\";i:2;s:4:\"hide\";i:3;s:4:\"dell\";}',0,0);

--
-- Table structure for table `producer`
--

CREATE TABLE `producer` (
  `id_producer` int(10) unsigned NOT NULL AUTO_INCREMENT,
  `name` varchar(255) CHARACTER SET utf8 COLLATE utf8_polish_ci DEFAULT NULL,
  `description` text,
  PRIMARY KEY (`id_producer`)
) ENGINE=InnoDB AUTO_INCREMENT=962 DEFAULT CHARSET=latin2;

--
-- Dumping data for table `producer`
--

INSERT INTO `producer` VALUES (1,'producent 1',NULL),(2,'producent 2',NULL),(3,'MAXWELL HOUSE',NULL),(4,'JACOBS',NULL),(5,'MK CAFE',NULL),(6,'PEDROS',NULL),(7,'SATI',NULL),(8,'OLIWIER',NULL),(9,'BROLIO',NULL),(10,'KUJAWSKI',NULL),(11,'BARTEK',NULL),(12,'OLEK',NULL),(13,'ALVORADA',NULL),(14,'ARO',NULL),(15,'ASTRA',NULL),(16,'TCHIBO',NULL),(17,'NESCAFE',NULL),(18,'kkkkkkk',NULL),(19,'AMBRA',NULL),(20,'BARTEX',NULL),(21,'BODEGAS',NULL),(22,'BWS',NULL),(23,'VINEX',NULL),(24,'DIAGEO',NULL),(25,'DOMAIN MENADA',NULL),(26,'GARVEY',NULL),(27,'STOCK',NULL),(28,'Q. da Ribeirinha',NULL),(29,'TIM',NULL),(30,'TOHANI',NULL),(31,'BOLS',NULL),(32,'WYBOROWA',NULL),(33,'MOET HENNESSY',NULL),(34,'VINPOL',NULL),(35,'LATVIJAS BALZAMS',NULL),(36,'BACARDI - MARTINI',NULL),(37,'BACARDI - MARTINI',NULL),(38,'AVI',NULL),(39,'CASA VINICOLA',NULL),(40,'JANTOŃ',NULL),(41,'MV',NULL),(42,'RACKE',NULL),(43,NULL,NULL),(44,'AW WAWRZYNIAK',NULL),(45,'POLMOS BIELSKO - BIAŁA',NULL),(46,'SOBIESKI',NULL),(47,'POLMOS BIAŁYSTOK',NULL),(48,'BROWN - FORMAN',NULL),(49,'HUZAR',NULL),(50,'JANUS',NULL),(51,'KOMERS INTERNATIONAL',NULL),(52,'NOWOCIEL',NULL),(53,'POLMOS SIEDLCE',NULL),(54,'POLMOS WARSZAWA',NULL),(55,'AKWAWIT',NULL),(56,'DĘBOWA POLSKA',NULL),(57,'TOORANK',NULL),(58,'GURLEX',NULL),(59,'HAYMAN LIMITED',NULL),(60,'MV POLAND',NULL),(61,'FAUCONNIER',NULL),(62,'SCHWARZE UND SCHLICHTE',NULL),(63,'PLO',NULL),(64,'IRISHMAN',NULL),(65,'HALEWOOD',NULL),(66,'FUSSIGNY',NULL),(67,'WIN - CIN',NULL),(68,'DILMOOR',NULL),(69,'HOT IRISHMAN',NULL),(70,'BAZILIO',NULL),(71,'BACARDI - MARTINI',NULL),(72,'LAVAZZA',NULL),(73,'MOKATE',NULL),(74,'PRIMA',NULL),(75,'MOVENPICK',NULL),(76,'DOUWE EGBERTS',NULL),(77,'RIOBA',NULL),(78,'HORECA SELECT',NULL),(79,'CARTE NOIRE',NULL),(80,'DAVIDOFF',NULL),(81,'IDEE KAFFEE',NULL),(82,'KOPIKO',NULL),(83,'NY COFFEE',NULL),(84,'NESTLE',NULL),(85,'CAFEA',NULL),(86,'METRO QUALITY',NULL),(87,'COLOMBIANO',NULL),(88,'DALLMAYR',NULL),(89,'ELITE FORT',NULL),(90,'GALA',NULL),(91,'ILLY',NULL),(92,'SANTOS',NULL),(93,'SEGAFREDO',NULL),(94,'SIDO',NULL),(95,'WOSEBA',NULL),(96,'DELECTA',NULL),(97,'INKA',NULL),(98,'FINE FOOD',NULL),(99,'BUONDI',NULL),(100,'RIZZI',NULL),(101,'CAFE CREMA',NULL),(102,'ALBERTO',NULL),(103,'OSKAR',NULL),(104,'POSTI',NULL),(105,'ZAS',NULL),(106,'IRVING',NULL),(107,'AHMAD TEA',NULL),(108,'JONES',NULL),(109,'LOYD',NULL),(110,'TETLEY',NULL),(111,'DILMAH',NULL),(112,'LIPTON',NULL),(113,'BIOACTIVE',NULL),(114,'BASTEK',NULL),(115,'HERBAPOL',NULL),(116,'TWININGS',NULL),(117,'SIR ROGER',NULL),(118,'SAGA',NULL),(119,'MINUTKA',NULL),(120,'GREENFIELD',NULL),(121,'BABCIA JAGODA',NULL),(122,'TEEKANNE',NULL),(123,'PICKWICK',NULL),(124,'MALWA',NULL),(125,'VITAX',NULL),(126,'BIOFIX',NULL),(127,'TEAVALLEY',NULL),(128,'MULTEANA',NULL),(129,'INDIS THEA',NULL),(130,'HEDLEY\'S',NULL),(131,'KRÓGER',NULL),(132,'EKOLAND',NULL),(133,'TYLOS',NULL),(134,'APIS',NULL),(135,'LUNE DE MIEL',NULL),(136,'BARTNIK SĄDECKI',NULL),(137,'BIHOPHAR',NULL),(138,'CD',NULL),(139,'PPHU RYDEŁKO',NULL),(140,'MELVIT',NULL),(141,'SZCZYTNO',NULL),(142,'HALINA',NULL),(143,'KUPIEC',NULL),(144,'ECO +',NULL),(145,'ANIMEX, MORLINY',NULL),(146,'SOKOŁÓW ',NULL),(147,'VANDEMOORTELE',NULL),(148,'MISSION FOODS',NULL),(149,'DAN CAKE',NULL),(150,'S.M. MOŁKI',NULL),(151,'GOLDSTEIG',NULL),(152,'IGOR',NULL),(153,'BRESCIALAT',NULL),(154,'MLEKOVITA',NULL),(155,'POLMLEK, WARMIA',NULL),(156,'O.S.M. W KOSOWIE LACKIM',NULL),(157,'U.H.M. JAROSŁAW MAJER',NULL),(158,'ZOTT',NULL),(159,'P.H.Z.S.M LACPOL',NULL),(160,'FOODCARE, GELLWE',NULL),(161,'O.S.M. W ŁOWICZU',NULL),(162,'UNILEVER, RAMA',NULL),(163,'SPOMLEK',NULL),(164,'MAĆKOWY',NULL),(165,'ŁACIATE',NULL),(166,'WARMIA',NULL),(167,'BIAŁE',NULL),(168,'ZAMBROWSKIE',NULL),(169,'ŁOWICKIE',NULL),(170,'ŁOWICZ',NULL),(171,'GOSTYŃ',NULL),(172,'ŁĄKOWE',NULL),(173,'KOŁCIAN',NULL),(174,'JAPAR',NULL),(175,'BAKALLAND',NULL),(176,'GOMAR',NULL),(177,'P.H.W. LEVANT, SANDRA',NULL),(178,'BONDUELLE',NULL),(179,'DIVELLA ',NULL),(180,'DELIZIA',NULL),(181,'DRIPOL',NULL),(182,'FANEX',NULL),(183,'KWIDZYN',NULL),(184,'AMINO',NULL),(185,'KNORR',NULL),(186,'WINIARY',NULL),(187,'STAR',NULL),(188,'MOTYL',NULL),(189,'ROLNIK',NULL),(190,'URBANEK',NULL),(191,'LASKOL',NULL),(192,'PRYMAT',NULL),(193,'SPOŁEM',NULL),(194,'HELLMAN\'S',NULL),(195,'ROLESKI',NULL),(196,'HEINZ',NULL),(197,'DEVELEY',NULL),(198,'OCETIX',NULL),(199,'KUHNE',NULL),(200,'SMAK',NULL),(201,'POLONAISE',NULL),(202,'MOSSO',NULL),(203,'PROVITUS',NULL),(204,'KRAKOWSKI KREDENS',NULL),(205,'SPICHLERZ',NULL),(206,'Z.P.H. PTAK',NULL),(207,'CIRIO',NULL),(208,'PRIMAVERA',NULL),(209,'PUDLISZKI',NULL),(210,'FIOR DI POMODORO',NULL),(211,'TOMATERA',NULL),(212,'UNCLE BENS',NULL),(213,'LUBELLA',NULL),(214,'SORENTI',NULL),(215,'DAWTONA',NULL),(216,'HELLMANN\'S',NULL),(217,'TAO-TAO',NULL),(218,'BLUE DRAGON',NULL),(219,'GRAND \' ITALIA',NULL),(220,'AGNESI',NULL),(221,'MONINI',NULL),(222,'MAD DOG',NULL),(223,'SAN MARCOS',NULL),(224,'VIFON',NULL),(225,'THAI HERITAGE',NULL),(226,'MASPEX, TYMBARK',NULL),(227,'TORTEX',NULL),(228,'MAKRO QUALITY',NULL),(229,'KAMIS',NULL),(230,'WŁOCŁAWEK',NULL),(231,'KOTLIN',NULL),(232,'MAILLE',NULL),(233,'DAGOMA',NULL),(234,'PRIMAECO',NULL),(235,'VILUX',NULL),(236,'BIOAVENA',NULL),(237,'Z.P.O. ZBYCH',NULL),(238,'CYKORIA',NULL),(239,'NESTLE, WINIARY',NULL),(240,'DR. OETKER',NULL),(241,'LALLEMAND',NULL),(242,'KOTANYI',NULL),(243,'VEGETA',NULL),(244,'KUCHAREK',NULL),(245,'MAGGI',NULL),(246,'PRYMAT, KUCHAREK',NULL),(247,'HUGLI FOOD',NULL),(248,'JAMAR',NULL),(249,'WARZYWKO',NULL),(250,'TYMBARK',NULL),(251,'BONNE MAMAN',NULL),(252,'PROSPONA',NULL),(253,'MIĘDZYCHÓD',NULL),(254,'STOVIT',NULL),(255,'MILEJÓW',NULL),(256,'AGROVITA',NULL),(257,'SORELLA',NULL),(258,'BATOM',NULL),(259,'ST.DALFOUR',NULL),(260,'MATERNE',NULL),(261,'OWOCOWA ROZKOSZ',NULL),(262,'STREAMLINE',NULL),(263,'SCANDIC FOOD',NULL),(264,'CENOS',NULL),(265,'POLSKIE MŁYNY',NULL),(266,'SONKO',NULL),(267,'SANTE',NULL),(268,'MAMUT',NULL),(269,'SEMAG',NULL),(270,'BENUS',NULL),(271,'TOSTA',NULL),(272,'KAJO',NULL),(273,'O\'SOLE',NULL),(274,'TINY SALT',NULL),(275,'GDAŃSKIE MŁYNY',NULL),(276,'BASIA',NULL),(277,'MŁYNY WODNE',NULL),(278,'BIO PLANET',NULL),(279,'MŁYNY SZCZEPANKI',NULL),(280,'UNCLE BEN\'S',NULL),(281,'PODRAVKA',NULL),(282,'RISO SCOTTI',NULL),(283,'POLRYZA',NULL),(284,'THAI HA',NULL),(285,'BRITTA',NULL),(286,'SOTTO',NULL),(287,'RANI',NULL),(288,'GOLDEN REIS',NULL),(289,'RV',NULL),(290,'SUGOI',NULL),(291,'HOUSE OF ASIA',NULL),(292,'DIAMANT',NULL),(293,'POLSKI CUKIER',NULL),(294,'DOLCETINO',NULL),(295,'ANIN',NULL),(296,'KRUGER',NULL),(297,'SWEETIE GOLD',NULL),(298,'SWEET TOP',NULL),(299,'MAXI SWEET',NULL),(300,'CUKIER KRÓLEWSKI',NULL),(301,'MAZETTI',NULL),(302,'A.E.R.',NULL),(303,'BELLEI',NULL),(304,'PONTI',NULL),(305,'MATMAR',NULL),(306,'GOCCIA D\'ORO',NULL),(307,'VENTURI',NULL),(308,'POPULARNY',NULL),(309,'SOLUCCI',NULL),(310,'FLORIOL',NULL),(311,'OLEO',NULL),(312,'RAPSO',NULL),(313,'RIZI',NULL),(314,'VOG',NULL),(315,'PAN MAX',NULL),(316,'OLFRYT PLUS',NULL),(317,'TOP Q',NULL),(318,'OLITALIA',NULL),(319,'SURINY',NULL),(320,'BASSO',NULL),(321,'WOH HUP',NULL),(322,'CAROTINO',NULL),(323,'LONGEVITY',NULL),(324,'SAN PIETRO',NULL),(325,'TROPICAL',NULL),(326,'VALSOIA',NULL),(327,'LA TOURANGELE',NULL),(328,'LA ESPANOLA',NULL),(329,'CARGILL',NULL),(330,'RAFAEL SALGADO',NULL),(331,'FANDLER',NULL),(332,'COSTA D\'ORO',NULL),(333,'EUROLEN',NULL),(334,'OLEOFARM',NULL),(335,'SEMCO',NULL),(336,'SALVADORI',NULL),(337,'VITOSAN',NULL),(338,'LA TORRE',NULL),(339,'LA PEDRIZIA',NULL),(340,'CARAPELLI',NULL),(341,'LA PRENSA',NULL),(342,'SPARTA ',NULL),(343,'ATLANTA',NULL),(344,'MELISSA',NULL),(345,'ABACO',NULL),(346,'BORGES',NULL),(347,'OLIVITAL',NULL),(348,'MARTINO',NULL),(349,'CARBONELL',NULL),(350,'GOYA',NULL),(351,'MUELOLIVA',NULL),(352,'LA PEDRIZA',NULL),(353,'ACETO BALSAMICO DEL LUCA',NULL),(354,'WADOWICKI',NULL),(355,'CASCINA VERDESOLE',NULL),(356,'MELISSA PRIMO GUSTO',NULL),(357,'GOLIARD',NULL),(358,'PASTA ZARA',NULL),(359,'TAO TAO',NULL),(360,'TOKYOTO',NULL),(361,'VERMICELLI',NULL),(362,'MEDITERRANEA',NULL),(363,'ABAK',NULL),(364,'BARILLA',NULL),(365,'ARRIGHI, DIVELLA',NULL),(366,'MAKARON STAROPOLSKI',NULL),(367,'SOLARE',NULL),(368,'MIĘSO I PRZETWORY MIĘSNE SŁAWOMIR KUPPER',NULL),(369,'P.C.M. K&K ',NULL),(370,'NESTEA',NULL),(371,'JUPIK',NULL),(372,'JUPI',NULL),(373,'JUPI MIX',NULL),(374,'CAPRIO',NULL),(375,'USTRONIANKA',NULL),(376,'GRAPPA',NULL),(377,'HAPPY FRUTI',NULL),(378,'HELLENA',NULL),(379,'JURAJSKA',NULL),(380,'GOBI',NULL),(381,'GRACJA',NULL),(382,'ZBYSZKO ',NULL),(383,'NATA',NULL),(384,'WOSANA',NULL),(385,'CYMES',NULL),(386,'HOOP',NULL),(387,'PEPSI',NULL),(388,'SLICE',NULL),(389,'SCHWEPPES',NULL),(390,'7 UP',NULL),(391,'MIRINDA',NULL),(392,'COCA COLA',NULL),(393,'SPRITE',NULL),(394,'FANTA',NULL),(395,'KINLEY',NULL),(396,'LIFT',NULL),(397,'OSHEE',NULL),(398,'MOUNTAIN DEW',NULL),(399,'ISOSTAR',NULL),(400,'POWERADE',NULL),(401,'4 MOVE',NULL),(402,'TIGER',NULL),(403,'BURN',NULL),(404,'BLACK',NULL),(405,'RED BULL',NULL),(406,'XL',NULL),(407,'GREEN UP',NULL),(408,'N-GINE',NULL),(409,'KICKER',NULL),(410,'BLIZZ',NULL),(411,'RIDERS',NULL),(412,'R20',NULL),(413,'DOBROWIANKA',NULL),(414,'KINGA PIENIŃSKA',NULL),(415,'MUSZYNA',NULL),(416,'KAZIMIERSKA',NULL),(417,'CISOWIANKA',NULL),(418,'NAŁĘCZÓW ZDRÓJ',NULL),(419,'STAROPOLANKA',NULL),(420,'SŁOWIANKA',NULL),(421,'NAŁĘCZOWIANKA',NULL),(422,'ARCTIC PLUS',NULL),(423,'MUSZYNIANKA',NULL),(424,'ŻYWIEC ZDRÓJ',NULL),(425,'NESTLE AQUAREL',NULL),(426,'KROPLA BESKIDU',NULL),(427,'KRYNICZANKA',NULL),(428,'PIWNICZANKA',NULL),(429,'OSTROMECKO',NULL),(430,'SAN PELLEGRINO',NULL),(431,'PERRIER',NULL),(432,'CRISTAL',NULL),(433,'VERONI MINERAL',NULL),(434,'VOLVITA',NULL),(435,'ARCTIC',NULL),(436,'KUBUŚ WATERR',NULL),(437,'AQUAREL',NULL),(438,'GÓRSKA NATURA',NULL),(439,'MAMA I JA',NULL),(440,'KROPLA MINERAŁÓW',NULL),(441,'EVIAN',NULL),(442,'ARCA NORTH',NULL),(443,'NATA AQUA',NULL),(444,'ACQUA PANNA',NULL),(445,'VITTEL',NULL),(446,'WIELKA PIENIAWA',NULL),(447,'MONIN',NULL),(448,'VIANDS CLEARY\'S',NULL),(449,'YO',NULL),(450,'PAOLA',NULL),(451,'CAPPY',NULL),(452,'FORTUNA',NULL),(453,'GRANINI',NULL),(454,'HORTEX',NULL),(455,'GARDEN',NULL),(456,'COSTA',NULL),(457,'KUBUŚ',NULL),(458,'FRUGO',NULL),(459,'PYSIO',NULL),(460,'TARCZYN',NULL),(461,'DR WITT',NULL),(462,'AVIKO',NULL),(463,'FRITAR',NULL),(464,'FARM FRITES',NULL),(465,'MCCAIN',NULL),(466,'OERMALNS',NULL),(467,'ALL - FISH',NULL),(468,'PHU EDAL',NULL),(469,'LIMITO',NULL),(470,'F.H.U. JAROSŁAW SIKORA',NULL),(471,'SWEDEPONIC',NULL),(472,'OGRODNICTWO TOMASZ CHEŁMIŃSKI',NULL),(473,'TAJFUN GRZEGORZ MŁYNARCZYK, MIOORTO',NULL),(474,'JERONIMO MARTENS',NULL),(475,'KOWALEWSKI',NULL),(476,'LEVANT / SANDRA',NULL),(477,'FELIKS',NULL),(478,'HERBY',NULL),(479,'OLE',NULL),(480,'KRAKUS',NULL),(481,'HUGLI FOOD / TUTTO GUSTO',NULL),(482,'FRUCTOS',NULL),(483,'OKECHAMP, OLE',NULL),(484,'BULERIAS',NULL),(485,'FIGARO',NULL),(486,'LA COSTENA',NULL),(487,'JOLCA',NULL),(488,'KNORR 1-2-3',NULL),(489,'OERLEMANS',NULL),(490,'ALMAR',NULL),(491,'DIJO',NULL),(492,'MASTER MARTINI',NULL),(493,'EUROGROUP',NULL),(494,'HOT SPOT',NULL),(495,'BAKELS',NULL),(496,'TERRAVITA',NULL),(497,'BAKE BAZA',NULL),(498,'WIEPOL',NULL),(499,'CARTE D\'OR',NULL),(500,'EXDROB',NULL),(501,'TARCZYŃSKI',NULL),(502,'JBB',NULL),(503,'NOWAK',NULL),(504,'BALCERZAK',NULL),(505,'TED',NULL),(506,'MORLINY',NULL),(507,'ZIMBO',NULL),(508,'DROBIMEX',NULL),(509,'GZELLA',NULL),(510,'DUDA',NULL),(511,'PROFI',NULL),(512,'WD',NULL),(513,'DROSED',NULL),(514,'PAMAPOL',NULL),(515,'AGROVITA, MISPOL',NULL),(516,'DR.OETKER',NULL),(517,'GELLWE',NULL),(518,'AGRO - WODZISŁAW',NULL),(519,'EMIX',NULL),(520,'HELIO',NULL),(521,'KRESTO',NULL),(522,'DOBRA KALORIA',NULL),(523,'BALVITEN',NULL),(524,'SCHULSTAD',NULL),(525,'KRUSZWICA',NULL),(526,'IGLOTEX',NULL),(527,'FROSTA',NULL),(528,'MAKÓW',NULL),(529,'BOLERO ORGANIC',NULL),(530,'NORDIS',NULL),(531,'POLTINO',NULL),(532,'DAUCY',NULL),(533,'SUPER FISH',NULL),(534,'DAL PESCA',NULL),(535,'JAWO',NULL),(536,'ELBRO',NULL),(537,'GRUBCIO',NULL),(538,'ROLMAX',NULL),(539,'IRMOS',NULL),(540,'POLSKIE JADŁO',NULL),(541,'ANITA',NULL),(542,'PYZA POLSKA',NULL),(543,'ALGIDA',NULL),(544,'GRYCAN',NULL),(545,'ZIELONA BUDKA',NULL),(546,'MYDIBEL',NULL),(547,'MC CAIN',NULL),(548,'SCHNE-FROST',NULL),(549,'CAMPINA',NULL),(550,'KRASNYSTAW',NULL),(551,'BAKOMA',NULL),(552,'DANONE',NULL),(553,'MLEKPOL',NULL),(554,'MULLER',NULL),(555,'OSM GARWOLIN',NULL),(556,'MALUTA',NULL),(557,'JOGO',NULL),(558,'FIGAND',NULL),(559,'BACHA',NULL),(560,'OSM CZARNKÓW',NULL),(561,'SM BIELUCH',NULL),(562,'TEMAR, BAUER',NULL),(563,'TEMAR, ANDECHSER',NULL),(564,'OBORY',NULL),(565,'JAGR',NULL),(566,'SM WRZEŚNIA',NULL),(567,'JOVI',NULL),(568,'TUREK',NULL),(569,'HOCHLAND',NULL),(570,'MSM MOŃKI',NULL),(571,'LAZUR',NULL),(572,'LACTIMA',NULL),(573,'TMT',NULL),(574,'ARLA',NULL),(575,'GALBANI',NULL),(576,'TEMAR, GROZETTE',NULL),(577,'WŁOSZCZOWA',NULL),(578,'SM PIASKI',NULL),(579,'PROMLECZ',NULL),(580,'CEKO',NULL),(581,'OSM SKIERNIEWICE',NULL),(582,'TEMAR, ZARPELLON',NULL),(583,'TEMAR, FRIESLANDCAMPINA',NULL),(584,'MAESTRELLA',NULL),(585,'EURIAL, PAYSAN BRETON',NULL),(586,'EURIAL, MAESTRELLA',NULL),(587,'ROTR',NULL),(588,'SM RYKI',NULL),(589,'MLEKOMA',NULL),(590,'PRESIDENT',NULL),(591,'OSM SIERPC',NULL),(592,'MAGDALENKA',NULL),(593,'ICC PASŁĘK',NULL),(594,'TEMAR, VALIO',NULL),(595,'TEMAR, VELDHUYZEN',NULL),(596,'TEMAR, EMMI',NULL),(597,'TEMAR, LES FROMAGERIES OCCITANES',NULL),(598,'TEMAR, IRISH DAIRY BOARD',NULL),(599,'TEMAR, KÄSEREI CHAMPIGNON',NULL),(600,'TEMAR, GARCIA BAQUERO',NULL),(601,'TEMAR, ERMITAGE',NULL),(602,'OSM KALISZ',NULL),(603,'EURIAL',NULL),(604,'EURIAL, CHABERT',NULL),(605,'TEMAR, ST. CLEMENS',NULL),(606,'TEMAR, IGOR',NULL),(607,'TEMAR, LES FROMAGERIES',NULL),(608,'TEMAR, GUILLOTEAU FROMAGERIE',NULL),(609,'TEMAR, MILLERET',NULL),(610,'TEMAR, FLECHARD',NULL),(611,'TEMAR, ALPENHAIN',NULL),(612,'TEMAR, BIRKENSTOCK',NULL),(613,'TEMAR, A-W',NULL),(614,'TEMAR, ZUEGER',NULL),(615,'EURIAL, MERCI CHEF!',NULL),(616,'EURIAL, LIGUEIL',NULL),(617,'EURIAL, GUSTINE',NULL),(618,'DR OETKER',NULL),(619,'PIĄTNICA',NULL),(620,'WIELUŃ',NULL),(621,'STARCO',NULL),(622,'MŁAWA',NULL),(623,'MLEKO LIPSKO',NULL),(624,'OSM SOKOŁÓW',NULL),(625,'LACPOL',NULL),(626,'OSM BIERUŃ',NULL),(627,'TEMAR, LATTE PUCCIO',NULL),(628,'TEMAR, BMI',NULL),(629,'TEMAR, EAST DAIRY',NULL),(630,'TEMAR, GARMO',NULL),(631,'TEMAR, SAEDAGER',NULL),(632,'TEMAR, MEVGAL',NULL),(633,'TEMAR, PADANIA ALIMENTI',NULL),(634,'TEMAR, JAGER',NULL),(635,'TEMAR, KASEMACHER',NULL),(636,'FERMY KOŹLAKIEWICZ',NULL),(637,'FERMY WOŹNIAK',NULL),(638,'FERMY BORKOWSKI',NULL),(639,'OLDAR',NULL),(640,'CZACHOROWSKI',NULL),(641,'REA TOMASZ KOWALCZYK',NULL),(642,'FERMY NIOSEK ZĄBKIEWICZ',NULL),(643,'CANDIA',NULL),(644,'ROBICO',NULL),(645,'OSM GRODZISK MAZOWIECKI',NULL),(646,'GREEK STYLE',NULL),(647,'JANA',NULL),(648,'TEMAR, OMIRA MILCH',NULL),(649,'TEMAR, CAMPINA',NULL),(650,'TEMAR',NULL),(651,'LURPAK',NULL),(652,'TEMAR, MONA',NULL),(653,'EURIAL, GRANDE FERMAGE',NULL),(654,'SOBIK',NULL),(655,'PIEKARNIA SZWAJCARSKA',NULL),(656,'HATTING',NULL),(657,'LANTMANNEN UNIBAKE, SKOGA',NULL),(658,'BRIDOR',NULL),(659,'DAUPHINE',NULL),(660,'PASTIDOR',NULL),(661,'PANESCO POLSKA',NULL),(662,'MISSION',NULL),(663,'SCANDINAVIAN',NULL),(664,'POCO LOCO',NULL),(665,'AZTECA',NULL),(666,'HOOLA',NULL),(667,'CASA FIESTA',NULL),(668,'MEXMA',NULL),(669,'TURKA',NULL),(670,'GOOD FOOD',NULL),(671,'WASA',NULL),(672,'ALCE NERO',NULL),(673,'SONNENTOR',NULL),(674,'RYVITA',NULL),(675,'CHABER',NULL),(676,'GRANEX',NULL),(677,'US TOST',NULL),(678,'BREAD PLANET',NULL),(679,'DAHLI',NULL),(680,'PROMCM',NULL),(681,'DELIFRANCE',NULL),(682,'FVZ',NULL),(683,'MBM',NULL),(684,'AVES',NULL),(685,'IZMIR',NULL),(686,'COOK BAZA',NULL),(687,'ROLDROB',NULL),(688,'EFES-POL',NULL),(689,'ALIBABA',NULL),(690,'SUWAŁKI ANIMEX',NULL),(691,'Famili Fish',NULL),(692,'Block House',NULL),(693,'Salomon Food World',NULL),(694,'SALOMON FOOD WOLRD',NULL),(695,'BRAVI',NULL),(696,'INDYKPOL',NULL),(697,'MAZURY ANIMEX - EŁK',NULL),(698,'ABEL',NULL),(699,'CATERING SYSTEM',NULL),(700,'SZTUDER',NULL),(701,'KONSPOL',NULL),(702,'ANIMEX',NULL),(703,'BECK',NULL),(704,'GOLDBERRY',NULL),(705,'HAPPY FRUCHT',NULL),(706,'HELCOM',NULL),(707,'AFRODYTA',NULL),(708,'CREDIN',NULL),(709,'COOK BAZA/ZENTIS',NULL),(710,'LA PERLA SUPERIORE',NULL),(711,'VORTUMNUS',NULL),(712,'EKOM',NULL),(713,'PURE FOOD',NULL),(714,'AMBER',NULL),(715,'CARLSBERG OKOCIM',NULL),(716,'GRUPA ŻYWIEC',NULL),(717,'KOMPANIA PIWOWARSKA',NULL),(718,'NAMYSŁÓW',NULL),(719,'PERŁA LUBLIN',NULL),(720,'VAN PUR',NULL),(721,'IMPRESS',NULL),(722,'POKARM ŻYCIA',NULL),(723,'SEDAR',NULL),(724,'KONKRET',NULL),(725,'LASCHORI',NULL),(726,'SKARE MEAT PACKERS',NULL),(727,'RARI FOOD',NULL),(728,'BIERNACKI',NULL),(729,'DANISH FOOD',NULL),(730,'BEEF ONLINE',NULL),(731,'S. KUPPER',NULL),(732,'VIVI',NULL),(733,'ROSENGARTEN',NULL),(734,'FITELLA',NULL),(735,'DORSET CEREALS',NULL),(736,'TEMAR, VALCREST',NULL),(737,'TEMAR, SEVRE & BELLE',NULL),(738,'TEMAR, BRYNDZIAREŇ A SYRẤREŇ',NULL),(739,'TEMAR, JACQUIN',NULL),(740,'TEMAR, KÄSEMACHER',NULL),(741,'EURIAL, SOIGNON',NULL),(742,'EURIAL, GRECO',NULL),(743,'producent',NULL),(744,'Ktoś',NULL),(745,'Kuchcik',NULL),(746,'Elma',NULL),(747,'Kościan',NULL),(748,'eee',NULL),(749,'producent wpisany',NULL),(750,'aleco',NULL),(751,'22',NULL),(752,'d3d3d',NULL),(753,'211',NULL),(754,'Producent',NULL),(755,'producxe',NULL),(756,'producxe',NULL),(757,'test',NULL),(758,'Spox',NULL),(759,'3d3ed3dd',NULL),(760,'dededed',NULL),(761,'d2e3',NULL),(762,'eded',NULL),(763,'211',NULL),(764,'1212',NULL),(765,'sqssq',NULL),(766,'vfvfvfv',NULL),(767,'Kwidzyn',NULL),(768,'???',NULL),(769,'rada',NULL),(770,'ffff',NULL),(771,'BACARDI - MARTINI',NULL),(772,'POLMOS BIAŁYSTOK',NULL),(773,'BROWN - FORMAN',NULL),(774,'GRUPA ŻYWIEC',NULL),(775,'NAMYSŁAW',NULL),(776,'PERŁA LUBLIN',NULL),(777,'JANTOŃ',NULL),(778,'POLMOS BIELSKO - BIAŁA',NULL),(779,'DĘBOWA POLSKA',NULL),(780,'ATLANTA POLAND',NULL),(781,'AGRO - WODZISŁAW',NULL),(782,'IGLOTEX, KUCHCIK',NULL),(783,'OSCAR',NULL),(784,'CUKIER KRÓLEWSKI',NULL),(785,'TRADIS',NULL),(786,'ŁOWICZ',NULL),(787,'UBENA',NULL),(788,'AIOLI PRODAC',NULL),(789,'KAZIMIERZ WASILEWSKI',NULL),(790,'CZAPLIN',NULL),(791,'BOWIKA',NULL),(792,'ALSA',NULL),(793,'KROS',NULL),(794,'VERA',NULL),(795,'GINOS',NULL),(796,'CALLEBAUT',NULL),(797,'LA FESTA',NULL),(798,'BARIMA ARTISANAL',NULL),(799,'ELITE CAFE',NULL),(800,'GOLDEN CIOC',NULL),(801,'MILKA',NULL),(802,'DECO MORRENO',NULL),(803,'JUTRZENKA COLIAN',NULL),(804,'FERRERO POLSKA ',NULL),(805,'CAPRIMO',NULL),(806,'BARBARA LUIJCKX',NULL),(807,'POLSKIE MŁYNY',NULL),(808,'WŁOCŁAWEK',NULL),(809,'SPOŁEM',NULL),(810,'MALTER',NULL),(811,'ZŁOTY BAŻANT',NULL),(812,'RUMMO LENTA',NULL),(813,'REY',NULL),(814,'GDAŃSKIE MŁYNY',NULL),(815,'MŁYNY WODNE',NULL),(816,'MŁYNY SZCZEPANKI',NULL),(817,'POLDER',NULL),(818,'KOMPLET',NULL),(819,'EUROHANSA',NULL),(820,'BRAUN',NULL),(821,'PURATOS',NULL),(822,'ECOTRADE',NULL),(823,'REYPOL',NULL),(824,'CARANDINI',NULL),(825,'UNIFET',NULL),(826,'DELIZIO',NULL),(827,'OLMAJ',NULL),(828,'ELSTAR OILS S.A.',NULL),(829,'MARLIBO',NULL),(830,'NASZ OLEJ',NULL),(831,'PIETRO CORICELLI',NULL),(832,'URZANTE',NULL),(833,'FONTOLIVA',NULL),(834,'MASTR\'OLIVO',NULL),(835,'DECOR LUX',NULL),(836,'HORECA SERVICE',NULL),(837,'SEVI',NULL),(838,'CONFEX',NULL),(839,'MAKMAR-PAK',NULL),(840,'KELLOGG\'S',NULL),(841,'BIO FOOD',NULL),(842,'WURZKONIG',NULL),(843,'BARTNIK SĄDECKI',NULL),(844,'PPHU RYDEĹKO',NULL),(845,'SOLINO',NULL),(846,'TAN VIET',NULL),(847,'AMI',NULL),(848,'SUWAŁKI ANIMEX',NULL),(849,'TARCZYĹSKI',NULL),(850,'SOKOŁÓW',NULL),(851,'FAMA',NULL),(852,'IGLOTEX, CHŁODNIA GRUDZIĄDZ',NULL),(853,'WILBO',NULL),(854,'VICIUNAI',NULL),(855,'IGLOPORT',NULL),(856,'MASZ LĄD',NULL),(857,'WARMEX',NULL),(858,'DANEX',NULL),(859,'POLSKIE JADŁO',NULL),(860,'MAXTOP',NULL),(861,'RUN',NULL),(862,'NORIS',NULL),(863,'JANTEX',NULL),(864,'RUDOPAL',NULL),(865,'AIM GALICA',NULL),(866,'MAŁE CO NIECO',NULL),(867,'FANTASY FOOD',NULL),(868,'BONI CROISSANT',NULL),(869,'MAĆKOWY',NULL),(870,'OSM CZARNKÓW',NULL),(871,'U.H.M. JAROSŁAW MAJER',NULL),(872,'FERMY KOŹLAKIEWICZ',NULL),(873,'FERMY WOŹNIAK',NULL),(874,'FERMY NIOSEK ZĄBKIEWICZ',NULL),(875,'WŁOSZCZOWA',NULL),(876,'GOSTYŃ',NULL),(877,'SM WRZEŚNIA',NULL),(878,'OSM SOKOŁÓW',NULL),(879,'MSM MOŃKI',NULL),(880,'CSM POLSKA',NULL),(881,'RAMA',NULL),(882,'MASMAL',NULL),(883,'ELLE&VIRE',NULL),(884,'KERRYGOLD',NULL),(885,'OSM BIERUŃ',NULL),(886,'ICC PASŁĘK',NULL),(887,'STRUTTO VASCHETTA',NULL),(888,'O.S.M. W ŁOWICZU',NULL),(889,'MŁAWA',NULL),(890,'NAŁĘCZÓW ZDRÓJ',NULL),(891,'SŁOWIANKA',NULL),(892,'NAŁĘCZOWIANKA',NULL),(893,'ŻYWIEC ZDRÓJ',NULL),(894,'GÓRSKA NATURA',NULL),(895,'KROPLA MINERAŁÓW',NULL),(896,'KUBUŚ',NULL),(897,'KUBUŚ WATERR',NULL),(898,'NOWAKOWSKI',NULL),(899,'PANESCO',NULL),(900,'PASTRIDOR',NULL),(901,'FORNETTI',NULL),(902,'PARTNER-BACK',NULL),(903,'LOT CATERING',NULL),(904,'MUFFINESKA',NULL),(905,'LA DONATELLA',NULL),(906,'ERLENBACHER-BACKWAREN',NULL),(907,'D.SIDOLI&SON',NULL),(908,'BENDIK\'S',NULL),(909,'CHEESECAKE',NULL),(910,'ALMONDY',NULL),(911,'AKO',NULL),(912,'KAMPFMEYER',NULL),(913,'BAKEMARK',NULL),(914,'PFAHNL',NULL),(915,'UNIFERM',NULL),(916,'GHM',NULL),(917,'SEMIX PLUSO',NULL),(918,'ADRIA',NULL),(919,'ROYAN',NULL),(920,'SINNACK',NULL),(921,'AAKERMAN',NULL),(922,'FRED',NULL),(923,'VICI ',NULL),(924,'VIGILANTE',NULL),(925,'ROYAL CASTLE',NULL),(926,'POLARICA',NULL),(927,'ABRAMCZYK',NULL),(928,'TRITON',NULL),(929,'UHRENHOLT',NULL),(930,'THALASSA SEAFOODS',NULL),(931,'ALL - FISH',NULL),(932,'LISNER',NULL),(933,'BISMAR',NULL),(934,'GOĹCINIEC',NULL),(935,'SUPERFISH',NULL),(936,'DAREX',NULL),(937,'DEGA',NULL),(938,'GASTER',NULL),(939,'KAPITAN NAVI',NULL),(940,'MIRKO',NULL),(941,'MIWA',NULL),(942,'PRORYB',NULL),(943,'SALDOGA',NULL),(944,'NORDFISH',NULL),(945,'STATESMAN',NULL),(946,'PRINCES',NULL),(947,'PROFOOD/SIBLOU',NULL),(948,'SALMAR',NULL),(949,'CASTELMAR',NULL),(950,'DORYB',NULL),(951,'MARE FOODS',NULL),(952,'NAUTIC SEAFOOD',NULL),(953,'NORD CAPITAL',NULL),(954,'PAULA - TRANS',NULL),(955,'POLEX',NULL),(956,'TRANS - MER',NULL),(957,'WALDI',NULL),(958,'SUEMPOL',NULL),(959,'F.H.U. JAROSŁAW SIKORA',NULL),(960,'POKARM ŻYCIA',NULL),(961,'TAJFUN GRZEGORZ MŁYNARCZYK, MIOORTO',NULL);

--
-- Table structure for table `products`
--

CREATE TABLE `products` (
  `id_products` int(10) unsigned NOT NULL AUTO_INCREMENT,
  `id_producer` int(10) unsigned DEFAULT NULL,
  `name` varchar(255) DEFAULT NULL,
  `description` text,
  `quantity` mediumint(9) unsigned DEFAULT '0',
  `package` mediumint(9) DEFAULT NULL,
  `ordered` mediumint(8) unsigned DEFAULT '0',
  `garmatura` int(10) unsigned DEFAULT NULL,
  `garmatura_type` enum('ml','g','szt') DEFAULT NULL,
  `vat` tinyint(4) DEFAULT NULL,
  `enable` enum('on','off') DEFAULT NULL,
  `recommended` enum('on','off') DEFAULT NULL,
  `typ` enum('real','virtual') NOT NULL DEFAULT 'real',
  PRIMARY KEY (`id_products`)
) ENGINE=InnoDB AUTO_INCREMENT=105 DEFAULT CHARSET=latin2;

--
-- Dumping data for table `products`
--

INSERT INTO `products` VALUES (1,0,'Produkt testowy444444444444','<p>opis</p>',0,NULL,0,NULL,NULL,NULL,'off','on','real'),(9,0,'dcvf111111111111111111111111','<p>dsfsdf</p>',0,NULL,0,NULL,NULL,NULL,'','on','real'),(10,0,'ewrwer','<p>werwerwer</p>',0,NULL,0,NULL,NULL,NULL,'','on','real'),(11,0,'ewrwer','<p>werwerwer</p>',0,NULL,0,NULL,NULL,NULL,'','on','real'),(12,0,'ewrwer','<p>werwerwer</p>',0,NULL,0,NULL,NULL,NULL,'','on','real'),(13,0,'ewrwer','<p>werwerwer</p>',0,NULL,0,NULL,NULL,NULL,'','on','real'),(14,0,'ewrwer','<p>werwerwer</p>',0,NULL,0,NULL,NULL,NULL,'','on','real'),(15,0,'ewrwer','<p>werwerwer</p>',0,NULL,0,NULL,NULL,NULL,'','on','real'),(16,0,'tetetetete','<p>xcvxcv</p>',0,NULL,0,NULL,NULL,NULL,'','on','real'),(18,0,'qqqqqqqqqqqq123','<p>qqqqqqqqqqqqqqqqqqq</p>',0,NULL,0,NULL,NULL,NULL,'','on','real'),(19,NULL,NULL,NULL,0,NULL,0,NULL,NULL,NULL,'off',NULL,'real'),(20,NULL,NULL,NULL,0,NULL,0,NULL,NULL,NULL,'off',NULL,'real'),(21,8,'produkt kolejny','<p>Lorem ipsum dolor sit amet, consectetur adipisicing elit, sed do eiusmod tempor incididunt ut labore et dolore magna aliqua. Ut enim ad minim veniam, quis nostrud exercitation ullamco laboris nisi ut aliquip ex ea commodo consequat. Duis aute irure dolor in reprehenderit in voluptate velit esse cillum dolore eu fugiat nulla pariatur. Excepteur sint occaecat cupidatat non proident, sunt in culpa qui officia deserunt mollit anim id est laborum.</p>',0,NULL,0,NULL,NULL,NULL,'','on','real'),(24,3,'produkt technika','<p>opis</p>',0,NULL,0,NULL,NULL,NULL,'','on','real'),(30,28,'ROTHENBERGER R 600','<p>Lorem ipsum dolor sit amet, consectetuer adipiscing elit, sed diam nonummy nibh euismod tincidunt ut laoreet dolore magna aliquam erat volutpat. Ut wisi enim ad minim veniam, quis nostrud exerci tation ullamcorper suscipit lobortis nisl ut aliquip ex ea commodo consequat. Duis autem vel eum iriure dolor in hendrerit in vulputate velit esse molestie consequat, vel illum dolore eu feugiat nulla facilisis at vero eros et accumsan et iusto odio dignissim qui blandit praesent luptatum zzril delenit augue duis dolore te feugait nulla facilisi. Nam liber tempor cum soluta nobis eleifend option congue nihil imperdiet doming id quod mazim placerat facer possim assum.</p>',0,NULL,0,NULL,NULL,NULL,'',NULL,'real'),(41,0,'test2','',0,NULL,0,NULL,NULL,NULL,'',NULL,'real'),(53,28,'ROKLIMA PLUS 4F','<p>Lorem ipsum dolor sit amet, consectetuer adipiscing elit, sed diam nonummy nibh euismod tincidunt ut laoreet dolore magna aliquam erat volutpat.</p>',0,NULL,0,NULL,NULL,NULL,'',NULL,'real'),(55,28,'SANIFRESH','<p>Lorem ipsum dolor sit amet, consectetuer adipiscing elit, sed diam nonummy nibh euismod tincidunt ut laoreet dolore magna aliquam erat volutpat.</p>',0,NULL,0,NULL,NULL,NULL,'',NULL,'real'),(59,27,'Gwintownica ręczna Rems Eva','<p style=\"text-align: justify;\"><em>Wyjątkowo lekkie wejście w materiał i gwintowanie. Dźwignia z zapadką ze stali, grubo powleczona tworzywem. Tylko jeden rodzaj szybkowymiennych głowic gwintujących. Niezniszczalne wysokiej jakości noże gwintujące.</em></p>\n<p style=\"text-align: justify;\"></p>\n<p style=\"text-align: justify;\"><em><strong>Zalety systemu</strong></em></p>\n<p style=\"text-align: justify;\"><em>Duży zakres gwintowania do 1&frac14;&rdquo; przy pomocy tej samej dźwigni z zapadką, jednego rodzaju małych zwartych szybkowymiennych głowic gwintujących i jednego rodzaju noży gwintujących. Te same szybkowymienne głowice gwintujące pasują r&oacute;wnież do wszystkich gwintownic Firmy REMS oraz niekt&oacute;rych innych producent&oacute;w. Ułatwia to utrzymanie taniego zaplecza narzędziowego oraz wyklucza pomyłkę przy pracy.</em></p>\n<p style=\"text-align: justify;\"></p>\n<p style=\"text-align: justify;\"><em><strong>Dźwignia z zapadką</strong></em></p>\n<p style=\"text-align: justify;\"><em>Wyjątkowo stabilna. Dźwignia ze stali, powleczona grubo tworzywem sztucznym, sprawia pracę przyjemną. Szorstki, odporny na uderzenia uchwyt z tworzywa sztucznego, wygodny do trzymania. Proste przestawianie kierunku pracy. Doskonałe, pewne mocowanie głowic szybkowymiennych zapewniające szybkie wkładanie i wyjmowanie głowic.</em></p>\n<p style=\"text-align: justify;\"></p>\n<p style=\"text-align: justify;\"><em><strong>Głowice szybkowymienne</strong></em></p>\n<p style=\"text-align: justify;\"><em>Niezawodna technika, wysokiej jakości materiał i precyzyjna obr&oacute;bka głowicy, noży gwintujących i pokrywy w celu uzyskania zwartej całości gwarantują bardzo łatwe wejście w materiał i gwintowanie. Noże nie wrzynają się w materiał. Długie precyzyjne prowadzenie rury zapewnia jej dokładne centryczne ułożenie. Duże, prowadzące na zewnątrz otwory, zapewniają swobodne odprowadzenie wi&oacute;r&oacute;w a przez to gwarantują czysty gwint.</em></p>\n<p style=\"text-align: justify;\"></p>\n<p style=\"text-align: justify;\"><em><strong>Noże gwintujące</strong></em></p>\n<p style=\"text-align: justify;\"><em>Niezawodne, niezniszczalne, wysokiej jakości noże gwintujące REMS z optymalną geometrią, gwarantują bardzo łatwe wejście w materiał, lekkie gwintowanie i czyste gwinty. Wykonane są z odpornej na obciążenia, specjalnie hartowanej stali zapewniającej wyjątkowo długą ich żywotność.</em></p>\n<p style=\"text-align: justify;\"></p>\n<p style=\"text-align: justify;\"><em>Dostępne w wielu konfiguracjach do r&oacute;żnych średnic.</em></p>',0,NULL,0,NULL,NULL,NULL,'','on','real'),(60,27,'Gwintownica ręczna Rems Amigo do 1.1/4','<p style=\"text-align: justify;\"><em><strong>Zalety systemu</strong></em></p>\n<p style=\"text-align: justify;\"><em>Tylko jeden rodzaj małych, zwartych szybkowymiennych głowic gwintujących i tylko jeden rodzaj noży gwintujących dla wszystkich gwintownic REMS. Ułatwia to utrzymanie taniego zaplecza narzędziowego oraz wyklucza pomyłkę przy pracy.</em></p>\n<p style=\"text-align: justify;\"></p>\n<p style=\"text-align: justify;\"><em><strong>Uchwyt prowadzący</strong></em></p>\n<p style=\"text-align: justify;\"><em>Stabilny, łatwy w użyciu uchwyt prowadzący do mocowania dla moment&oacute;w obrotowych w obydwuch kierunkach obrot&oacute;w. Pewne mocowanie przez skośne ułożenie trzpienia unieruchamiającego ze wzmacniającym się dociskiem. Wyjątkowo łatwe mocowanie gwintownicy oraz rury w uchwycie.</em></p>\n<p style=\"text-align: justify;\"></p>\n<p style=\"text-align: justify;\"><em><strong>Konstrukcja</strong></em></p>\n<p style=\"text-align: justify;\"><em>Zwarta, mocna sprawdzająca się na budowie, wszędzie się mieści. R&oacute;wnież bez imadła. Smukły kształt, ułatwia pracę w trudno dostępnych miejscach. Napęd tylko 3,5 kg. Dobrze wyważona, dlatego można ją obsługiwać r&oacute;wnież jedną ręką. Doskonałe pewne mocowanie głowic szybkowymiennych.</em></p>\n<p style=\"text-align: justify;\"></p>\n<p style=\"text-align: justify;\"><em><strong>Napęd</strong></em></p>\n<p style=\"text-align: justify;\"><em>Stabilna, zwarta, bezobsługowa przekładnia. Mocny, odporny 1200 W silnik uniwersalny z 30 % zwiększeniem mocy poprzez automatyczne przestawienie szczotek przy zmianie kierunku obrot&oacute;w. Pob&oacute;r szczytowy do 1800 W. Szybkie nacinanie gwint&oacute;w 35&ndash;27 &sup1;/min. Bezpieczny włącznik impulsowy.</em></p>',0,NULL,0,NULL,NULL,NULL,'','on','real'),(61,27,'Gwintownica ręczna Rems Amigo 2','<p><em>Elektryczna gwintownica ręczna z szybkowymiennymi głowicami do gwint&oacute;w rurowych do 2\" w metalowej skrzynce.</em></p>\n<p></p>\n<p><em><strong>Zalety systemu</strong></em></p>\n<p><em>Tylko jeden rodzaj małych, zwartych szybkowymiennych głowic gwintujących i tylko jeden rodzaj noży gwintujących dla wszystkich gwintownic REMS. Ułatwia to utrzymanie taniego zaplecza narzędziowego oraz wyklucza pomyłkę przy pracy.</em></p>\n<p></p>\n<p><em><strong>Uchwyt prowadzący</strong></em></p>\n<p><em>Stabilny, łatwy w użyciu uchwyt prowadzący do mocowania dla moment&oacute;w obrotowych w obydwu kierunkach obrot&oacute;w. Pewne mocowanie przez skośne ułożenie trzpienia unieruchamiającego ze wzmacniającym się dociskiem. Wyjątkowo łatwe mocowanie gwintownicy oraz rury w uchwycie.</em><br /><br /></p>\n<p><em><strong>Konstrukcja</strong></em></p>\n<p><em>Zwarta, mocna sprawdzająca się na budowie, wszędzie się mieści. R&oacute;wnież bez imadła. Smukły kształt, ułatwia pracę w trudno dostępnych miejscach. Napęd tylko 6,5 kg. Doskonałe, pewne mocowanie głowic szybkowymiennych.</em></p>\n<p></p>\n<p><em><strong>Napęd</strong></em></p>\n<p><em>Stabilna, zwarta, bezobsługowa przekładnia. Mocny, odporny 1700 W silnik uniwersalny z 30% zwiększeniem mocy poprzez automatyczne przestawienie szczotek przy zmianie kierunku obrot&oacute;w. Szybkie nacinanie gwint&oacute;w 30&ndash;18 &sup1;/min. Bezpieczny włącznik impulsowy.</em></p>\n<p></p>\n<p><em><strong>Głowice szybkowymienne</strong></em></p>\n<p><em>Niezawodna technika, wysokiej jakości materiał i precyzyjna obr&oacute;bka głowicy, noży gwintujących i pokrywy w celu uzyskania zwartej całości gwarantują bardzo łatwe wejście w materiał i gwintowanie. Noże nie wrzynają się w materiał. Długie precyzyjne prowadzenie rury zapewnia jej dokładnie centryczne ułożenie. Duże, prowadzące na zewnątrz otwory, zapewniają swobodne odprowadzenie wi&oacute;r&oacute;w, a przez to gwarantują czysty gwint.</em></p>\n<p></p>\n<p><em><strong>Noże gwintujące</strong></em></p>\n<p><em>Niezawodne, niezniszczalne, wysokiej jakości noże gwintujące REMS z optymalną geometrią, gwarantują bardzo łatwe wejście w materiał, lekkie gwintowanie i czyste gwinty. Wykonane są z odpornej na obciążenia, specjalnie hartowanej stali zapewniającej wyjątkowo długą ich żywotność.</em></p>',0,NULL,0,NULL,NULL,NULL,'','on','real'),(62,27,'Gwintownica do rur Rems Magnum do 2','<p><em><strong>Zasada działania</strong></em></p>\n<p><em>Obracający się materiał &ndash; nieruchome narzędzie.</em></p>\n<p></p>\n<p><em><strong>Konstrukcja</strong></em></p>\n<p><em>Silna, zwarta, ustawna konstrukcja. Niewielkie wymiary, niewielka masa: REMS Tornado 2000 komplet tylko 50 kg. Duża przestrzeń robocza i pojemnik na wi&oacute;ry. Regulowana podpora materiału. Dwa wykonania:</em></p>\n<p><em>&ndash; wykonanie przenośne na 3 nogach, z odpinaną, dużą wanną olejową i miską na wi&oacute;ry. &ndash; wykonanie T z zespoloną, większą wanną olejową i pojemnikiem na wi&oacute;ry, do ustawienia na stole. Podstawa stała lub w&oacute;zek jezdny z miejscem na odłożenie materiału, do łatwego transportu, o optymalnej wysokości pracy, stabilny, jako osprzęt.</em></p>\n<p></p>\n<p><em><strong>Napęd</strong></em></p>\n<p><em>Niezwykle silny i szybki np.: gwint 2&rdquo; tylko 15s. Przekładnia całkowicie bezobsługowa w zamkniętej kąpieli olejowej. Wysokosprawny silnik uniwersalny, 1700 W, ochrona przed przeciążeniem, szybkość obrot&oacute;w 53 &sup1;/min. Dwie prędkości obrot&oacute;w 52 i 26 &sup1;/min., r&oacute;wnież pod pełnym obciążeniem. Bardzo cicha praca. Wygodny w użyciu, nożny wyłącznik bezpieczeństwa z przyciskiem awaryjnym, dwustopniowy, dzięki temu w czasie pracy obciążany całym ciężarem ciała.</em></p>\n<p></p>\n<p><em><strong>Automatyczny uchwyt zaciskowy</strong></em></p>\n<p><em>Dwa automatyczne uchwyty zaciskowe z samocentrującymi się szczękami mocującymi. Szybko i z łatwością mocują i luzują materiał. Uchwyty samozaciskowe zapewniają maksymalną siłę mocowania.</em></p>\n<p></p>\n<p><em><strong>Automatyczne smarowanie i chłodzenie</strong></em></p>\n<p><em>Silna, niezawodna pompa z dużą wydajnością tłoczenia. Optymalne wielostronne prowadzenie środka do gwintowania przez głowicę gwintującą dokładnie na miejsce gwintowania gwarantuje czyste gwinty i długą trwałość noży gwintujących, przekładni i silnika.</em></p>\n<p></p>\n<p><em><strong>Automatyczna głowica uniwersalna</strong></em></p>\n<p><em>Tylko jedna automatyczna głowica uniwersalna do wszystkich gwint&oacute;w, r&oacute;wnież długich; automatycznie otwierająca się - z automatyką długości gwintu do gwint&oacute;w stożkowych. Szybkie, łatwe nastawianie rozmiaru gwintu. Przejrzysta skala gwint&oacute;w. Łatwa i szybka zmiana noży gwintujących dzięki ich pozycjonowaniu w części mocującej.</em></p>\n<p></p>\n<p><em><strong>Noże gwintujące</strong></em></p>\n<p><em>Niezawodne, niezniszczalne, wysokiej jakości noże gwintujące REMS z optymalną geometrią, gwarantują bardzo łatwe wejście w materiał, lekkie gwintowanie i czyste gwinty. Wykonane są z odpornej na obciążenia, specjalnie hartowanej stali zapewniającej wyjątkowo długą ich żywotność.</em></p>\n<p></p>\n<p><em><strong>Obcinak do rur</strong></em></p>\n<p><em>Samocentrujący. Stabilny kabłąk z kutej stali. Ergonomiczny, szeroki uchwyt do mocnego docisku wrzeciona. Specjalnie hartowane k&oacute;łko tnące z niezawodnej, ciągliwo -twardej stali nożowej zapewnia długą trwałość.</em></p>\n<p></p>\n<p><em><strong>Gratownik wewnętrzny</strong></em></p>\n<p><em>Stabilne, łatwe w obsłudze urządzenie gratujące ze zmienną pozycją gratowania. Specjalnie hartowane i obrobione ostrze gwarantuje lekkie ogratowanie i wyjątkowo długą trwałość. Dwa ostrza do optymalnego odcinania gratu, szczeg&oacute;lnie przy małych średnicach rur.</em></p>\n<p></p>\n<p><em><strong>Zakres dostawy</strong></em></p>\n<p><em>REMS Tornado. Maszyna do gwintowania. Gwinty rurowe (1/16) ? &ndash; 2&rdquo;, 16 &ndash; 63 mm, gwinty sworzniowe (6) 10 &ndash; 60 mm, &frac14; &ndash; 2&rdquo;. Bezobsługowa przekładnia, nożny wyłącznik bezpieczeństwa z wył. awaryjnym, dwa automatyczne uchwyty zaciskowe, automatyczne smarowanie i chłodzenie. Z zestawem narzędziowym w skład kt&oacute;rego wchodzi jedna automatycznie otwierająca się głowica uniwersalna do wszystkich gwint&oacute;w, r&oacute;wnież długich, z automatyką długości gwintu dla gwint&oacute;w stożkowych, noże do stożkowych gwint&oacute;w rurowych ISO 7-1, DIN EN 10226 (DIN 2999, BSPT) R &frac12; &ndash; &frac34; i R 1 &ndash; 2 prawe, obcinak do rur, urządzenie do gratowania wewnętrznego, dźwignia dociskowa, regulowana podpora do materiału. Wykonanie przenośne na 3 nogach z odpinaną, dużą wanną olejową i miską na wi&oacute;ry. Wykonanie T z zespoloną, większą wanną olejową i miską na wi&oacute;ry, do ustawienia na stole, podstawa stała lub w&oacute;zek jezdny z miejscem na odłożenie materiału.</em></p>\n<p></p>\n<p><em>Dostepne w kilku wersjach silnikowych i wyposażenia.</em></p>',0,NULL,0,NULL,NULL,NULL,'','on','real'),(63,27,'Gwintownica do rur REMS Magnum do 3','<p><em>Silna, zwarta, bardzo sprawna maszyna do gwintowania, obcinania, gratowania, gwintowania kr&oacute;ćc&oacute;w, wyoblania. Do instalacji, zakład&oacute;w ślusarskich, zakład&oacute;w produkcyjnych. Na plac budowy i do warsztatu.</em></p>\n<p></p>\n<p><em>Wybitnie okrągłe i czyste gwinty do 3\" dzięki 5 nożom gwintującym.</em></p>\n<p></p>\n<p><em><strong>Zasada działania</strong></em></p>\n<p><em>Obracający się materiał &ndash; nieruchome narzędzie.</em></p>\n<p></p>\n<p><em><strong>Konstrukcja</strong></em></p>\n<p><em>Silna, zwarta, ustawna konstrukcja. Niewielkie wymiary, niewielka waga np. REMS Magnum 3000 L-T tylko 79 kg. Duża przestrzeń robocza i pojemnik na wi&oacute;ry. Miejsce na odłożenie narzędzi. Dwa wykonania:</em></p>\n<p><em>&ndash; wykonanie lekkie L-T z odejmowaną dużą wanną olejową i miską na wi&oacute;ry. &ndash; wykonanie T z zespoloną większą wanną olejową i miską na wi&oacute;ry, na st&oacute;ł warsztatowy. Podstawa lub w&oacute;zek jezdny z miejscem na odłożenie materiału, do łatwego transportu, o optymalnej wysokości pracy, stabilny, jako osprzęt.</em></p>\n<p></p>\n<p><em><strong>Napęd</strong></em></p>\n<p><em>Niezwykle silny i szybki. Przekładnia całkowicie bezobsługowa w zamkniętej kąpieli olejowej. &ndash; wysokosprawny silnik uniwersalny, 1700 W, ochrona przed przeciążeniem, szybkość obrot&oacute;w 23 &sup1;/min. Wygodny w użyciu, nożny wyłącznik bezpieczeństwa z przyciskiem awaryjnym, dwustopniowy, dzięki temu w czasie pracy obciążany całym ciężarem ciała.</em></p>\n<p></p>\n<p><em><strong>Uchwyt zaciskowy</strong></em></p>\n<p><em>Niezawodne, szybkozaciskowe uchwyty uderzeniowe z zaciskiem samowzmacniającym się. Wyklucza to poślizg rury. Duży odstęp pomiędzy uchwytem zaciskowym i uchwytem centrującym zapewnia pewne mocowanie długich rur. Tylny uchwyt centrujący utrzymuje materiał w prawidłowej pozycji.</em></p>\n<p></p>\n<p><em><strong>Automatyczne smarowanie i chłodzenie</strong></em></p>\n<p><em>Silna, niezawodna pompa z dużą wydajnością tłoczenia. Optymalne, wielostronne prowadzenie środka do gwintowania przez głowicę gwintującą, dokładnie na miejsce gwintowania gwarantuje czyste gwinty i długą trwałość noży gwintujących, przekładni i silnika.</em></p>\n<p></p>\n<p><em><strong>Automatyczna głowica uniwersalna</strong></em></p>\n<p><em>Tylko po 1 automatycznej głowicy uniwersalnej dla 1/16 &ndash; 2\" i dla 2&frac12; &ndash; 3\" do wszystkich gwint&oacute;w, r&oacute;wnież długich - automatycznie otwierającej się - z automatyką długości gwintu do gwint&oacute;w stożkowych. 5 noży gwintujących 2&frac12; &ndash; 3\" powoduje właściwe rozłożenie siły cięcia na rurze, co zapewnia okrągłe i czyste gwinty. Szybkie, łatwe nastawianie rozmiaru gwintu. Przejrzysta skala gwint&oacute;w. Łatwa i szybka zmiana noży gwintujących dzięki ich pozycjonowaniu w części mocującej.</em></p>\n<p></p>\n<p><em><strong>Noże gwintujące</strong></em></p>\n<p><em>Niezawodne, niezniszczalne, wysokiej jakości noże gwintujące REMS z optymalną geometrią, gwarantują bardzo łatwe wejście w materiał, lekkie gwintowanie i czyste gwinty. Wykonane są z odpornej na obciążenia, specjalnie hartowanej stali zapewniającej wyjątkowo długą ich żywotność.</em></p>\n<p></p>\n<p><em>Obcinak do rur</em></p>\n<p><em>Samocentrujący. Stabilny kabłąk z kutej stali. Ergonomiczny, szeroki uchwyt do mocnego docisku wrzeciona. Specjalnie hartowane k&oacute;łko tnące z niezawodnej, ciągliwo -twardej stali nożowej zapewnia długą trwałość.</em></p>\n<p></p>\n<p><em><strong>Gratownik wewnętrzny</strong></em></p>\n<p><em>Stabilne, łatwe w obsłudze urządzenie gratujące ze zmienną pozycją gratowania. Specjalnie hartowane i obrobione ostrze gwarantuje lekkie ogratowanie i wyjątkowo długą trwałość. Dwa ostrza do optymalnego odcinania gratu, szczeg&oacute;lnie przy małych średnicach rur.</em></p>\n<p></p>\n<p><em><strong>Narzędzia</strong></em></p>\n<p><em>Dla 2&frac12; &ndash; 3\" i dla &frac14; &ndash; 2\" &ndash; po jednym kompletnym, odpowiadającym każdemu zakresowi pracy osprzęcie z automatyczną głowicą uniwersalną, obcinakiem do rur, urządzeniem gratującym, dźwignią dociskową i nożami gwintującymi.</em></p>\n<p></p>\n<p><em><strong>Zakres dostawy</strong></em></p>\n<p><em>REMS Magnum. Maszyna do nacinania gwint&oacute;w rurowych (1/16) &frac12; &ndash; 3\", 16 &ndash; 63 mm, gwint&oacute;w sworzniowych (6) 20 &ndash; 60 mm, &frac12; &ndash; 2\". Bezobsługowa przekładnia, nożny wyłącznik bezpieczeństwa z wył. awaryjnym, niezawodne, szybkozaciskowe uchwyty uderzeniowe samowzmacniające się, tylny uchwyt centrujący, automatyczne smarowanie i chłodzenie. Z zestawami narzędzi 1/16 &ndash; 2\" lub/oraz 2&frac12; &ndash; 3\", każdorazowo składającym się z automatycznej samootwierającej głowicy uniwersalnej do wszystkich gwint&oacute;w, r&oacute;wnież długich, z automatyką długości gwintu dla gwint&oacute;w stożkowych, noży gwintujących do stożkowych gwint&oacute;w rurowych ISO 7-1, DIN EN 10226 (DIN 2999, BSPT) R prawych, obcinaka do rur, urządzenia gratującego i dźwigni dociskowej. Miejsce na odłożenie narzędzi. Wykonanie lekkie L-T z odpinaną, dużą wanną olejową i miską na wi&oacute;ry. Na st&oacute;ł, podstawę lub w&oacute;zek jezdny z miejscem na odłożenie materiału.</em></p>\n<p><em>Dostepne w kilku wersjach silnikowych i wyposażenia.</em></p>',0,NULL,0,NULL,NULL,NULL,'','on','real'),(64,27,'Gwintownica REMS MAGNUM do 4','<p style=\"text-align: justify;\"><em><strong>Zasada działania</strong></em></p>\n<p style=\"text-align: justify;\"></p>\n<p style=\"text-align: justify;\"><em>Obracający się materiał &ndash; nieruchome narzędzie.</em></p>\n<p style=\"text-align: justify;\"></p>\n<p style=\"text-align: justify;\"><em><strong>Konstrukcja</strong></em></p>\n<p style=\"text-align: justify;\"></p>\n<p style=\"text-align: justify;\"><em>Silna, zwarta, ustawna konstrukcja. Niewielkie wymiary, niewielka waga np. REMS Magnum 4000 L-T tylko 81 kg. Duża przestrzeń robocza i pojemnik na wi&oacute;ry. Miejsce na odłożenie narzędzi. </em><br /><em>Dwa wykonania: </em><br /><em>&ndash; wykonanie lekkie L-T z odejmowaną dużą wanną olejową i miską na wi&oacute;ry. </em><br /><em>&ndash; wykonanie T z zespoloną większą wanną olejową i miską na wi&oacute;ry, na st&oacute;ł warsztatowy. </em><br /><em>Podstawa lub w&oacute;zek jezdny z miejscem na odłożenie materiału, do łatwego transportu, o optymalnej wysokości pracy, stabilny, jako osprzęt.</em></p>\n<p style=\"text-align: justify;\"></p>\n<p style=\"text-align: justify;\"><em><strong>Napęd</strong></em></p>\n<p style=\"text-align: justify;\"></p>\n<p style=\"text-align: justify;\"><em>Niezwykle silny i szybki. Przekładnia całkowicie bezobsługowa w zamkniętej kąpieli olejowej. &ndash; wysokosprawny silnik uniwersalny, 1700 W, ochrona przed przeciążeniem, szybkość obrot&oacute;w 23 &sup1;/min. Bardzo cicha praca. Wygodny w użyciu, nożny wyłącznik bezpieczeństwa z przyciskiem awaryjnym, dwustopniowy, dzięki temu w czasie pracy obciążany całym ciężarem ciała.</em></p>\n<p style=\"text-align: justify;\"></p>\n<p style=\"text-align: justify;\"><em><strong>Uchwyt zaciskowy</strong></em></p>\n<p style=\"text-align: justify;\"><em>Niezawodne, szybkozaciskowe uchwyty uderzeniowe z zaciskiem samowzmacniającym się. Wyklucza to poślizg rury. Duży odstęp pomiędzy uchwytem zaciskowym i uchwytem centrującym zapewnia pewne mocowanie długich rur. Tylny uchwyt centrujący utrzymuje materiał w prawidłowej pozycji.</em></p>\n<p style=\"text-align: justify;\"></p>\n<p style=\"text-align: justify;\"><em><strong>Automatyczne smarowanie i chłodzenie</strong></em></p>\n<p style=\"text-align: justify;\"></p>\n<p style=\"text-align: justify;\"><em>Silna, niezawodna pompa z dużą wydajnością tłoczenia. Optymalne, wielostronne prowadzenie środka do gwintowania przez głowicę gwintującą, dokładnie na miejsce gwintowania gwarantuje czyste gwinty i długą trwałość noży gwintujących, przekładni i silnika.</em></p>\n<p style=\"text-align: justify;\"></p>\n<p style=\"text-align: justify;\"><em><strong>Automatyczna głowica uniwersalna</strong></em></p>\n<p style=\"text-align: justify;\"></p>\n<p style=\"text-align: justify;\"><em>Tylko po 1 automatycznej głowicy uniwersalnej dla 1/16 &ndash; 2&rdquo; i dla 2&frac12; &ndash; 4&rdquo; do wszystkich gwint&oacute;w, r&oacute;wnież długich - automatycznie otwierającej się - z automatyką długości gwintu do gwint&oacute;w stożkowych. 6 noży gwintujących 2&frac12; &ndash; 4&rdquo; powoduje właściwe rozłożenie siły cięcia na rurze, co zapewnia okrągłe i czyste gwinty. Szybkie, łatwe nastawianie rozmiaru gwintu. Przejrzysta skala gwint&oacute;w. Łatwa i szybka zmiana noży gwintujących dzięki ich pozycjonowaniu w części mocującej.</em></p>\n<p style=\"text-align: justify;\"></p>\n<p style=\"text-align: justify;\"><em><strong>Noże gwintujące</strong></em></p>\n<p style=\"text-align: justify;\"></p>\n<p style=\"text-align: justify;\"><em>Niezawodne, niezniszczalne, wysokiej jakości noże gwintujące REMS z optymalną geometrią, gwarantują bardzo łatwe wejście w materiał, lekkie gwintowanie i czyste gwinty. Wykonane są z odpornej na obciążenia, specjalnie hartowanej stali zapewniającej wyjątkowo długą ich żywotność.</em></p>\n<p style=\"text-align: justify;\"></p>\n<p style=\"text-align: justify;\"><em><strong>Obcinak do rur</strong></em></p>\n<p style=\"text-align: justify;\"></p>\n<p style=\"text-align: justify;\"><em>Samocentrujący. Stabilny kabłąk z kutej stali. Ergonomiczny, szeroki uchwyt do mocnego docisku wrzeciona. Specjalnie hartowane k&oacute;łko tnące z niezawodnej, ciągliwo -twardej stali nożowej zapewnia długą trwałość.</em></p>\n<p style=\"text-align: justify;\"></p>\n<p style=\"text-align: justify;\"><em><strong>Gratownik wewnętrzny</strong></em></p>\n<p style=\"text-align: justify;\"></p>\n<p style=\"text-align: justify;\"><em>Stabilne, łatwe w obsłudze urządzenie gratujące ze zmienną pozycją gratowania. Specjalnie hartowane i obrobione ostrze gwarantuje lekkie ogratowanie i wyjątkowo długą trwałość. Dwa ostrza do optymalnego odcinania gratu, szczeg&oacute;lnie przy małych średnicach rur.</em></p>\n<p style=\"text-align: justify;\"></p>\n<p style=\"text-align: justify;\"><em><strong>Narzędzia</strong></em></p>\n<p style=\"text-align: justify;\"></p>\n<p style=\"text-align: justify;\"><em>Dla 2&frac12; &ndash; 4&rdquo; i dla &frac14; &ndash; 2&rdquo; &ndash; po jednym kompletnym, odpowiadającym każdemu zakresowi pracy osprzęcie z automatyczną głowicą uniwersalną, obcinakiem do rur, urządzeniem gratującym, dźwignią dociskową i nożami gwintującymi.</em></p>\n<p style=\"text-align: justify;\"></p>\n<p style=\"text-align: justify;\"><em><strong>Zakres dostawy</strong></em></p>\n<p style=\"text-align: justify;\"></p>\n<p style=\"text-align: justify;\"><em>REMS Magnum. Maszyna do nacinania gwint&oacute;w rurowych (1/16) &frac12; &ndash; 4&rdquo;, 16 &ndash; 63 mm, gwint&oacute;w sworzniowych (6) 20 &ndash; 60 mm, &frac12; &ndash; 2&rdquo;. Bezobsługowa przekładnia, nożny wyłącznik bezpieczeństwa z wył. awaryjnym, niezawodne- szybkozaciskowe uchwyty uderzeniowe samowzmacniające się, tylny uchwyt centrujący, automatyczne smarowanie i chłodzenie. Z zestawami narzędzi 1/16 &ndash; 2&rdquo; lub/oraz 2&frac12; &ndash; 4&rdquo;, każdorazowo składającym się z automatycznej samootwierającej głowicy uniwersalnej do wszystkich gwint&oacute;w, r&oacute;wnież długich, z automatyką długości gwintu dla gwint&oacute;w stożkowych, noży gwintujących do stożkowych gwint&oacute;w rurowych ISO 7-1, DIN EN 10226 (DIN 2999, BSPT) R prawych, obcinaka do rur, urządzenia gratującego i dźwigni dociskowej. Miejsce na odłożenie narzędzi. Wykonanie lekkie L-T z odpinaną, dużą wanną olejową i miską na wi&oacute;ry. Na st&oacute;ł, podstawę lub w&oacute;zek jezdny z miejscem na odłożenie materiału.</em></p>\n<p style=\"text-align: justify;\"></p>\n<p style=\"text-align: justify;\"><em>Dostepny w kilku konfiguracjach silnikowych i wyposażenia.</em></p>',0,NULL,0,NULL,NULL,NULL,'','on','real'),(65,27,'Rowkarka do rur REMS Rollnut','<p style=\"text-align: justify;\"><em><strong>REMS Rollnut do łączenia rur przy pomocy obejm z dociskiem hydraulicznym</strong></em></p>\n<p style=\"text-align: justify;\"></p>\n<p style=\"text-align: justify;\"><em><strong>Konstrukcja</strong></em></p>\n<p style=\"text-align: justify;\"></p>\n<p style=\"text-align: justify;\"><em>Zwarta, sprawdzająca się na budowie. Silny korpus z metalu dla dużych naprężeń. Poręczna, łatwo przenośna, tylko 26 kg. Hydrauliczny cylinder ciśnieniowy zapewnia silny nacisk rolki dociskowej. Wytwarzanie ciśnienia ręczną pompą hydrauliczną. W obudowie zintegrowana stopniowana tarcza nastawna do automatycznego ograniczenia głębokości wyoblania.</em></p>\n<p style=\"text-align: justify;\"></p>\n<p style=\"text-align: justify;\"><em><strong>Rolki wyoblające</strong></em></p>\n<p style=\"text-align: justify;\"></p>\n<p style=\"text-align: justify;\"><em>Niezawodne rolki wyoblające REMS z optymalnie dopasowaną średnicą rolki dociskowej oraz przeciwrolki o szorstkich radełkowanych powierzchniach gwarantują pewny obr&oacute;t rury i precyzyjne zagniecenie rowka. Rolki wyoblające z ciągliwo &ndash; twardej specjalnie hartowanej stali zapewniają wyjątkowo długie użytkowanie. Trzy zestawy rolek wyoblających (rolka dociskowa, przeciwrolka) dla całego zakresu pracy DN 25&ndash;200 (300), 1&ndash;8&rdquo; (12&rdquo;), łatwo wymienne. Rolki wyoblające Cu (rolka dociskowa, przeciwrolka) do rur miedzianych 54&ndash;159 mm. Rolki wyoblające INOX (rolka dociskowa, przeciwrolka) do rur ze stali nierdzewnej 2&ndash;6&rdquo;. Rolki wyoblające do rur z aluminium i PVC &ndash; na zapytanie.</em></p>\n<p style=\"text-align: justify;\"></p>\n<p style=\"text-align: justify;\"><em><strong>Napęd</strong></em></p>\n<p style=\"text-align: justify;\"></p>\n<p style=\"text-align: justify;\"><em>Jeden rodzaj urządzenia do wyoblania dla REMS Magnum i REMS Tornado. Szybki, łatwy montaż. Tr&oacute;jścienny czop napędowy urządzenia wyoblającego gwarantuje pewne dociśnięcie i optymalne przeniesienie sił. Urządzenia do wyoblania dla maszyn gwintujących innych producent&oacute;w dopasowane do rozstawu podp&oacute;r, średnicy podp&oacute;r i osi wrzeciona każdej z maszyn na zapytanie.</em></p>',0,NULL,0,NULL,NULL,NULL,'',NULL,'real'),(66,27,'Rowkarka do rur REMS Magnum RG','<p style=\"text-align: justify;\"><em><strong>Konstrukcja</strong></em></p>\n<p style=\"text-align: justify;\"></p>\n<p style=\"text-align: justify;\"><em>Silna, zwarta, ustawna konstrukcja. Niewielkie wymiary, niewielka masa np.: REMS Magnum 2000 RG-T tylko 68 kg. Miejsce na odłożenie narzędzi. Podstawa lub w&oacute;zek jezdny z miejscem na odłożenie materiału, optymalna wysokość pracy, stabilna, jako osprzęt.</em></p>\n<p style=\"text-align: justify;\"></p>\n<p style=\"text-align: justify;\"><em><strong>Napęd</strong></em></p>\n<p style=\"text-align: justify;\"></p>\n<p style=\"text-align: justify;\"><em>Niezwykle silny i szybki. Przekładnia całkowicie bezobsługowa w zamkniętej kąpieli olejowej. 3 wysokowydajne silniki do wyboru (patrz REMS Magnum strona 34). Wygodny w użyciu, nożny wyłącznik bezpieczeństwa z przyciskiem awaryjnym, dwustopniowy dzięki temu w czasie pracy obciążany całym ciężarem ciała.</em></p>\n<p style=\"text-align: justify;\"></p>\n<p style=\"text-align: justify;\"><em><strong>Rollnut-przyrząd</strong></em></p>\n<p style=\"text-align: justify;\"></p>\n<p style=\"text-align: justify;\"><em>Zwarty, ustawny. Mocna, bardzo wytrzymała obudowa metalowa. Poręczna, łatwo przenośna, tylko 26 kg. Hydrauliczny cylinder ciśnieniowy zapewnia silny nacisk rolki dociskowej. Wytwarzanie ciśnienia ręczną pompą hydrauliczną. W obudowie zintegrowana stopniowana tarcza nastawna do automatycznego ograniczenia głębokości wyoblania.</em></p>\n<p style=\"text-align: justify;\"></p>\n<p style=\"text-align: justify;\"><em><strong>Rolki wyoblające</strong></em></p>\n<p style=\"text-align: justify;\"></p>\n<p style=\"text-align: justify;\"><em>Niezawodne rolki wyoblające REMS z optymalnie dopasowaną średnicą rolki dociskowej oraz przeciwrolki o szorstkich, radełkowanych powierzchniach gwarantują pewny obr&oacute;t rury i precyzyjne zagniecenie rowka. Rolki wyoblające z ciągliwo &ndash; twardej specjalnie hartowanej stali zapewniają wyjątkowo długie użytkowanie. Trzy zestawy rolek wyoblających (rolka dociskowa, przeciwrolka) dla całego zakresu pracy DN 25&ndash;200 (300), 1&ndash;8&rdquo; (12&rdquo;), łatwo wymienne. Rolki wyoblające Cu (rolka dociskowa, przeciwrolka) do rur miedzianych 54&ndash;159 mm. Rolki wyoblające INOX (rolka dociskowa, przeciwrolka) do rur ze stali nierdzewnej 2&ndash;6&rdquo;. Rolki wyoblające do rur z aluminium i PVC &ndash; na zapytanie.</em></p>\n<p style=\"text-align: justify;\"></p>\n<p style=\"text-align: justify;\"><em><strong>Przezbrojenie na maszynę gwintującą</strong></em></p>\n<p style=\"text-align: justify;\"></p>\n<p style=\"text-align: justify;\"><em>Kompletny zestaw narzędzi &frac14;&ndash;2&rdquo; z automatyczną głowicą uniwersalną, nożami gwintującymi do gwint&oacute;w rurowych stożkowych ISO 7-1 (DIN 2999, BSPT) R &frac12;&ndash;&frac34; i R 1&ndash;2 prawych, obcinak do rur, urządzenie do gratowania, dźwignia dociskowa. Pompa do automatycznego smarowania i chłodzenia, wanna olejowa, miska na wi&oacute;ry. Jako osprzęt.</em></p>',0,NULL,0,NULL,NULL,NULL,'',NULL,'real'),(67,27,'Olej do gwintowania REMS Spezial','<p style=\"text-align: justify;\"><em><strong>REMS Spezial &ndash; wysoko uszlachetniony środek na bazie olej&oacute;w mineralnych, wymywalny przez wodę.</strong></em></p>\n<p style=\"text-align: justify;\"><em>Szczeg&oacute;lnie dobre własności chłodzące i smarujące. Wyprodukowany specjalnie do nacinania gwint&oacute;w. </em><br /><br /><em>Ma szczeg&oacute;lnie dobre własności smarujące i chłodzące. Niezbędny w celu uzyskania czystych gwint&oacute;w i długiej żywotności noży gwintujących, narzędzi i maszyn. Przyjemny w pracy. Wymywalny przez wodę, wypr&oacute;bowany przez ekspert&oacute;w.Znakomity r&oacute;wnież jako środek chłodzący przy cięciu metali. REMS Spezial Spray nie zawiera freonu, jest więc nieszkodliwy dla warstwy ozonowej. REMS Spezial butelki ze spryskiwaczem nie zawierają środka aerozolowego. Do ponownego napełniania.</em></p>',0,NULL,0,NULL,NULL,NULL,'',NULL,'real'),(68,27,'Olej do gwintowania REMS Sanitol','<p style=\"text-align: justify;\"><em><strong>REMS Sanitol &ndash; bezolejowy. Rozpuszczalny w wodzie.</strong> </em><br /><br /><em>Wyjątkowe własności chłodzące i smarujące. </em><br /><br /><em>Całkowicie rozpuszczalny w wodzie. Odpowiada przepisom DVGW, &Ouml;VGW, SVGW. Lepkość przy &ndash;10&deg;C: 219 mPa s (cP). Pompowalny do &ndash;28&deg;C. Bezproblemowe użycie. W celu sprawdzenia wypłukania barwiony na czerwono. </em><br /><em>- Doskonale antykorozyjny. </em><br /><em>- Odwodniony.</em><br /><em>- Specjalnie opracowany dla instalacji do wody pitnej, jednakże r&oacute;wnież nadający się doskonale do og&oacute;lnego nacinania gwint&oacute;w. </em><br /><em>- Ma szczeg&oacute;lnie dobre własności smarujące i chłodzące.</em><br /><em>- Niezbędny w celu uzyskania czystych gwint&oacute;w i długiej żywotności noży gwintujących, narzędzi i maszyn.&nbsp;&nbsp; - Znakomity r&oacute;wnież jako środek chłodzący przy cięciu metali. </em></p>\n<p style=\"text-align: justify;\"><em>REMS Sanitol Spray nie zawiera freonu, jest więc nieszkodliwy dla warstwy ozonowej. REMS Sanitol butelki ze spryskiwaczem nie zawierają środka aerozolowego. Do ponownego napełniania.</em></p>',0,NULL,0,NULL,NULL,NULL,'',NULL,'real'),(69,0,'Noże gwintujące (narzynki) REMS','',0,NULL,0,NULL,NULL,NULL,'',NULL,'real'),(70,27,'Noże gwintujące (narzynki) REMS','<p style=\"text-align: justify;\"><em>Niezawodne, niezniszczalne, wysokiej jakości noże gwintujące REMS z optymalną geometrią, gwarantują bardzo łatwe nacinanie, lekkie gwintowanie i czyste gwinty. Wykonane są z odpornej na obciążenia, specjalnie hartowanej stali zapewniającej wyjątkowo długą ich żywotność.</em></p>\n<p style=\"text-align: justify;\"><em>Noże gwintujące do innych gwint&oacute;w (np.: BSW) na zapytanie. Noże gwintujące HSS do obr&oacute;bki materiał&oacute;w o dużej wytrzymałości 50% wyższa cena.</em></p>',0,NULL,0,NULL,NULL,NULL,'',NULL,'real'),(71,27,'Giętarka do rur REMS SINUS','<p style=\"text-align: justify;\"><em><strong>Giętarka ręczna REMS SINUS</strong> </em></p>\n<p style=\"text-align: justify;\"><em>Uniwersalne, mocne narzędzie do gięcia rur na zimno, metodą przeciągania, do 180&deg;. Szerokie zastosowanie. Do warsztatu i zastosowań przemysłowych. Do użytku na budowie i w warsztacie. </em></p>\n<p style=\"text-align: justify;\"><em>Twarde, p&oacute;łtwarde, miękkie rury miedziane, r&oacute;wnież cienkościenne &Oslash; 10 &ndash; 22 mm &Oslash; ? &ndash; ?&rdquo; Miękkie rury miedziane w osłonie, r&oacute;wnież cienkościenne &Oslash; 10 &ndash; 18 mm Rury system&oacute;w zaciskowych z: </em></p>\n<p style=\"text-align: justify;\"><em>- Stali nierdzewnej, C-stali (preizolowane) &Oslash; 12 &ndash; 18 mm </em><br /><em>- C-stali &Oslash; 12 &ndash; 22 mm </em><br /><em>- Miękkie stalowe rury precyzyjne &Oslash; 10 &ndash; 20 mm </em><br /><em>- Rury elektroinstalacyjne EN 50086 &Oslash; 16 &ndash; 20 mm </em><br /><em>- Rury stabilizowane &Oslash; 14 &ndash; 32 mm</em></p>\n<p style=\"text-align: justify;\"><em>Gięcie rur bez zagnieceń. Uniwersalne dla wielu rur. Długie ramiona &ndash; lekkie gięcie. Przestawne ramiona zapewniają optymalne gięcie i przeniesienie siły. </em></p>\n<p style=\"text-align: justify;\"><em>Jeden rodzaj segment&oacute;w gnących i element&oacute;w dociskowych do REMS Sinus i REMS Curvo. Uniwersalne zastosowanie: w technice sanitarnej, grzewczej, klimatyzacyjnej, chłodniczej i hydraulice. Bardzo odpowiednia do rur w systemach zaciskowych, do twardych i p&oacute;łtwardych rur miedzianych oraz cienkościennych rur grzewczych z miedzi wg EN 1057. </em></p>\n<p style=\"text-align: justify;\"><em><strong>Zalety systemu</strong> </em></p>\n<p style=\"text-align: justify;\"><em>Tylko jeden rodzaj segment&oacute;w gnących i element&oacute;w dociskowych do REMS Sinus i REMS Curvo. Ułatwia to utrzymanie taniego zaplecza narzędziowego, wyklucza pomyłkę przy pracy. </em></p>\n<p style=\"text-align: justify;\"><em><strong>Oszczędność koszt&oacute;w</strong> </em></p>\n<p style=\"text-align: justify;\"><em>Giętarka dzięki zaoszczędzeniu kształtek amortyzuje się po niewielu gięciach. Redukcja koszt&oacute;w zakupu kształtek, składowania, pozyskania. Ograniczenie miejsc lutowania, zaciskania i czasu pracy. Zwiększona pewność przez zmniejszenie ilości połączeń rur. </em></p>\n<p style=\"text-align: justify;\"><em><strong>Konstrukcja</strong> </em></p>\n<p style=\"text-align: justify;\"><em>Zwarta, poręczna całość składająca się z dźwigni i narzędzia gnącego. Szerokie zastosowanie, w imadle r&oacute;wnoległym lub jako dwuręczna giętarka z wolnej ręki. Długie ramiona &ndash; lekkie gięcie. Przestawne ustawienie ramion gwarantuje optymalną pozycję gięcia i przeniesienia sił. Mocna konstrukcja, dźwignie gnące z hartowanej stali wytrzymują duże obciążenia. Lekka i szybka wymiana segment&oacute;w gnących i element&oacute;w dociskowych. Przygięcia, łuki rozwarte i odsadzki. </em></p>\n<p style=\"text-align: justify;\"><em><strong>Segmenty gnące i elementy dociskowe </strong></em></p>\n<p style=\"text-align: justify;\"><em>Do r&oacute;żnych wielkości rur, materiał&oacute;w i kąt&oacute;w gięcia </em></p>\n<p style=\"text-align: justify;\"><em><strong>Środek do gięcia</strong> </em></p>\n<p style=\"text-align: justify;\"><em>REMS Biegespray &ndash; gwarantowana ciągła warstewka smaru i r&oacute;wnomierne gięcie przy mniejszym wysiłku. Pod ciśnieniem, bezkwasowy. Bez freonu, nieszkodliwy dla warstwy ozonowej. </em></p>\n<p style=\"text-align: justify;\"><em><strong>Zakres dostawy</strong> </em></p>\n<p style=\"text-align: justify;\"><em>REMS Sinus Set. Giętarka ręczna &Oslash; 10 &ndash; 32 mm, &Oslash; ? &ndash; ?&rdquo;, do 180&deg;. Twarde, p&oacute;łtwarde i miękkie rury miedziane, r&oacute;wnież cienkościenne, &Oslash; 10 &ndash; 22 mm, &Oslash; ? &ndash; ?&rdquo;, miękkie miedziane rury w osłonie r&oacute;wnież cienkościenne &Oslash; 10 &ndash; 18 mm, rury system&oacute;w zaciskowych ze stali nierdzewnej, C-stal preizolowane, &Oslash; 12 &ndash; 18 mm, C-stal &Oslash; 12 &ndash; 2 mm, miękkie stalowe rury precyzyjne &Oslash; 10 &ndash; 20 mm, rury elektroinstalacyjne EN 50086 &Oslash; 16 &ndash; 20 mm, rury stabilizowane &Oslash; 14 &ndash; 32 mm, i inne. Napęd, bolec unieruchamiający. Segmenty gnące i elementy dociskowe. REMS Biegespray. W stabilnej skrzynce z blachy.</em></p>',0,NULL,0,NULL,NULL,NULL,'on','on','real'),(73,27,'Giętarka do rur REMS CURVO','<p style=\"text-align: justify;\"><em>Uniwersalne, zwarte elektronarzędzie do gięcia rur na zimno metodą przeciągania, do 180&deg;. Bez imadła, o szerokim zastosowaniu. Do warsztatu i zastosowań przemysłowych. Do użytku na budowie i w warsztacie.</em></p>',0,NULL,0,NULL,NULL,NULL,'on','on','real'),(74,27,'Giętarka do rur REMS AKKU-CURVO','<p style=\"text-align: justify;\"><em>Uniwersalne, zwarte elektronarzędzie do gięcia rur na zimno metodą przeciągania, do 180&deg;. Bez imadła, o szerokim zastosowaniu. Do warsztatu i zastosowań przemysłowych. Do użytku na budowie i w warsztacie.</em></p>',0,NULL,0,NULL,NULL,NULL,'on','on','real'),(75,27,'Giętarka do rur REMS SWING','<p style=\"text-align: justify;\"><em>Praktyczne narzędzie do pracy jedną ręką, precyzyjnego gięcia rur do 90&deg;. Idealna do pracy w miejscu montowania. Do warsztatu i zastosowań przemysłowych. Do użytku na budowie i w warsztacie.</em></p>',0,NULL,0,NULL,NULL,NULL,'',NULL,'real'),(76,27,'Giętarka do rur REMS PYTHON','<p style=\"text-align: justify;\"><em>Masywna hydrauliczna giętarka do rur do dokładnego gięcia rur do 90&deg;. Do warsztatu i zastosowań przemysłowych. Do użytku na budowie i w warsztacie.</em></p>',0,NULL,0,NULL,NULL,NULL,'on','on','real'),(77,27,'Pompa kontrolna REMS Push','<p><em>Pompa kontrolna do 60 bar REMS Push. Zbiornik 12L.</em></p>',0,NULL,0,NULL,NULL,NULL,'on','on','real'),(78,27,'Pompa kontrolna REMS Push INOX','<p><em>Pompa kontrolna do 60 bar. Pojemnik ze stali nierdzewnej o pojemności 12 l.</em></p>',0,NULL,0,NULL,NULL,NULL,'on','on','real'),(79,27,'Pompa kontrolna REMS E-Push 2','<p><em>Pompa kontrolna do 60 bar REMS E-Push 2. Elektryczne napełnienie i kontrola.</em></p>',0,NULL,0,NULL,NULL,NULL,'on','on','real'),(80,27,'Cęgi zaciskowe REMS Mini','<p style=\"text-align: justify;\"><em>- Bardzo wytrzymałe cęgi zaciskowe z kutej i odpowiednio obrabianej stali specjalnej. </em><br /><em>- Właściwy dob&oacute;r surowca, dokładna obr&oacute;bka i specjalne hartowanie są niezbędne do dlugiego i niezawodnego funkcjonowania cęg&oacute;w zaciskowych REMS. </em></p>\n<p style=\"text-align: justify;\"><em>Podczas przebiegu zaciskania powstają na cęgach siły do 100 kN (10 t) , kt&oacute;re muszą być bezpiecznie przejęte przez cęgi. Cęgi zaciskowe REMS są dlatego wykonywane z kutej i odpowiednio hartowanej stali specjalnej o wysokiej wytrzymałości. Każdy odpowiedni dla systemu kontur zostaje wykonany wraz z odpowiednią obr&oacute;bka zewnętrzną i jego oznaczeniem wraz z rozmiarem rury w jednym przejściu na maszynie sterowanej numeryczniech. Zapewnia to precyzję i dokładność. Poprzez specjalną obr&oacute;bkę cieplnąch cęg&oacute;w zaciskowych we własnej hartowni osiągana jest idealna kombinacja pomiędzy ciągliwością i twardością. Ten proces obr&oacute;bki gwarantuje, że wykonany kontur jest właściwy i wytrzyma zar&oacute;wno długie uzytkowanie jak i siły powstające przy zaciskaniu. Dzięki tym wysokim standardom jakości powstają na całym świecie milony niezawodnych zgodnych z systemem, pewnych połaczeń przy pomocy cęg&oacute;w REMS.</em></p>',0,NULL,0,NULL,NULL,NULL,'on','on','real'),(81,27,'Zaciskarka do rur REMS Eco-Press','<p style=\"text-align: justify;\"><em><strong>Zalety systemu</strong></em></p>\n<p style=\"text-align: justify;\"></p>\n<p style=\"text-align: justify;\"><em>Tylko jeden rodzaj cęg&oacute;w zaciskowych do wszystkich pras promieniowych REMS (za wyjątkiem REMS Mini-Press ACC) i odpowiednich napęd&oacute;w innych producent&oacute;w. Wszystkie cęgi zaciskowe oznaczone * mają dodatkowe złącze (patent EP 1 223 008, Patent US 6,739,172) i pasują także do ręcznych pras promieniowych REMS Eco-Press. Ułatwia to i obniża koszty magazynowania. Cęgi zaciskowe do powszechnie stosowanych system&oacute;w. Cęgi zaciskowe z kutej i odpowiednio obrabianej stali specjalnej. Kontury zaciskowe cęg&oacute;w REMS są specyficzne dla każdego systemu i odpowiadają konturom poszczeg&oacute;lnych system&oacute;w zaciskowych. Zapewnia to bezproblemową zgodność i pewne zaciskanie.</em></p>\n<p style=\"text-align: justify;\"></p>\n<p style=\"text-align: justify;\"><em><strong>Konstrukcja</strong></em></p>\n<p style=\"text-align: justify;\"></p>\n<p style=\"text-align: justify;\"><em>Zwarta, poręczna, lekka. Napęd z kr&oacute;tkimi ramionami &ndash; tylko 1,6 kg. Wszędzie do zastosowania, z wolnej ręki, nad głową, w ciasnych stanowiskach. Pewne mocowanie cęg&oacute;w dzięki ryglowaniu zatrzaskowemu. Dzielone ramiona z rur &ndash; indywidualne dopasowanie długości dźwigni do potrzebnej siły dla konkretnego systemu zaciskowego. Także dla odpowiednich cęg&oacute;w zaciskowych/pętli zaciskowych innych producent&oacute;w.</em></p>\n<p style=\"text-align: justify;\"></p>\n<p style=\"text-align: justify;\"><em><strong>Przebieg zaciskania</strong></em></p>\n<p style=\"text-align: justify;\"></p>\n<p style=\"text-align: justify;\"><em>Prawidłowe zaciśnięcie dokonane jest w przypadku całkowitego zamknięcia się cęg&oacute;w. Blokowany zderzak końcowy &ndash; cęgi pozostają zamknięte, aż do momentu otwierania. Umożliwia to bardzo łatwą kontrolę wzrokową prawidłowości zacisku (całkowicie zamknięte cęgi).</em></p>\n<p style=\"text-align: justify;\"></p>\n<p style=\"text-align: justify;\"><em><strong>Zakres dostawy</strong></em></p>\n<p style=\"text-align: justify;\"></p>\n<p style=\"text-align: justify;\"><em>REMS Eco-Press napęd. Ręczna prasa promieniowa z blokowanym zderzakiem końcowym, do połączeń zaciskowych rur z tworzyw sztucznych i stabilizowanych &Oslash; 10&ndash;26 mm. Do wsp&oacute;łpracy z cęgami REMS. Dzielone ramiona z rur. W opakowaniu foliowym.</em></p>',0,NULL,0,NULL,NULL,NULL,'on','on','real'),(82,27,'Zaciskarka do rur REMS Power-Press E','<p style=\"text-align: justify;\"><em><strong>Zalety systemu</strong></em></p>\n<p style=\"text-align: justify;\"></p>\n<p style=\"text-align: justify;\"><em>Tylko jeden rodzaj cęg&oacute;w zaciskowych do wszystkich pras promieniowych REMS (za wyjątkiem REMS Mini-Press ACC) i odpowiednich napęd&oacute;w innych producent&oacute;w. Cęgi zaciskowe do powszechnie stosowanych system&oacute;w. Cęgi zaciskowe z kutej i odpowiednio obrabianej stali specjalnej. Kontury zaciskowe cęg&oacute;w REMS są specyficzne dla każdego systemu i odpowiadają konturom poszczeg&oacute;lnych system&oacute;w zaciskowych. Zapewnia to bezproblemową zgodność i pewne zaciskanie.</em></p>\n<p style=\"text-align: justify;\"></p>\n<p style=\"text-align: justify;\"><em><strong>Konstrukcja</strong></em></p>\n<p style=\"text-align: justify;\"></p>\n<p style=\"text-align: justify;\"><em>Zwarte, mocne, sprawdzające się na budowie. Małe rozmiary zgrabna forma, urządzenie napędowe tylko 4,7 kg, dlatego szerokie zastosowanie, z wolnej ręki, nad głową, w ciasnych stanowiskach. Pewne mocowanie cęg&oacute;w zaciskowych dzięki automatycznemu ryglowaniu. Także dla odpowiednich cęg&oacute;w zaciskowych/ pętli zaciskowych innych producent&oacute;w.</em></p>\n<p style=\"text-align: justify;\"></p>\n<p style=\"text-align: justify;\"><em><strong>Impulsowy charakter przebiegu zaciskania</strong></em></p>\n<p style=\"text-align: justify;\"></p>\n<p style=\"text-align: justify;\"><em>Bezpieczeństwo pracy, funkcji i ruchu. Całkowite zamknięcie się cęg&oacute;w zaciskowych oznacza wykonanie nienagannego zacisku. Cęgi zaciskowe pozostają zamknięte do momentu przełączenia na ruch powrotny. Dzięki temu jest możliwa bardzo łatwa kontrola wzrokowa prawidłowości zacisku (w pełni zaciśniętych cęg&oacute;w).</em></p>\n<p style=\"text-align: justify;\"></p>\n<p style=\"text-align: justify;\"><em><strong>Napęd</strong></em></p>\n<p style=\"text-align: justify;\"><em>Wielotonowy przesuw i siła nacisku to błyskawiczny i nienaganny zacisk. Wysokowydajny elektromechaniczny napęd ze sprawnym silnikiem uniwersalnym, 450 W, bezobsługową przekładnią i poślizgowym sprzęgłem bezpieczeństwa, system posuwu &ndash; z wrzecionem z gwintem trapezowym. Bezpieczny włącznik impulsowy.</em></p>\n<p style=\"text-align: justify;\"></p>\n<p style=\"text-align: justify;\"><em><strong>Zakres dostawy</strong></em></p>\n<p style=\"text-align: justify;\"></p>\n<p style=\"text-align: justify;\"><em>REMS Power-Press E Basic-Pack. Elektryczna prasa promieniowa do wykonywania połączeń zaciskowych &Oslash; 10&ndash;108 mm. Do napędu cęg&oacute;w zaciskowych/ pętli zaciskowych REMS oraz odpowiednich cęg&oacute;w zaciskowych/pętli zaciskowych innych producent&oacute;w. Mocowanie cęg&oacute;w z automatycznym ryglowaniem. Elektromechaniczny napęd sprawnym silnikiem uniwersalnym 230 V, 50&ndash;60 Hz, 450 W, z bezobsługową przekładnią oraz poślizgowym sprzęgłem bezpieczeństwa, system posuwu &ndash; z wrzecionem z gwintem trapezowym. Bezpieczny włącznik impulsowy.</em></p>',0,NULL,0,NULL,NULL,NULL,'on','on','real'),(83,27,'Zaciskarka do rur REMS Power-Press','<p style=\"text-align: justify;\"><em><strong>Zalety systemu</strong></em></p>\n<p style=\"text-align: justify;\"></p>\n<p style=\"text-align: justify;\"><em>Tylko jeden rodzaj cęg&oacute;w zaciskowych do wszystkich pras promieniowych REMS (za wyjątkiem REMS Mini-Press ACC) i odpowiednich napęd&oacute;w innych producent&oacute;w. Cęgi zaciskowe z kutej i odpowiednio obrabianej stali specjalnej. Kontury zaciskowe cęg&oacute;w REMS są specyficzne dla każdego systemu i odpowiadają konturom poszczeg&oacute;lnych system&oacute;w zaciskowych. Zapewnia to bezproblemową zgodność i pewne zaciskanie.</em></p>\n<p style=\"text-align: justify;\"></p>\n<p style=\"text-align: justify;\"><em><strong>Konstrukcja</strong></em></p>\n<p style=\"text-align: justify;\"></p>\n<p style=\"text-align: justify;\"><em>Zwarte, mocne, sprawdzające się na budowie. Małe rozmiary zgrabna forma, urządzenie napędowe tylko 4,7 kg, dlatego szerokie zastosowanie, z wolnej ręki, nad głową, w ciasnych stanowiskach. Optymalne rozłożenie masy umożliwiające obsługę jedną ręką. Ergonomiczna żłobiona obudowa uchwytu. Obrotowe mocowanie cęg&oacute;w. Pewne osadzenie cęg&oacute;w dzięki automatycznemu ryglowaniu. Także dla odpowiednich cęg&oacute;w/pętli innych producent&oacute;w.</em></p>\n<p style=\"text-align: justify;\"></p>\n<p style=\"text-align: justify;\"><em><strong>Impulsowy charakter przebiegu zaciskania</strong> </em><br /><em>z elektroniką wyłączeniową. Bezpieczeństwo pracy, funkcji i ruchu. Całkowite zamknięcie się cęg&oacute;w zaciskowych oznacza wykonanie nienagannego zacisku i urządzenie wyłącza się automatycznie. Cęgi zaciskowe pozostają zamknięte do momentu przełączenia na ruch powrotny. Dzięki temu jest możliwa bardzo łatwa kontrola wzrokowa prawidłowości zacisku (w pełni zaciśniętych cęg&oacute;w).</em></p>\n<p style=\"text-align: justify;\"></p>\n<p style=\"text-align: justify;\"><em><strong>Napęd</strong></em></p>\n<p style=\"text-align: justify;\"><em>Wielotonowy przesuw i siła nacisku to błyskawiczny i nienaganny zacisk. Bardzo mocny napęd elektrohydrauliczny ze sprawnym silnikiem uniwersalnym 450 W, wytrzymałą przekładnią planetarną, mimośrodową pompą i zwartym wysokowydajnym systemem hydraulicznym. Wersja ACC z automatycznym powrotem po wykonaniu zaciśnięcia. Bezpieczny włacznik impulsowy.</em></p>\n<p style=\"text-align: justify;\"></p>\n<p style=\"text-align: justify;\"><em><strong>Zakres dostawy</strong></em></p>\n<p style=\"text-align: justify;\"></p>\n<p style=\"text-align: justify;\"><em>REMS Power-Press Basic-Pack. Elektrohydrauliczna prasa promieniowa z sygnałem wyłączenia do wykonywania połączeń zaciskowych &Oslash; 10&ndash;108 mm. Do napędu cęg&oacute;w zaciskowych/pętli zaciskowych REMS oraz odpowiednich cęg&oacute;w zaciskowych/ pętli zaciskowych innych producent&oacute;w. Mocowanie cęg&oacute;w z automatycznym ryglowaniem. Elektrohydrauliczny napęd sprawnym silnikiem uniwersalnym 230 V, 50&ndash;60 Hz, 450 W, z wytrzymałą przekładnią planetarną, mimośrodową pompą i zwartym wysokowydajnym systemem hydraulicznym. Bezpieczny włącznik impulsowy. W stabilnej skrzynce z blachy.</em></p>',0,NULL,0,NULL,NULL,NULL,'on','on','real'),(84,27,'Zaciskarka do rur REMS Akku-Press','<p style=\"text-align: justify;\"><em><strong>Zalety systemu</strong></em></p>\n<p style=\"text-align: justify;\"></p>\n<p style=\"text-align: justify;\"><em>Tylko jeden rodzaj cęg&oacute;w zaciskowych do wszystkich pras promieniowych REMS (za wyjątkiem REMS Mini-Press ACC) i odpowiednich napęd&oacute;w innych producent&oacute;w.</em></p>\n<p style=\"text-align: justify;\"></p>\n<p style=\"text-align: justify;\"><em><strong>Konstrukcja</strong></em></p>\n<p style=\"text-align: justify;\"></p>\n<p style=\"text-align: justify;\"><em>Zwarte, poręczne, lekkie. Urządzenie napędowe bez akumulatora tylko 4,3 kg, dlatego szerokie zastosowanie, z wolnej ręki, nad głową, w ciasnych stanowiskach. Optymalny rozkład masy umożliwia obsługę jedną ręką. Ergonomicznie ukształtowana obudowa z wgłębieniami na palce. Obrotowe mocowanie cęg&oacute;w. Pewne osadzenie cęg&oacute;w dzięki automatycznemu ryglowaniu. Także dla odpowiednich cęg&oacute;w/pętli innych producent&oacute;w. Do zasilania z akumulatora lub z sieci. Elektroniczna kontrola stanu ładowania z zabezpieczeniem przed głębokim rozładowaniem i wskaźnikiem stanu naładowania, z dwoma barwnymi diodami LED.</em></p>\n<p style=\"text-align: justify;\"></p>\n<p style=\"text-align: justify;\"><em><strong>Impulsowy charakter przebiegu zaciskania</strong></em></p>\n<p style=\"text-align: justify;\"></p>\n<p style=\"text-align: justify;\"><em>Bezpieczeństwo pracy, funkcji i ruchu. Całkowite zamknięcie się cęg&oacute;w zaciskowych oznacza wykonanie nienagannego zacisku. Sygnał akustyczny potwierdza skuteczne zakończenie przebiegu zaciskania. Cęgi zaciskowe pozostają zamknięte do momentu przełączenia na ruch powrotny. Dzięki temu jest możliwa bardzo łatwa kontrola wzrokowa prawidłowości zacisku (w pełni zaciśniętych cęg&oacute;w).</em></p>\n<p style=\"text-align: justify;\"></p>\n<p style=\"text-align: justify;\"><em><strong>Napęd</strong></em></p>\n<p style=\"text-align: justify;\"></p>\n<p style=\"text-align: justify;\"><em>Wielotonowy przesuw i siła nacisku to błyskawiczny i nienaganny zacisk. Bardzo mocny napęd elektrohydrauliczny ze sprawnym silnikiem akumulatorowym 14,4 V, wydatek 380 W, wytrzymałą przekładnią planetarną, mimośrodową pompą i zwartym wysokowydajnym systemem hydraulicznym. Wersja ACC z automatycznym powrotem po wykonaniu zaciśnięcia. Bezpieczny włącznik impulsowy.</em></p>\n<p style=\"text-align: justify;\"></p>\n<p style=\"text-align: justify;\"><em><strong>Zasilanie akumulatorowe lub z sieci</strong></em></p>\n<p style=\"text-align: justify;\"></p>\n<p style=\"text-align: justify;\"><em>Akumulator Li-Ion 14,4 V o pojemności 2,2 Ah. Wysokowydajny i lekki. 20 % szybszy i 30 % lżejszy niż Ni-Cd 12 V. Wysoka gęstość energii dla ok. 50 % więcej zaciśnięć niż Ni-Cd 12 V. Akumulator Li-Ion 14,4 V, 2,2 Ah dla około 220 zaciśnieć Viega Profipress DN 15 na ładowanie. Ochrona przed przegrzaniem i przeładowaniem poprzez monitorowanie temperatury (NTC). Ładowarka szybkoładująca umożliwia kr&oacute;tki czas ładowania. Brak efektu pamięci zapewnia maksymalną wydajność. Zasilacz sieciowy 230 V dla zasilania sieciowego zamiast akumulatora Akku Li-Ion 14,4 V, jako osprzęt.</em></p>\n<p style=\"text-align: justify;\"></p>\n<p style=\"text-align: justify;\"><em><strong>Zakres dostawy</strong></em></p>\n<p style=\"text-align: justify;\"></p>\n<p style=\"text-align: justify;\"><em>REMS Akku-Press Li-Ion Basic-Pack. Akumulatorowa prasa promieniowa z sygnałem wyłączenia, do wykonywania połączeń zaciskowych &Oslash; 10&ndash;108 mm. Do napędu cęg&oacute;w zaciskowych/pętli zaciskowych REMS oraz odpowiednich cęg&oacute;w zaciskowych/pętli zaciskowych innych producent&oacute;w. Mocowanie cęg&oacute;w z automatycznym ryglowaniem. Elektrohydrauliczny napęd ze sprawnym silnikiem akumulatorowym 14,4 V, 380 W, z wytrzymałą przekładnią planetarną, mimośrodową pompą i zwartym wysokowydajnym systemem hydraulicznym. Bezpieczny włącznik impulsowy. Akumulator Li-Ion 14,4 V, 2,2 Ah, urządzenie szybkoładujące Li-Ion/Ni-Cd 230 V, 50&ndash;60 Hz, 65 W.</em></p>',0,NULL,0,NULL,NULL,NULL,'on','on','real'),(85,27,'Cęgi zaciskowe REMS','<p style=\"text-align: justify;\"><em>- Bardzo wytrzymałe cęgi zaciskowe z kutej i odpowiednio obrabianej stali specjalnej. </em><br /><em>- Właściwy dob&oacute;r surowca, dokładna obr&oacute;bka i specjalne hartowanie są niezbędne do dlugiego i niezawodnego funkcjonowania cęg&oacute;w zaciskowych REMS. </em></p>\n<p style=\"text-align: justify;\"><em>Podczas przebiegu zaciskania powstają na cęgach siły do 100 kN (10 t) , kt&oacute;re muszą być bezpiecznie przejęte przez cęgi. Cęgi zaciskowe REMS są dlatego wykonywane z kutej i odpowiednio hartowanej stali specjalnej o wysokiej wytrzymałości. Każdy odpowiedni dla systemu kontur zostaje wykonany wraz z odpowiednią obr&oacute;bka zewnętrzną i jego oznaczeniem wraz z rozmiarem rury w jednym przejściu na maszynie sterowanej numeryczniech. Zapewnia to precyzję i dokładność. oprzez specjalną obr&oacute;bkę cieplnąch cęg&oacute;w zaciskowych we własnej hartowni osiągana jest idealna kombinacja pomiędzy ciągliwością i twardością. Ten proces obr&oacute;bki gwarantuje, że wykonany kontur jest właściwy i wytrzyma zar&oacute;wno długie uzytkowanie jak i siły powstające przy zaciskaniu. Dzięki tym wysokim standardom jakości powstają na całym świecie milony niezawodnych zgodnych z systemem, pewnych połaczeń przy pomocy cęg&oacute;w REMS.</em></p>',0,NULL,0,NULL,NULL,NULL,'on','on','real'),(86,27,'Cęgi do lutowania REMS Hot Dog 2','<p style=\"text-align: justify;\"><em>Wysokowydajne, bardzo lekkie urządzenie elektryczne do lutowania miękkiego. Bez transformatora, bezpośrednio przyłączane do sieci.</em></p>',0,NULL,0,NULL,NULL,NULL,'on','on','real'),(87,27,'Elektryczna lutownica REMS Contact 2000','<p style=\"text-align: justify;\"><em>Zwarte, wysokowydajne elektronarzędzie do lutowania miękkiego. Z bezpiecznym transformatorem.</em></p>',0,NULL,0,NULL,NULL,NULL,'on','on','real'),(88,27,'Palnik do lutowania REMS Blitz','<p style=\"text-align: justify;\"><em>Poręczny palnik z samozapalaczem i turbo-zawirowaniem płomienia do szybkiego lutowania miękkiego &ndash; oszczędność gazu.</em></p>',0,NULL,0,NULL,NULL,NULL,'','on','real'),(89,27,'Palnik do lutowania REMS Macho','<p style=\"text-align: justify;\"><em>Poręczny palnik z samozapalaczem i turbo-zawirowaniem płomienia do szybkiego lutowania twardego i miękkiego - oszczędność gazu.</em></p>',0,NULL,0,NULL,NULL,NULL,'on','on','real'),(90,27,'Zamrażarka do rur REMS Eskimo','<p style=\"text-align: justify;\"><em>Łatwe, szybkie zamrażanie nieopr&oacute;żnionych rurociąg&oacute;w przy pomocy czynnika mrożącego dwutlenku węgla. Do napraw i rozbudowy instalacji rurowych. Rury stalowe, miedziane, z tworzywa sztucznego i stabilizowane &Oslash; ? &ndash; 2\" &Oslash; 10 &ndash; 60 mm Środek chłodzący: Dwutlenek węgla. Sprawność chłodzenia do &ndash;79&deg;C. Nietrujący, niepalny. REMS Eskimo &ndash; Zamrażanie zamiast opr&oacute;żniania. Bardzo szybko. Automatyczne doprowadzenie środka chłodzącego. Duża sprawność chłodząca np.: &frac34;\" rura stalowa tylko 5 min. Wyjątkowo wąskie, bardzo wytrzymałe opaski mrożące.</em></p>\n<p style=\"text-align: justify;\"></p>\n<p style=\"text-align: justify;\"><em><strong>Środek chłodzący</strong></em></p>\n<p style=\"text-align: justify;\"></p>\n<p style=\"text-align: justify;\"><em>Czynnik mrożący dwutlenek węgla o dużej wydajności mrożenia do &ndash;79&deg;C. Nietrujący. Niepalny. Łatwo dostępny.</em></p>\n<p style=\"text-align: justify;\"></p>\n<p style=\"text-align: justify;\"><em><strong>Konstrukcja</strong></em></p>\n<p style=\"text-align: justify;\"></p>\n<p style=\"text-align: justify;\"><em>Ciasno przylegające do rury opaski mrożące i doprowadzenie środka chłodzącego bezpośrednio do rury gwarantuje wyjątkowo kr&oacute;tki czas zamrażania oraz oszczędza zużycie środka chłodzącego. Możliwe jedno- i dwustronne zamrażanie, przy pomocy dodatkowych rozgałęzień możliwe podłączenie kolejnych opasek mrożących.</em></p>\n<p style=\"text-align: justify;\"></p>\n<p style=\"text-align: justify;\"><em><strong>Opaski mrożące</strong></em></p>\n<p style=\"text-align: justify;\"></p>\n<p style=\"text-align: justify;\"><em>Łatwy, błyskawiczny montaż bez specjalnych narzędzi. Wyjątkowo wąskie, bardzo elastyczne i bardzo wytrzymałe opaski mrożące z odpornego na niską temperaturę termoplastycznego elastomeru umożliwiają pracę r&oacute;wnież w ciasnych miejscach i zagłębieniach. Śruby montażowe zespolone z opaskami.</em></p>\n<p style=\"text-align: justify;\"></p>\n<p style=\"text-align: justify;\"><em><strong>Uchwyt z iniektorem</strong></em></p>\n<p style=\"text-align: justify;\"></p>\n<p style=\"text-align: justify;\"><em>Ergonomicznie uksztatowany uchwyt z tworzywa sztucznego przyjemny w pracy. Niełamliwy iniektor (dysza) z mosiądzu. Szybkie i pewne przyłączenie do opasek mrożących. Bez nastawiania, zawsze dopływa odpowiednia ilość środka mrożącego.</em></p>\n<p style=\"text-align: justify;\"></p>\n<p style=\"text-align: justify;\"><em><strong>Węże ciśnieniowe</strong></em></p>\n<p style=\"text-align: justify;\"></p>\n<p style=\"text-align: justify;\"><em>Elastyczne, niezałamujące się, niełamliwe węże ciśnieniowe. Bardzo długie, zapewniają duży zasięg pracy. Łatwe do przedłużenia. Obrotowa nakrętka kołpakowa zapobiega plątaniu się węży.</em></p>\n<p style=\"text-align: justify;\"></p>\n<p style=\"text-align: justify;\"><em><strong>Zakres dostawy<br /><br /></strong></em></p>\n<p style=\"text-align: justify;\"><em>REMS Eskimo Set. </em><br /><em>Zamrażarka do rur z czynnikiem mrożącym dwutlenkiem węgla. Do stalowych, miedzianych, z tworzywa i stabilizowanych rur &Oslash; ? &ndash; 2\", &Oslash; 10 &ndash; 60 mm. 10 par opasek mrożących do całego zakresu pracy, przyłącze do butli z rozgałęzieniem T, śruba mocująca, 2 uchwyty z iniektorami, 2 węże ciśnieniowe. W stabilnej walizce.</em></p>',0,NULL,0,NULL,NULL,NULL,'on','on','real'),(91,27,'Zamrażarka do rur REMS Frigo 2','<p style=\"text-align: justify;\"><em>Łatwe, szybkie zamrażanie, bez opr&oacute;żniania instalacji. Zamknięty obieg środka mrożącego. Przyjazna dla środowiska. Do napraw i rozbudowy instalacji rurowych. Rury stalowe, miedziane, z tworzywa sztucznego i stabilizowane &Oslash; ? &ndash; 2\" &Oslash; 10 &ndash; 60 mm Środek mrożący: R-404A. REMS Frigo 2 &ndash; elektryczne zamrażanie bez opr&oacute;żniania. Bardzo szybko do 2\". Duża wydajność chłodzenia, np.: rura stalowa &frac34;\" tylko 9min*. Wyjątkowo wąskie, opatentowane głowice mrożące, bardzo szybkie w montażu.</em></p>\n<p style=\"text-align: justify;\"></p>\n<p style=\"text-align: justify;\"><em><strong>Zalety systemu</strong></em></p>\n<p style=\"text-align: justify;\"></p>\n<p style=\"text-align: justify;\"><em>Tylko jedna zamrażarka dla całego zakresu pracy do 2\". Pojedyncze głowice mrożące dla podstawowego zakresu pracy &Oslash;&frac14; &ndash; 1\" lub &Oslash; 15 &ndash; 35 mm, bez konieczności stosowania dodatkowych wkładek redukujących. Wzmocnienie przenoszenia chłodzenia tylko poprzez spryskanie wodą. Zawsze czyste głowice chłodzące, nie potrzeba stosować żadnych past/smarowania.</em></p>\n<p style=\"text-align: justify;\"></p>\n<p style=\"text-align: justify;\"><em><strong>Zamknięty obieg środka mrożącego</strong></em></p>\n<p style=\"text-align: justify;\"></p>\n<p style=\"text-align: justify;\"><em>Elektryczna zamrażarka do rur z zamkniętym obiegiem środka mrożącego. Przyjaznydla środowiska.Szerokie zastosowanie, także w pomieszczeniach zamkniętych.Środek mrożący R-404A. Duża wydajność chłodzenia. Idealna do długo trwających napraw.</em></p>\n<p style=\"text-align: justify;\"></p>\n<p style=\"text-align: justify;\"><em><strong>Konstrukcja</strong></em></p>\n<p style=\"text-align: justify;\"></p>\n<p style=\"text-align: justify;\"><em>Mocna, zwarta. Wyjątkowo wąskie głowice mrożące i prostopadle do rur doprowadzone węże ze środkiem mrożącym umożliwiają pracę także w ciasnych stanowiskach i zagłębieniach. Jedno- i dwustronna możliwość zamrażania.</em></p>\n<p style=\"text-align: justify;\"></p>\n<p style=\"text-align: justify;\"><em><strong>Agregat chłodzący</strong></em></p>\n<p style=\"text-align: justify;\"></p>\n<p style=\"text-align: justify;\"><em>Bardzo cicha praca. Agregat chłodzący 430 W, w stabilnej obudowie z blachy z boczną kratką wentylacyjną dla optymalnego obiegu powietrza. Położony w g&oacute;rnej części, łatwo dostępny, duży schowek na węże i osprzęt. Waga tylko 23 kg. Łatwy do przenoszenia.</em></p>\n<p style=\"text-align: justify;\"></p>\n<p style=\"text-align: justify;\"><em><strong>Głowice mrożące</strong></em></p>\n<p style=\"text-align: justify;\"></p>\n<p style=\"text-align: justify;\"><em>Wyjątkowo kompaktowe głowice mrożące z geometrycznie ukształtowanymi wgłębieniami dla r&oacute;żnych średnic rur (Patent EP 1 108944, Patent US 6,434,52). Bardzo wąskie, tylko 50 mm szerokości. Szerokie zastosowanie, także w ciasnych miejscach. Wszystkie rozmiary rur od &Oslash; &frac14;&ndash;1\" względnie &Oslash; 15&ndash;35 mm mogą być zamrażane przez jedną głowicę mrożącą. Wkładki mrożące do pozostałego zakresu pracy &ndash; do &Oslash; 2\", 60 mm. Opaski mocujące do łatwego i szybkiego montażu głowic na rurach, bez narzędzi.</em></p>\n<p style=\"text-align: justify;\"></p>\n<p style=\"text-align: justify;\"><em><strong>Węże mrożące</strong></em></p>\n<p style=\"text-align: justify;\"></p>\n<p style=\"text-align: justify;\"><em>Elastyczne, bardzo długie (duży promień pracy) węże mrożące z odpornego na ścieranie, syntetycznego kauczuku.</em></p>\n<p style=\"text-align: justify;\"></p>\n<p style=\"text-align: justify;\"><em><strong>Ciekłokrystaliczny termometr cyfrowy</strong></em></p>\n<p style=\"text-align: justify;\"></p>\n<p style=\"text-align: justify;\"><em>Ciekłokrystaliczny termometr cyfrowy wskazuje dokładną temperaturę w miejscu mrożenia &ndash; jako osprzęt.</em></p>\n<p style=\"text-align: justify;\"></p>\n<p style=\"text-align: justify;\"><em><strong>Zakres dostawy<br /><br /></strong></em></p>\n<p style=\"text-align: justify;\"><em>REMS Frigo 2. </em><br /><em>Elektryczna zamrażarka do rur z zamkniętym obiegiem środka mrożącego. Do rur ze stali, miedzi, tworzywa i stabilizowanych, &Oslash; ? &ndash; 2\", &Oslash; 10 &ndash; 60 mm. Agregat chłodzący 230 V, 50 Hz, 430 W, 2 węże mrożące, 2 opaski mocujące, butelka ze spryskiwaczem. Wykonanie do &Oslash; &frac14; &ndash; 1&frac14;\", 15 &ndash; 42 mm. W stabilnej obudowie z blachy.</em></p>',0,NULL,0,NULL,NULL,NULL,'on','on','real'),(92,27,'Kamera inspekcyjna REMS CamSys 10 K','<p style=\"text-align: justify;\"><em>Kamera inspekcyjna REMS CamSys do rur &Oslash;40 do &Oslash; 150mm. </em><br /><br /><em>Bardzo lekki, wizyjny system kontroli do niedrogich inspekcji i analizy uszkodzeń rur. kanał&oacute;w, komin&oacute;w i innych pustych przestrzeni. Z elektronicznym zliczaniem metr&oacute;w. Także do inspekcji po czyszczeniu rur i do odbioru nowych i instalacji i napraw. Dokumentacja zdjęć i film&oacute;w na karcie SD.</em></p>',0,NULL,0,NULL,NULL,NULL,'','on','real'),(93,27,'Kamera inspekcyjna REMS CamSys 30H','<p style=\"text-align: justify;\"><em>Kamera inspekcyjna REMS CamSys do rur &Oslash;40 do &Oslash; 150mm. </em><br /><br /><em>Bardzo lekki, wizyjny system kontroli do niedrogich inspekcji i analizy uszkodzeń rur. kanał&oacute;w, komin&oacute;w i innych pustych przestrzeni. Z elektronicznym zliczaniem metr&oacute;w. Także do inspekcji po czyszczeniu rur i do odbioru nowych i instalacji i napraw. Dokumentacja zdjęć i film&oacute;w na karcie SD.</em></p>',0,NULL,0,NULL,NULL,NULL,'on','on','real'),(94,27,'Przepychacz do rur REMS COBRA 22','<p><em>Maszyna do czyszczenia rur REMS COBRA 22 o &Oslash; 20 -150 mm.</em></p>\n<p style=\"text-align: justify;\"><em><br /></em></p>\n<p style=\"text-align: justify;\"><em>Szybkoobrotowy zesp&oacute;ł napędowy, 740 min-1 z łączonymi spiralami, łańcuchami czyszczącymi lub frezami, zapewniają skuteczną, szybką pracę. Także w trudnych sytuacjach, np.: przy twardych czopach i twardych złogach. Spirale można łączyć w zależności od potrzeb do długości 70 m. Niepotrzebne jest wzmocnienie obrotu przy długich spiralach czyszczących.</em></p>\n<p style=\"text-align: justify;\"></p>\n<p style=\"text-align: justify;\"><em>Silna, praktyczna konstrukcja zabezpieczona przed bryzgami wody. Bezobsługowa. Małe wymiary, niewielka waga tylko 19 kg. Ramy maszyny z odpornego na skręcanie odlewu aluminiowego z osłonami z odpornego na uderzenia tworzywa. System zaciskania umieszczony poza obudową maszyny, przelotowe, zamknięte wrzeciono napędowe dla spirali czyszczących &ndash; to ochrona silnika i przekładni przed brudem i wodą. Wąż prowadzący zapobiega uderzeniom spirali, oraz zabrudzeniu otoczenia. Nogi z nakładkami gumowymi gwarantują stabilność, nie niszcząc podłoża.</em></p>\n<p style=\"text-align: justify;\"></p>\n<p style=\"text-align: justify;\"><em><strong>Wysokowydajne spirale czyszczące</strong></em></p>\n<p style=\"text-align: justify;\"></p>\n<p style=\"text-align: justify;\"><em>Specjalnie hartowane. Duża giętkość umożliwia łatwy posuw r&oacute;wnież w wąskich kolankach rur. Dzięki szybkozłączkom przedłużanie i skracanie jest błyskawiczne. Złącze w kszałcie T z zatrzaskiem w postaci wymiennego kołka na sprężynie. Manualny posuw do pracy z wyczuciem. Standardowe spirale czyszczące do uniwersalnych prac udrożnieniowych, bardzo elastyczne, szczeg&oacute;lnie przydatne do ciasnych, lub w dużej ilości występujących łuk&oacute;w. Spirale czyszczące S z grubego drutu, dla szczeg&oacute;lnie trudnych do przejścia zator&oacute;w, np.: do przecinania korzeni. Spirale czyszczące z rdzeniem z odpornego na warunki atmosferyczne i temperaturę tworzywa sztucznego zapobiegają osadzaniu się na nich brudu i wplątywaniu w zwoje wł&oacute;kien tworzących zator.</em></p>\n<p style=\"text-align: justify;\"></p>\n<p style=\"text-align: justify;\"><em><strong>Szczęki do napędu spirali</strong></em></p>\n<p style=\"text-align: justify;\"></p>\n<p style=\"text-align: justify;\"><em>Z wysokiej jakości hartowanej stali, odporne na ścieranie i dokładnie spasowane. Natychmiastowe dokładne zaciskanie i luzowanie spirali czyszczącej - optymalne sterowanie, przenoszenie sił i pewność działania. Do wyboru spirale czyszczące &Oslash; 16 lub 22 mm, bez wymiany szczęk. Spirale czyszczące &Oslash; 8 mm z przyłączanym bębnem i zespolonymi cęgami zaciskowymi jako osprzęt.</em></p>\n<p style=\"text-align: justify;\"></p>\n<p style=\"text-align: justify;\"><em><strong>Napęd</strong></em></p>\n<p style=\"text-align: justify;\"></p>\n<p style=\"text-align: justify;\"><em>Bardzo mocny, cicho pracujący silnik kondensatorowy z dużym momentem obrotowym, 750 W. Pełne przeniesienie wydajności silnika przez nieześlizgujący się bezobsługowy pasek zębaty. Przelotowe zamknięte wrzeciono napędowe. Zamknięte bezobsługowe łożyska kulkowe. Szybkie i pewne wprowadzanie do pracy i luzowanie spirali czyszczących dzięki mocnej centralnie ustawionej dźwigni z centralnym przekazaniem siły. Dźwignia jest jednocześnie bez dodatkowego zabezpieczania uchwytem przenośnym.</em></p>',0,NULL,0,NULL,NULL,NULL,'','on','real'),(95,27,'Przepychacz do rur REMS Cobra 32','<p style=\"text-align: justify;\"><em>Maszyna do czyszczenia rur REMS COBRA 32 o &Oslash; 50-250 mm.</em><br /><br /></p>\n<p style=\"text-align: justify;\"><em>Szybkoobrotowy zesp&oacute;ł napędowy 520 min-1, z łączonymi spiralami, łańcuchami czyszczącymi lub frezami, zapewniają skuteczną, szybką pracę. Także w trudnych sytuacjach, np.: przy twardych czopach i twardych złogach. Spirale można łączyć w zależności od potrzeb do długości 100 m. Niepotrzebne jest wzmocnienie obrotu przy długich spiralach czyszczących.</em></p>\n<p style=\"text-align: justify;\"></p>\n<p style=\"text-align: justify;\"><em><strong>Konstrukcja</strong></em></p>\n<p style=\"text-align: justify;\"></p>\n<p style=\"text-align: justify;\"><em>Silna, praktyczna konstrukcja, zabezpieczona przed bryzgami wody. Bezobsługowa. Małe wymiary, niewielka waga tylko 24 kg. Ramy maszyny z odpornego na skręcanie odlewu aluminiowego z osłonami z odpornego na uderzenia tworzywa. System zaciskania umieszczony poza obudową maszyny, przelotowe, zamknięte wrzeciono napędowe dla spirali czyszczących &ndash; to ochrona silnika i przekładni przed brudem i wodą. Wąż prowadzący zapobiega uderzeniom spirali, oraz zabrudzeniu otoczenia. Nogi z nakładkami gumowymi gwarantują stabilność, nie niszcząc podłoża.</em></p>\n<p style=\"text-align: justify;\"></p>\n<p style=\"text-align: justify;\"><em><strong>Wysokowydajne spirale czyszczące</strong></em></p>\n<p style=\"text-align: justify;\"></p>\n<p style=\"text-align: justify;\"><em>Specjalnie hartowane. Duża giętkość umożliwia łatwy posuw r&oacute;wnież w wąskich kolankach rur. Dzięki szybkozłączkom przedłużanie i skracanie jest błyskawiczne. Złącze w kszałcie T z zatrzaskiem w postaci wymiennego kołka na sprężynie. Manualny posuw do pracy z wyczuciem. Standardowe spirale czyszczące do uniwersalnych prac udrożnieniowych, bardzo elastyczne, szczeg&oacute;lnie przydatne do ciasnych, lub w dużej ilości występujących łuk&oacute;w. Spirale czyszczące S z grubego drutu, dla szczeg&oacute;lnie trudnych do przejścia zator&oacute;w, np.: do przecinania korzeni. Spirale czyszczące z rdzeniem z odpornego na warunki atmosferyczne i temperaturę tworzywa sztucznego zapobiegają osadzaniu się na nich brudu i wplątywaniu w zwoje wł&oacute;kien tworzących zator.</em></p>\n<p style=\"text-align: justify;\"></p>\n<p style=\"text-align: justify;\"><em><strong>Szczęki do napędu spirali</strong></em></p>\n<p style=\"text-align: justify;\"></p>\n<p style=\"text-align: justify;\"><em>Z wysokiej jakości hartowanej stali, odporne na ścieranie i dokładnie spasowane. Natychmiastowe dokładne zaciskanie i luzowanie spirali czyszczącej - optymalne sterowanie, przenoszenie sił i pewność działania. Do wyboru spirale &Oslash; 22 i 32 mm, bez konieczności zmiany szczęk zaciskowych. Spirale &Oslash; 16 mm ze szczękami 16, jako osprzęt.</em></p>\n<p style=\"text-align: justify;\"></p>\n<p style=\"text-align: justify;\"><em><strong>Napęd</strong></em></p>\n<p style=\"text-align: justify;\"></p>\n<p style=\"text-align: justify;\"><em>Bardzo mocny, cicho pracujący silnik kondensatorowy z dużym momentem obrotowym 1050 W, prawe- i lewe obroty. Pełne przeniesienie wydajności silnika przez nieześlizgujący się bezobsługowy pasek zębaty. Przelotowe zamknięte wrzeciono napędowe. Zamknięte bezobsługowe łożyska kulkowe. Szybkie i pewne wprowadzanie do pracy i luzowanie spirali czyszczących dzięki mocnej centralnie ustawionej dźwigni z centralnym przekazaniem siły. Dźwignia jest jednocześnie bez dodatkowego zabezpieczania uchwytem przenośnym.</em></p>',0,NULL,0,NULL,NULL,NULL,'on','on','real'),(96,27,'Przepychacz do rur REMS Mini Cobra A','<p style=\"text-align: justify;\"><em>Elektryczne urządzenie do czyszczenia rur &Oslash; 20-50 (75) mm.</em></p>\n<p style=\"text-align: justify;\"><em>Jednostka napędowa i bęben spirali połączone w jeden zesp&oacute;ł. Poręczna, lekka. Tylko 5,2 kg. Kombinowany uchwyt do pewnego prowadzenia urządzenia i sterowania automatycznego posuwu spirali do przodu i do tyłu. Łatwe udrożnianie r&oacute;wnież syfon&oacute;w i ciasnych kolanek. Bezproblemowe wprowadzanie spirali przez sito lub krzyżak w otworze umywalki lub zlewu. </em></p>\n<p style=\"text-align: justify;\"><em>Spirale czyszczące z wysokiej jakości rdzeniem ze specjalnie hartowanej stali sprężynowej. Duża elastyczność spirali umożliwia łatwy posuw, także przez ciasne kolanka. Końc&oacute;wka spirali uformowana na kształt maczugi łatwo przechodzi przez łuki. Spirale czyszczące z rdzeniem ze stali sprężynowej zapobiegają osadzaniu się na nich brudu i wplątaniu w zwoje wł&oacute;kien tworzących zator. </em></p>\n<p style=\"text-align: justify;\"><em>Bęben spirali zabezpieczony przed korozją bęben spirali ze wzmocnionego wł&oacute;knem szklanym tworzywa sztucznego. Gumowa uszczelka zapobiega rozpryskiwaniu się brudu. Wentylacja bębna umożliwia samodzielne wysychanie spirali. Konstrukcja bębna pozwala na obserwację spirali i daje użytkownikowi możliwość jej ciągłej kontroli. </em></p>\n<p style=\"text-align: justify;\"><em>Niezawodna jednostka napędowa. Wyjątkowo silna. Solidna, bezobsługowa przekładnia z poślizgowym sprzęgłem bezpieczeństwa. Uniwersalny silnik 600 W z wyjątkowo dużym momentem obrotowym w lewo i w prawo przy niskich obrotach. Bezstopniowa, elektroniczna regulacja obrot&oacute;w w zakresie od 0 do 550 min-1przy pomocy bezpiecznego włącznika impulsowego. Obroty regulowane są siłą nacisku na włącznik.</em></p>',0,NULL,0,NULL,NULL,NULL,'on','on','real'),(97,27,'Zgrzewarka do rur REMS EMSG 160','<p style=\"text-align: justify;\"><em>Wysokowydajny poręczny przyrząd do zgrzewania rur odpływowych i elektrozłączek z PE.</em></p>',0,NULL,0,NULL,NULL,NULL,'on','on','real'),(98,27,'Zgrzewarka do rur REMS MSG','<p style=\"text-align: justify;\"><em>Bardzo wydajne elektronarzędzia do ekonomicznego zgrzewania kształtek. Wszędzie do zastosowania, z wolnej ręki lub na stole warsztatowym.</em></p>',0,NULL,0,NULL,NULL,NULL,'on','on','real'),(99,0,'Zgrzewarka do rur REMS SSM 160KS','<p style=\"text-align: justify;\"><em>Mocna, niezawodna, łatwa do transporu, zwarta maszyna. Idealna do instalacji sanitarnych, układania rur odpływowych, remontu komin&oacute;w rurami PVDF. Na plac budowy i do warsztatu.</em></p>',0,NULL,0,NULL,NULL,NULL,'',NULL,'real'),(100,27,'Zgrzewarka do rur REMS SSM 160KS','<p style=\"text-align: justify;\"><em>Mocna, niezawodna, łatwa do transporu, zwarta maszyna. Idealna do instalacji sanitarnych, układania rur odpływowych, remontu komin&oacute;w rurami PVDF. Na plac budowy i do warsztatu.</em></p>',0,NULL,0,NULL,NULL,NULL,'on','on','real'),(101,27,'REMS Picus S1','<p style=\"text-align: justify;\"><em><span id=\"system-readmore\"><span id=\"system-readmore\"><span id=\"system-readmore\"><span id=\"system-readmore\"><span id=\"system-readmore\"><span id=\"system-readmore\"><span id=\"system-readmore\"><span id=\"system-readmore\"><span id=\"system-readmore\"><span id=\"system-readmore\"><span id=\"system-readmore\"><span id=\"system-readmore\"><span id=\"system-readmore\">Zestaw do wiercenia w betonie REMS PICUS S1 \"na mokro\" do &Oslash; 132mm</span></span></span></span></span></span></span></span></span></span></span></span></span>.</em><br /><br /></p>\n<p style=\"text-align: justify;\"><em><strong>Elektryczna wiertnica diamentowa</strong></em><br /><br /><em>Kompaktowe, poręczne elektronarzędzie do wiercenia rdzeniowego, np. w betonie, żelbecie, wszelkiego rodzaju murach, kamieniu naturalnym, asfalcie, wszelkiego rodzaju jastrychu. Wiercenie suche lub mokre, prowadzone z ręki lub przy pomocy stojaka. Do warsztatu i zastosowań przemysłowych.</em><br /><em>Beton, żelbet do &Oslash; 102 (132) mm</em><br /><em>Mur i inne do &Oslash; 162 mm</em><br /><em>Uniwersalne diamentowe koronki rdzeniowe, pasujące także do jednostek napędowych innych producent&oacute;w.</em><br /><br /></p>\n<p style=\"text-align: justify;\"><em>REMS Picus S1 &ndash; Wiercenie rdzeniowe zamiast dłutowania. Łatwo, szybko, bez wibracji.</em><br /><em>Jeden system &ndash; cztery zastosowania!</em><br /><em>Idealna dla instalatora!</em><br /><br /></p>\n<p style=\"text-align: justify;\"><em><strong>Uniwersalne zastosowanie</strong></em><br /><br /><em>Uniwersalna jednostka napędowa do wiercenia suchego lub mokrego, z ręki lub przy pomocy stojaka. Uniwersalne zastosowanie, w ciasnych narożnikach, przy płaszczyźnie ściennej. Nadające się do wielu materiał&oacute;w. Do instalacji rurowych i przeprowadzeń kabli, kanał&oacute;w wentylacyjnych, pr&oacute;bnych wierceń rdzeniowych.</em><br /><br /></p>\n<p style=\"text-align: justify;\"><em><strong>Zalety systemu</strong></em><br /><br /><em>Tylko jeden rodzaj uniwersalnych koron diamentowych dla wszystkich maszyn REMS Picus i odpowiednich maszyn innych producent&oacute;w umożliwia proste i ekonomiczne prowadzenie magazynu, bez możliwości pomylenia narzędzi.</em><br /><br /></p>\n<p style=\"text-align: justify;\"><em><strong>Konstrukcja</strong></em><br /><br /><em>Zwarta jednostka napędowa do bezwibracyjnego wiercenia rdzeniowego ze złączem gwintowanym zewnętrznie UNC 1&frac14;\" oraz wewnętrznie, G &frac12;\". Trwała, odpowiednia do warunk&oacute;w placu budowy konstrukcja. Bardzo lekka, tylko 5,2 kg.</em><br /><em>Łatwa, szybka praca, np. 200 mm w żelbetonie &Oslash; 62 mm tylko 3 min. Sprawdzona w praktyce rękojeść zamknięta i uchwyt pomocniczy podczas wiercenia z ręki. Kołnierz &Oslash; 60 mm do zamocowania jednostki napędowej w stojaku. System doprowadzający wodę do wierceń na mokro, z regulowanym zaworem odcinającym, złączem błyskawicznym z przerywaczem dopływu i przyłączem węża &frac12;\". Jako osprzęt: turbina do zasysania kurzu podczas wiercenia suchego z przyłączem dostandardowego odkurzacza.</em><br /><br /></p>\n<p style=\"text-align: justify;\"><em><strong>Napęd</strong></em><br /><br /><em>Solidny wydajny silnik uniwersalny 1850 W. Obroty wrzeciona pod obciążeniem: 580 min -1. Stabilna, bezobsługowa przekładnia. Ochrona przed zablokowaniem poprzez poślizgowe sprzęgło bezpieczeństwa. Wyłącznik impulsowy z blokadą.</em><br /><em>Kabel podłączeniowy ze zintegrowanym wyłącznikiem ochronnym (PRCD).</em><br /><br /></p>\n<p style=\"text-align: justify;\"><em><strong>Elektronika wielofunkcyjna</strong></em><br /><br /><em>Elektronika wielofunkcyjna obejmująca: ogranicznik prądu rozruchowego silnika dla miękkiego rozruchu podczas delikatnego nawiercania, automatyczny ogranicznik obrot&oacute;w na biegu jałowym w celu redukcji poziomu hałasu i oszczędzania silnika, zabezpieczenie silnika i przekładni przeciw przeciążeniu i zablokowaniu.</em><br /><br /></p>\n<p style=\"text-align: justify;\"><em><strong>Uniwersalne diamentowe koronki rdzeniowe</strong></em><br /><br /><em>Do wyboru, uniwersalne diamentowe koronki rdzeniowe REMS, lutowane indukcyjnie, regenerowalne, lub uniwersalne diamentowe koronki rdzeniowe REMS LS, spawane laserowo, odporne na wysoką temperaturę. Złącze gwintowane wewnętrznie UNC 1&frac14;\". Głębokość wiercenia 420 mm.</em><br /><em>Specjalnie zaprojektowane, wysokiej jakości segmenty diamentowe z dużą zawartością diamentu i specjalnym spoiwem w celu osiągnięcia wysokiej wydajności wiercenia i szczeg&oacute;lnie długiej żywotności. Idealne do uniwersalnych zastosowań w żel-betonie i murze. Jako osprzęt: łącznik umożliwiajacy zastosowanie koronek REMS z jednostkami napędowymi innych producent&oacute;w. Pierścień ułatwiający demontaż diamentowych koron rdzeniowych, jako osprzęt.</em><br /><br /></p>\n<p style=\"text-align: justify;\"><em><strong>Odsysanie pył&oacute;w wg EN 60335-2-69</strong></em><br /><br /><em>Podczas obr&oacute;bki materiał&oacute;w budowlanych takich jak np. beton, żelbet, mur, jastrych, występuje duża ilość kwarcowego, niebezpiecznego dla zdrowia mineralnego pyłu (drobny pył kwarcowy). Wdychanie drobnego pyłu kwarcowego jest szkodliwe dla zdrowia. Zgodnie z normą EN 60335-2-69 do odsysania pył&oacute;w niebezpiecznych dla zdrowia o wartości granicznej ekspozycji/wartości granicznej na stanowisku pracy &gt; 0,1 mg/m&sup3; należy używać odkurzaczy przemysłowych przeznaczonych co najmniej do pył&oacute;w klasy M. Uwzględnić przedmiotowe przepisy krajowe. Turbina ssąca do odsysania pyłu podczas wiercenia na sucho z przyłączem do REMS Pull oraz innych odpowiednich odkurzaczy, dostępna jako osprzęt. REMS Pull M, odkurzacz do pracy na sucho i mokro, certyfikowany, do odsysania pył&oacute;w niebezpiecznych dla zdrowia klasy M.</em><br /><br /></p>\n<p style=\"text-align: justify;\"><em><strong>Urządzenie do odprowadzania wody</strong></em><br /><br /><em>Urządzenie do odprowadzania wody do wiercenia na mokro do &Oslash; 170 mm, składające się z pierścienia zbierającego wodę z przyłączem do REMS Pull lub innego odpowiedniego mokrego odkurzacza, pierścienia zaciskowego, podkładki gumowej &Oslash; 200 mm i dopasowywanej do średnicy koronki rdzeniowej oraz uniwersalnego dociskacza dla wszystkich stojak&oacute;w do wiertnic REMS.</em><br /><br /></p>\n<p style=\"text-align: justify;\"><em><strong>Stojak do wiertnicy</strong></em><br /><br /><em>Możliwość zastosowania stojak&oacute;w RMES Simplex 2 lub REMS Titan.</em><br /><br /></p>\n<p style=\"text-align: justify;\"><em><strong>Zakres dostawy</strong></em><br /><br /><em>REMS Picus S1 Basic-Pack.</em><br /><em>Elektryczna wiertnica rdzeniowa diamentowa do wierceń rdzeniowych w betonie, żelbecie do &Oslash; 102 (132) mm, murze i innych materiałach do &Oslash;162 mm. Umożliwia wiercenie suche i mokre, z ręki lub przy pomocy stojaka. Jednostka napędowa ze złączem gwintowanym zewnętrznie UNC 1&frac14;\", wewnętrznie G &frac12;\", bezobsługową przekładnią wyposażoną w poślizgowe sprzęgło bezpieczeństwa, z uniwersalnym silnikiem 230 V, 50&ndash;60 Hz, 1850 W. Elektronika wielofunkcyjna z miękkim rozruchem, automatyczny ogranicznik obrot&oacute;w na biegu jałowym, zabezpieczenie przed przeciążeniem, zabezpieczenie przez zablokowaniem. Włącznik przyciskowy z blokadą pozycji włączonej, wyłącznik ochronny(PRCD). Obroty wrzeciona pod obciążeniem 580 min -1. Przyłącze wodne z regulowanym zaworem odcinającym i szybkozłączka z przerywaczem dopływu wody i mocowaniem węża &frac12;\". Uchwyt pomocniczy. Przyrząd do nawiercania G &frac12;\", klucz kołkowy sześciokątny SW 3, klucz płaski SW 32. W stabilnej stalowej skrzynce.</em></p>',0,NULL,0,NULL,NULL,NULL,'on','on','real'),(102,27,'REMS Picus SR','<p><em><span id=\"system-readmore\"><span id=\"system-readmore\"><span id=\"system-readmore\"><span id=\"system-readmore\"><span id=\"system-readmore\"><span id=\"system-readmore\"><span id=\"system-readmore\"><span id=\"system-readmore\"><span id=\"system-readmore\"><span id=\"system-readmore\"><span id=\"system-readmore\"><span id=\"system-readmore\"><span id=\"system-readmore\">Zestaw do wiercenia w betonie REMS PICUS SR \"na mokro\" do&nbsp;&Oslash; 200mm</span></span></span></span></span></span></span></span></span></span></span></span></span>.</em></p>\n<p></p>\n<p><em><strong>Elektryczna maszyna do wiercenia koronami diamentowymi z regulacją obrot&oacute;w.</strong></em></p>\n<p><em>Kompaktowe, poręczne elektronarzędzie do wiercenia rdzeniowego, np. w betonie, żelbecie, murach wszelkiego rodzaju, kamieniu naturalnym, asfalcie, jastrychu wszelkiego rodzaju. Z regulacją obrot&oacute;w. Wiercenie suche lub mokre, prowadzone z ręki lub przy pomocy stojaka. Do warsztatu i zastosowań przemysłowych.</em></p>',0,NULL,0,NULL,NULL,NULL,'','on','real'),(103,27,'REMS Picus S3','<p style=\"text-align: justify;\"><span id=\"system-readmore\"><span id=\"system-readmore\"><span id=\"system-readmore\"><span id=\"system-readmore\"><span id=\"system-readmore\"><span id=\"system-readmore\"><span id=\"system-readmore\"><span id=\"system-readmore\"><span id=\"system-readmore\"><span id=\"system-readmore\"><span id=\"system-readmore\"><span id=\"system-readmore\"><span id=\"system-readmore\">Zestaw do wiercenia w betonie REMS PICUS S3 \"na mokro\" do&nbsp;&Oslash; 152mm</span></span></span></span></span></span></span></span></span></span></span></span></span>.</p>\n<p style=\"text-align: justify;\"></p>\n<p style=\"text-align: justify;\">Wydajne, poręczne elektronarzędzie do wiercenia rdzeniowego, np. w betonie, żelbecie, murach wszelkiego rodzaju, kamieniu naturalnym, asfalcie, jastrychu wszelkiego rodzaju. Wiercenie suche lub mokre, prowadzone z ręki lub przy pomocy stojaka.<br />Do warsztatu i zastosowań przemysłowych.<br />Beton, żelbet do &Oslash; 152 (200) mm<br />Mur i inne do &Oslash; 250 mm<br />Uniwersalne diamentowe koronki rdzeniowe, pasujące także do jednostek napędowych innych producent&oacute;w.<br /><br /><br />REMS Picus S3 &ndash; Wiercenie rdzeniowe zamiast dłutowania. Łatwo, szybko, bez wibracji.<br />Jeden system &ndash; cztery zastosowania!<br />Idealna dla instalatora!<br /><br /></p>\n<p style=\"text-align: justify;\"><strong>Uniwersalne zastosowanie</strong><br /><br />Uniwersalna jednostka napędowa do wiercenia suchego lub mokrego, z ręki lub przy pomocy stojaka. Uniwersalne zastosowanie, w ciasnych narożnikach, przy płaszczyźnie ściennej. Wyjątkowo wszechstronna i wydajna, np. do wierceń w żelbetonie, murze i innych materiałach. Do instalacji rurowych i przeprowadzeń kabli, kanał&oacute;w wentylacyjnych, pr&oacute;bnych wierceń rdzeniowych.<br /><br /></p>\n<p style=\"text-align: justify;\"><strong>Zalety systemu</strong><br /><br />Tylko jeden rodzaj uniwersalnych koron diamentowych dla wszystkich maszyn REMS Picus i odpowiednich maszyn innych producent&oacute;w umożliwia proste i ekonomiczne prowadzenie magazynu, bez możliwości pomylenia narzędzi.<br /><br /></p>\n<p style=\"text-align: justify;\"><strong>Konstrukcja</strong><br /><br />Wydajna jednostka napędowa do bezwibracyjnego wiercenia rdzeniowego ze złączem gwintowanym zewnętrznie UNC 1&frac14;\" oraz wewnętrznie G &frac12;\". Zwarta, trwała, odpowiednia do warunk&oacute;w placu budowy konstrukcja. Tylko 7,4 kg. Łatwa, szybka praca, np. 200 mm w żelbetonie &Oslash; 62 mm tylko 3 min. Sprawdzona w praktyce rękojeść zamknięta i uchwyt pomocniczy podczas wiercenia z ręki. Kołnierz &Oslash; 60 mm do zamocowania jednostki napędowej w stojaku. System doprowadzający wodę do wierceń na mokro, z regulowanym zaworem odcinającym, złączem błyskawicznym z przerywaczem dopływu i przyłączem węża &frac12;\".<br />Jako osprzęt: turbina do zasysania kurzu podczas wiercenia suchego z przyłączem do standardowego odkurzacza.<br /><br /></p>\n<p style=\"text-align: justify;\"><strong>Napęd</strong><br /><br />Solidny wydajny silnik uniwersalny 2200 W. Stabilna, bezobsługowa trzystopniowa przekładnia umożliwiajaca optymalny dob&oacute;r obrot&oacute;w wrzeciona do średnicy wierconego otworu. Obroty wrzeciona pod obciążeniem: 530 min -1, 1280 min -1, 1780 min -1. Stabilna, bezobsługowa przekładnia. Ochrona przed zablokowaniem poprzez poślizgowe sprzęgło bezpieczeństwa. Wyłącznik impulsowy z blokadą. Kabel podłączeniowy ze zintegrowanym wyłącznikiem ochronnym (PRCD).<br /><br /></p>\n<p style=\"text-align: justify;\"><strong>Elektronika wielofunkcyjna</strong><br /><br />Elektronika wielofunkcyjna obejmująca: ogranicznik prądu rozruchowego silnika dla miękkiego rozruchu podczas delikatnego nawiercania, automatyczny ogranicznik obrot&oacute;w na biegu jałowym w celu redukcji poziomu hałasu i oszczędzania silnika, zabezpieczenie silnika i przekładni przeciw przeciążeniu i zablokowaniu.<br /><br /></p>\n<p style=\"text-align: justify;\"><strong>Uniwersalne diamentowe koronki rdzeniowe</strong><br /><br />Do wyboru, uniwersalne diamentowe koronki rdzeniowe REMS, lutowane indukcyjnie, regenerowalne, lub uniwersalne diamentowe koronki rdzeniowe REMS LS, spawane laserowo, odporne na wysoką temperaturę. Złącze gwintowane wewnętrznie UNC 1&frac14;\". Głębokość wiercenia 420 mm.<br />Specjalnie zaprojektowane, wysokiej jakości segmenty diamentowe z dużą zawartością diamentu i specjalnym spoiwem w celu osiągnięcia wysokiej wydajności wiercenia i szczeg&oacute;lnie długiej żywotności. Idealne do uniwersalnych zastosowań w żel-betonie i murze. Jako osprzęt: łącznik umożliwiajacy zastosowanie koronek REMS z jednostkami napędowymi innych producent&oacute;w. Pierścień ułatwiający demontaż diamentowych koron rdzeniowych, jako osprzęt.<br /><br /></p>\n<p style=\"text-align: justify;\"><strong>Odsysanie pył&oacute;w wg EN 60335-2-69</strong><br /><br />Podczas obr&oacute;bki materiał&oacute;w budowlanych takich jak np. beton, żelbet, mur, jastrych, występuje duża ilość kwarcowego, niebezpiecznego dla zdrowia mineralnego pyłu (drobny pył kwarcowy). Wdychanie drobnego pyłu kwarcowego jest szkodliwe dla zdrowia. Zgodnie z normą EN 60335-2-69 do odsysania pył&oacute;w niebezpiecznych dla zdrowia o wartości granicznej ekspozycji/wartości granicznej na stanowisku pracy &gt; 0,1 mg/m&sup3; należy używać odkurzaczy przemysłowych przeznaczonych co najmniej do pył&oacute;w klasy M. Uwzględnić przedmiotowe przepisy krajowe.<br />Turbina ssąca do odsysania pyłu podczas wiercenia na sucho z przyłączem do REMS Pull oraz innych odpowiednich odkurzaczy, dostępna jako osprzęt. REMS Pull M, odkurzacz do pracy na sucho i mokro, certyfikowany, do odsysania pył&oacute;w niebezpiecznych dla zdrowia klasy M.<br /><br /></p>\n<p style=\"text-align: justify;\"><strong>Urządzenie do odprowadzania wody</strong><br /><br />Urządzenie do odprowadzania wody do wiercenia na mokro do &Oslash; 170 mm, składające się z pierścienia zbierającego wodę z przyłączem do REMS Pull lub innego odpowiedniego mokrego odkurzacza, pierścienia zaciskowego, podkładki gumowej &Oslash; 200 mm i dopasowywanej do średnicy koronki rdzeniowej oraz&nbsp; uniwersalnego dociskacza dla wszystkich stojak&oacute;w do wiertnic REMS.<br /><br /></p>\n<p style=\"text-align: justify;\"><strong>Stojak do wiertnicy</strong><br /><br />Możliwość zastosowania stojak&oacute;w REMS Simplex 2 lub REMS Titan.<br /><br /></p>\n<p style=\"text-align: justify;\"><strong>Zakres dostawy</strong><br /><br />REMS Picus S3 Basic-Pack. Elektryczna wiertnica rdzeniowa diamentowa do wierceń rdzeniowych w betonie, żelbecie do &Oslash;152 (200) mm, murze i innych materiałach do &Oslash; 250 mm. Umożliwia wiercenie suche i mokre, z ręki lub przy pomocy stojaka. Jednostka napędowa ze złączem gwintowanym zewnętrznie UNC 1&frac14;\", wewnętrznie G &frac12;\", bezobsługową trzystopniową przekładnią wyposażoną w poślizgowe sprzęgło bezpieczeństwa, z uniwersalnym silnikiem 230 V, 50&ndash;60 Hz, 2200 W. Elektronika wielofunkcyjna z miękkim rozruchem, automatycznym ogranicznikiem obrot&oacute;w na biegu jałowym, zabezpieczeniem przedprzeciążeniem, zabezpieczeniem przez zablokowaniem i wyłącznikiem ochronnym(PRCD). Obroty wrzeciona pod obciążeniem: 530 min-1, 1280 min-1, 1780 min -1.<br />Przyłącze wodne z regulowanym zaworem odcinającym, szybkozłączką z przerywaczem dopływu wody i mocowaniem węża &frac12;\". Uchwyt pomocniczy. Klucz płaski SW 32. W stabilnej stalowej skrzynce.</p>',0,NULL,0,NULL,NULL,NULL,'on','on','real'),(104,27,'REMS Picus S2 / 3,5','<p><span id=\"system-readmore\"><span id=\"system-readmore\"><span id=\"system-readmore\"><span id=\"system-readmore\"><span id=\"system-readmore\"><span id=\"system-readmore\"><span id=\"system-readmore\"><span id=\"system-readmore\"><span id=\"system-readmore\"><span id=\"system-readmore\"><span id=\"system-readmore\"><span id=\"system-readmore\"><span id=\"system-readmore\">Zestaw do wiercenia w betonie REMS PICUS&nbsp;S2/3.5 \"na mokro\" do&nbsp;&Oslash; 300mm</span></span></span></span></span></span></span></span></span></span></span></span></span>.</p>\n<p><br />Wydajna, trwała wiertnica rdzeniowa do wiercenia rdzeniowego, np. w betonie, żelbecie, murach wszelkiego<br />rodzaju, kamieniu naturalnym, asfalcie, jastrychu wszelkiego rodzaju. Wiercenie na mokro i sucho ze stojakiem. Do instalacji, rzemiosła metali, przemysłu.</p>',0,NULL,0,NULL,NULL,NULL,'on','on','real');

--
-- Table structure for table `products_files`
--

CREATE TABLE `products_files` (
  `id_file_product` int(11) NOT NULL AUTO_INCREMENT,
  `id_gallery` tinyint(3) unsigned DEFAULT NULL,
  `id_file` int(10) unsigned DEFAULT NULL,
  `id_product` int(10) unsigned DEFAULT NULL,
  `type` enum('file','image','movie') DEFAULT NULL,
  `main_file` enum('yes','no') DEFAULT NULL,
  `ord` tinyint(3) unsigned DEFAULT NULL,
  PRIMARY KEY (`id_file_product`)
) ENGINE=InnoDB AUTO_INCREMENT=226 DEFAULT CHARSET=latin2;

--
-- Dumping data for table `products_files`
--

INSERT INTO `products_files` VALUES (1,63,0,20744,'image',NULL,1),(2,63,1,20744,'image',NULL,2),(3,63,0,20745,'image',NULL,1),(4,63,1,20745,'image',NULL,2),(5,63,0,20746,'image',NULL,1),(6,63,1,20746,'image',NULL,2),(9,50,71,1,'',NULL,1),(10,63,84,2,'image',NULL,1),(11,63,85,2,'image',NULL,2),(12,63,86,2,'image',NULL,3),(13,50,71,2,'file',NULL,1),(14,63,84,3,'image',NULL,1),(15,63,85,3,'image',NULL,2),(16,63,86,3,'image',NULL,3),(17,50,71,3,'file',NULL,1),(18,63,84,4,'image',NULL,1),(19,63,85,4,'image',NULL,2),(20,63,86,4,'image',NULL,3),(21,50,71,4,'file',NULL,1),(25,50,71,18,'file',NULL,1),(26,50,72,18,'file',NULL,2),(27,63,84,18,'image',NULL,1),(28,63,86,18,'image',NULL,2),(29,63,84,1,'image',NULL,1),(30,63,85,1,'image',NULL,2),(31,63,86,1,'image',NULL,3),(32,63,87,1,'image',NULL,4),(37,63,84,8,'image',NULL,1),(38,63,85,8,'image',NULL,2),(39,50,71,8,'file',NULL,1),(40,50,74,8,'file',NULL,2),(45,63,93,24,'image',NULL,1),(46,63,95,24,'image',NULL,2),(47,50,71,24,'file',NULL,1),(48,63,95,26,'image',NULL,1),(49,63,93,27,'image',NULL,1),(50,63,93,28,'image',NULL,1),(51,63,93,29,'image',NULL,1),(57,50,71,21,'file','',1),(58,50,72,21,'file','',2),(59,50,73,21,'file','',3),(66,63,93,21,'image','yes',1),(67,63,95,21,'image','no',2),(68,0,117,21,'file','no',1),(74,66,118,24,'movie','no',1),(75,66,119,21,'movie','no',1),(76,66,120,21,'movie','no',2),(79,69,134,30,'movie','no',1),(80,69,121,30,'movie','no',2),(81,69,135,31,'movie','no',1),(82,69,122,31,'movie','no',2),(83,70,136,32,'movie','no',1),(84,70,124,32,'movie','no',2),(85,69,137,33,'movie','no',1),(86,69,122,33,'movie','no',2),(87,69,121,34,'movie','no',1),(88,70,124,35,'movie','no',1),(89,70,125,36,'movie','no',1),(90,70,134,40,'movie','no',1),(91,70,135,40,'movie','no',2),(92,70,124,40,'movie','no',3),(93,71,134,43,'file','no',1),(94,71,134,44,'file','no',1),(95,71,135,44,'file','no',2),(96,70,124,44,'movie','no',1),(97,71,138,45,'file','no',1),(98,70,125,45,'movie','no',1),(99,71,137,46,'file','no',1),(100,70,124,46,'movie','no',1),(101,71,135,47,'file','no',1),(102,70,124,48,'movie','no',1),(103,71,136,49,'file','no',1),(104,69,121,50,'movie','no',1),(105,71,138,51,'file','no',1),(106,71,134,53,'file','no',1),(107,70,124,54,'movie','no',1),(110,75,150,48,'image','yes',1),(114,75,150,51,'image','no',1),(115,75,151,51,'image','no',2),(116,75,152,51,'image','yes',3),(117,75,153,35,'image','no',1),(118,75,154,35,'image','no',2),(119,75,155,35,'image','yes',3),(120,75,152,52,'image','yes',1),(121,75,155,50,'image','yes',1),(122,75,150,49,'image','no',1),(123,75,151,49,'image','yes',2),(124,75,152,49,'image','no',3),(125,75,153,34,'image','yes',1),(126,75,151,45,'image','yes',1),(127,75,152,45,'image','no',2),(128,75,153,45,'image','no',3),(129,75,150,47,'image','yes',1),(130,75,152,37,'image','yes',1),(131,75,154,31,'image','yes',1),(132,75,150,33,'image','yes',1),(133,75,155,32,'image','yes',1),(135,75,151,54,'image','yes',1),(136,75,153,46,'image','yes',1),(137,75,155,53,'image','yes',1),(138,75,152,55,'image','yes',1),(139,75,153,36,'image','yes',1),(140,75,150,30,'image','yes',1),(141,75,154,30,'image','no',2),(142,71,134,35,'file','no',1),(149,78,162,59,'movie','no',1),(151,78,162,60,'movie','no',1),(153,78,162,61,'movie','no',1),(155,78,167,62,'movie','no',1),(157,78,167,63,'movie','no',1),(159,78,167,64,'movie','no',1),(166,77,187,65,'image','no',1),(167,77,202,65,'image','yes',2),(168,77,206,62,'image','yes',1),(169,77,207,63,'image','yes',1),(170,77,208,64,'image','yes',1),(171,77,203,61,'image','yes',1),(172,77,212,60,'image','yes',1),(173,77,205,59,'image','yes',1),(174,77,210,70,'image','yes',1),(175,77,214,68,'image','yes',1),(176,77,215,67,'image','yes',1),(177,77,209,66,'image','yes',1),(179,80,217,71,'image','yes',1),(180,69,218,71,'movie','no',1),(181,80,219,72,'image','yes',1),(182,69,218,72,'movie','no',1),(183,80,220,73,'image','yes',1),(184,69,218,73,'movie','no',1),(185,80,221,74,'image','yes',1),(186,69,218,74,'movie','no',1),(187,80,222,75,'image','yes',1),(188,69,218,75,'movie','no',1),(189,80,223,76,'image','yes',1),(190,69,218,76,'movie','no',1),(191,81,224,77,'image','yes',1),(192,81,225,78,'image','yes',1),(193,81,226,79,'image','yes',1),(194,82,227,80,'image','yes',1),(195,82,229,81,'image','yes',1),(196,82,230,82,'image','yes',1),(197,82,231,83,'image','yes',1),(198,82,232,84,'image','yes',1),(199,82,233,85,'image','yes',1),(200,83,234,86,'image','yes',1),(201,83,235,87,'image','yes',1),(203,83,237,88,'image','yes',1),(204,83,238,89,'image','yes',1),(205,84,239,90,'image','yes',1),(206,84,240,90,'image','no',2),(207,84,241,91,'image','yes',1),(208,85,242,92,'image','yes',1),(209,85,243,93,'image','yes',1),(210,86,244,94,'image','yes',1),(211,86,245,95,'image','yes',1),(212,86,246,96,'image','yes',1),(213,87,247,97,'image','yes',1),(214,87,248,98,'image','yes',1),(215,87,249,99,'image','yes',1),(216,87,249,100,'image','yes',1),(217,88,250,101,'image','yes',1),(218,89,251,101,'movie','no',1),(220,89,251,102,'movie','no',1),(221,88,253,102,'image','yes',1),(222,88,254,103,'image','yes',1),(223,89,251,103,'movie','no',1),(224,88,255,104,'image','yes',1),(225,89,251,104,'movie','no',1);

--
-- Table structure for table `routs`
--

CREATE TABLE `routs` (
  `id` int(10) unsigned NOT NULL AUTO_INCREMENT,
  `id_content` int(10) unsigned DEFAULT NULL,
  `id_section` smallint(5) unsigned DEFAULT NULL,
  `url` varchar(255) DEFAULT NULL,
  PRIMARY KEY (`id`),
  KEY `id_content` (`id_content`),
  CONSTRAINT `routs_ibfk_1` FOREIGN KEY (`id_content`) REFERENCES `content` (`id_content`) ON DELETE CASCADE
) ENGINE=InnoDB AUTO_INCREMENT=538 DEFAULT CHARSET=latin2;

--
-- Dumping data for table `routs`
--

INSERT INTO `routs` VALUES (464,364,0,'page/364/'),(471,376,364,'page/376/364'),(472,377,364,'page/377/364'),(473,378,0,'page/378/'),(475,380,0,'page/380/'),(486,371,0,'page/371/'),(488,373,371,'page/373/371'),(491,384,378,'page/384/378'),(492,385,378,'page/385/378'),(494,387,378,'page/387/384'),(496,388,0,'page/388/0'),(507,383,364,'page/383/375'),(511,390,367,'page/390/367'),(512,391,367,'page/391/367'),(513,375,364,'page/375/364'),(519,374,371,'page/374/371'),(522,394,364,'page/394/377'),(523,395,364,'page/395/375'),(524,396,388,'page/396/388'),(525,392,364,'page/392/375'),(526,372,371,'page/372/371'),(530,367,0,'page/367/'),(531,386,378,'page/386/385'),(532,397,378,'page/397/384'),(533,398,378,'page/398/385'),(534,379,0,'page/379/'),(535,393,364,'page/393/376'),(536,389,388,'page/389/388'),(537,399,0,'page/399/');

--
-- Table structure for table `settings`
--

CREATE TABLE `settings` (
  `id_s` int(10) unsigned NOT NULL AUTO_INCREMENT,
  `key_s` varchar(20) COLLATE utf8_polish_ci DEFAULT NULL,
  `value_s` text COLLATE utf8_polish_ci,
  PRIMARY KEY (`id_s`)
) ENGINE=InnoDB AUTO_INCREMENT=11 DEFAULT CHARSET=utf8 COLLATE=utf8_polish_ci;

--
-- Dumping data for table `settings`
--

INSERT INTO `settings` VALUES (1,'logo','application/uploads/images/full_Lighthouse20.jpg'),(2,'ico','application/uploads/images/full_rollnut1.jpg'),(3,'title','55555555555555'),(4,'default_lang','2'),(5,'main_site','1sdf'),(6,'keywords','http://madkomrelacje.swgroup.nazwa.pl/pl/wladze-spolki'),(7,'description','1cxvcxv345345'),(8,'cookies','1fsdfsdf'),(9,'ip','1234'),(10,'break_t','0');

--
-- Table structure for table `stock`
--

CREATE TABLE `stock` (
  `data` date NOT NULL DEFAULT '0000-00-00',
  `kurs` float NOT NULL,
  `zmiana` float NOT NULL,
  `wartosc` float NOT NULL,
  PRIMARY KEY (`data`)
) ENGINE=InnoDB DEFAULT CHARSET=latin1;

--
-- Dumping data for table `stock`
--

INSERT INTO `stock` VALUES ('2012-08-09',0.27,35,85.35),('2012-08-10',0.29,7.41,7.79),('2012-08-13',0.33,13.79,3.56),('2012-08-14',0.27,-18.18,6.77),('2012-08-16',0.25,-7.41,3.52),('2012-08-17',0.22,-12,7.72),('2012-08-20',0.25,13.64,2.28),('2012-08-21',0.24,-4,1.31),('2012-08-22',0.22,-8.33,2.26),('2012-08-23',0.23,4.55,0.44),('2012-08-24',0.23,0,0),('2012-08-27',0.24,4.35,1.53),('2012-08-28',0.23,-4.17,0.11),('2012-08-29',0.21,-8.7,2.75),('2012-08-30',0.2,-4.76,0.48),('2012-08-31',0.18,-10,0.24),('2012-09-03',0.18,0,0.21),('2012-09-04',0.19,5.56,2.84),('2012-09-05',0.19,0,0),('2012-09-06',0.19,0,0),('2012-09-07',0.19,0,0),('2012-09-10',0.2,5.26,0.39),('2012-09-11',0.18,-10,0.32),('2012-09-12',0.16,-11.11,10.99),('2012-09-13',0.21,31.25,5.97),('2012-09-14',0.22,4.76,4.91),('2012-09-17',0.23,4.55,0.07),('2012-09-18',0.26,13.04,12.57),('2012-09-19',0.31,19.23,7.13),('2012-09-20',0.27,-12.9,10.95),('2012-09-21',0.27,0,1.93),('2012-09-24',0.27,0,4.98),('2012-09-25',0.27,0,0.22),('2012-09-26',0.24,-11.11,0.66),('2012-09-27',0.24,0,0),('2012-09-28',0.22,-8.33,1.14),('2012-10-01',0.22,0,0),('2012-10-02',0.24,9.09,0.12),('2012-10-03',0.21,-12.5,1.07),('2012-10-04',0.21,0,0),('2012-10-05',0.21,0,0),('2012-10-08',0.21,0,0),('2012-10-09',0.21,0,0),('2012-10-10',0.25,19.05,0.61),('2012-10-11',0.25,0,0),('2012-10-12',0.21,-16,2.68),('2012-10-15',0.22,4.76,0.44),('2012-10-16',0.21,-4.55,0.73),('2012-10-17',0.22,4.76,0.22),('2012-10-18',0.22,0,0),('2012-10-19',0.22,0,0),('2012-10-22',0.22,0,0),('2012-10-23',0.22,0,0),('2012-10-24',0.18,-18.18,0.58),('2012-10-25',0.18,0,0),('2012-10-26',0.19,5.56,0.19),('2012-10-29',0.17,-10.53,0.18),('2012-10-30',0.19,11.76,0.19),('2012-10-31',0.19,0,0),('2012-11-02',0.19,0,0),('2012-11-05',0.19,0,0),('2012-11-06',0.21,10.53,3.8),('2012-11-07',0.21,0,0.13),('2012-11-08',0.21,0,0.1),('2012-11-09',0.21,0,0),('2012-11-12',0.21,0,0.41),('2012-11-13',0.22,4.76,0.01),('2012-11-14',0.22,0,0),('2012-11-15',0.2,-9.09,2.12),('2012-11-16',0.2,0,0),('2012-11-19',0.2,0,0),('2012-11-20',0.2,0,0),('2012-11-21',0.17,-15,0.04),('2012-11-22',0.17,0,0),('2012-11-23',0.16,-5.88,0.04),('2012-11-26',0.16,0,0),('2012-11-27',0.17,6.25,0.18),('2012-11-28',0.19,11.76,0.42),('2012-11-29',0.19,0,0),('2012-11-30',0.19,0,0),('2012-12-03',0.18,-5.26,0.03),('2012-12-04',0.16,-11.11,0.43),('2012-12-05',0.16,0,0),('2012-12-06',0.16,0,0),('2012-12-07',0.16,0,0),('2012-12-10',0.17,6.25,0.17),('2012-12-11',0.17,0,0),('2012-12-12',0.17,0,0),('2012-12-13',0.17,0,0),('2012-12-14',0.17,0,0),('2012-12-17',0.17,0,0),('2012-12-18',0.17,0,0),('2012-12-19',0.17,0,0),('2012-12-20',0.17,0,0),('2012-12-21',0.17,0,0),('2012-12-27',0.17,0,0.01),('2012-12-28',0.16,-5.88,0.97),('2013-01-02',0.16,0,0),('2013-01-03',0.16,0,0),('2013-01-04',0.16,0,0),('2013-01-07',0.21,31.25,1.08),('2013-01-08',0.2,-4.76,0.2),('2013-01-09',0.2,0,0.05),('2013-01-10',0.2,0,0),('2013-01-11',0.2,0,0.1),('2013-01-14',0.2,0,0.22),('2013-01-15',0.2,0,0.02),('2013-01-16',0.19,-5,0.14),('2013-01-17',0.19,0,0.1),('2013-01-18',0.2,5.26,0.05),('2013-01-21',0.2,0,0),('2013-01-22',0.2,0,0),('2013-01-23',0.2,0,0),('2013-01-24',0.2,0,0),('2013-01-25',0.2,0,0),('2013-01-28',0.2,0,0),('2013-01-29',0.2,0,0),('2013-01-30',0.2,0,0),('2013-01-31',0.18,-10,0.36),('2013-02-01',0.18,0,0),('2013-02-04',0.18,0,0),('2013-02-05',0.15,-16.67,1.01),('2013-02-06',0.15,0,0),('2013-02-07',0.13,-13.33,1.44),('2013-02-08',0.13,0,0),('2013-02-11',0.15,15.38,0.72),('2013-02-12',0.15,0,4.54),('2013-02-13',0.15,0,0),('2013-02-14',0.12,-20,0.73),('2013-02-15',0.12,0,0.32),('2013-02-18',0.14,16.67,0.35),('2013-02-19',0.15,7.14,0.42),('2013-02-20',0.15,0,0),('2013-02-21',0.15,0,0),('2013-02-22',0.13,-13.33,0.1),('2013-02-25',0.13,0,0),('2013-02-26',0.13,0,0.07),('2013-02-27',0.13,0,0),('2013-02-28',0.13,0,0),('2013-03-01',0.13,0,0),('2013-03-04',0.18,38.46,25.19),('2013-03-05',0.16,-11.11,4.54),('2013-03-06',0.15,-6.25,2.37),('2013-03-07',0.15,0,0),('2013-03-08',0.15,0,0),('2013-03-11',0.15,0,0.54),('2013-03-12',0.15,0,0.23),('2013-03-13',0.15,0,0),('2013-03-14',0.15,0,0.31),('2013-03-15',0.15,0,0),('2013-03-18',0.16,6.67,20.78),('2013-03-19',0.16,0,0.16),('2013-03-20',0.16,0,0),('2013-03-21',0.18,12.5,0.8),('2013-03-22',0.16,-11.11,0.07),('2013-03-25',0.16,0,0),('2013-03-26',0.16,0,0),('2013-03-27',0.16,0,0),('2013-03-28',0.16,0,0.25),('2013-04-02',0.16,0,0),('2013-04-03',0.16,0,0.02),('2013-04-04',0.16,0,0.04),('2013-04-05',0.16,0,0.1),('2013-04-08',0.14,-12.5,2.86),('2013-04-09',0.14,0,0.02),('2013-04-10',0.14,0,0),('2013-04-11',0.14,0,0),('2013-04-12',0.14,0,0),('2013-04-15',0.14,0,0),('2013-04-17',0.14,0,0),('2013-04-18',0.14,0,0),('2013-04-19',0.14,0,0),('2013-04-22',0.14,0,0),('2013-04-23',0.14,0,0),('2013-04-24',0.14,0,0),('2013-04-25',0.14,0,0),('2013-04-26',0.14,0,0),('2013-04-29',0.14,0,0),('2013-04-30',0.14,0,0),('2013-05-02',0.14,0,0),('2013-05-06',0.14,0,0),('2013-05-07',0.14,0,0),('2013-05-08',0.14,0,0),('2013-05-09',0.15,7.14,0.04),('2013-05-10',0.15,0,0),('2013-05-13',0.15,0,0.02),('2013-05-14',0.15,0,0.12),('2013-05-15',0.15,0,0.18),('2013-05-16',0.15,0,0.2),('2013-05-17',0.15,0,0.08),('2013-05-20',0.15,0,0.17),('2013-05-21',0.15,0,0.11),('2013-05-22',0.15,0,0.17),('2013-05-23',0.15,0,0.08),('2013-05-24',0.15,0,0.03),('2013-05-27',0.15,0,0.04),('2013-05-28',0.14,-6.67,0.14),('2013-05-29',0.14,0,0),('2013-05-31',0.14,0,0),('2013-06-03',0.14,0,0),('2013-06-04',0.14,0,0),('2013-06-05',0.14,0,0),('2013-06-06',0.14,0,0),('2013-06-07',0.16,14.29,0.04),('2013-06-10',0.17,6.25,0.01),('2013-06-11',0.17,0,0),('2013-06-12',0.17,0,0),('2013-06-13',0.16,-5.88,0.48),('2013-06-14',0.16,0,0),('2013-06-17',0.16,0,0),('2013-06-18',0.16,0,0),('2013-06-19',0.16,0,0),('2013-06-20',0.16,0,0),('2013-06-21',0.17,6.25,0.09),('2013-06-24',0.17,0,0.04),('2013-06-25',0.17,0,0.02),('2013-06-26',0.17,0,0),('2013-06-27',0.17,0,0),('2013-06-28',0.16,-5.88,0.19),('2013-07-01',0.17,6.25,0.02),('2013-07-02',0.17,0,0.02),('2013-07-03',0.17,0,0.03),('2013-07-04',0.17,0,0),('2013-07-05',0.17,0,0.41),('2013-07-08',0.17,0,0.02),('2013-07-09',0.17,0,0.02),('2013-07-10',0.17,0,0.02),('2013-07-11',0.17,0,0.02),('2013-07-12',0.17,0,0.02),('2013-07-15',0.17,0,0.02),('2013-07-16',0.17,0,0.17),('2013-07-17',0.17,0,0),('2013-07-18',0.17,0,0),('2013-07-19',0.17,0,0),('2013-07-22',0.16,-5.88,1.04),('2013-07-23',0.16,0,0.04),('2013-07-24',0.16,0,0.06),('2013-07-25',0.16,0,0),('2013-07-26',0.16,0,0),('2013-07-29',0.16,0,0.07),('2013-07-30',0.16,0,0),('2013-07-31',0.16,0,0),('2013-08-01',0.16,0,0),('2013-08-02',0.16,0,0),('2013-08-05',0.16,0,0.04),('2013-08-06',0.16,0,0.04),('2013-08-07',0.16,0,0),('2013-08-08',0.16,0,0),('2013-08-09',0.16,0,0),('2013-08-12',0.16,0,0),('2013-08-13',0.16,0,0),('2013-08-14',0.16,0,0),('2013-08-16',0.16,0,0),('2013-08-19',0.17,6.25,0.04),('2013-08-20',0.17,0,0.03),('2013-08-21',0.17,0,0.25),('2013-08-22',0.17,0,0),('2013-08-23',0.17,0,0),('2013-08-26',0.17,0,0),('2013-08-27',0.18,5.88,0.02),('2013-08-28',0.18,0,0),('2013-08-29',0.17,-5.56,0.04),('2013-08-30',0.17,0,0.31),('2013-09-02',0.17,0,0.45),('2013-09-03',0.17,0,0.03),('2013-09-04',0.17,0,0.03),('2013-09-05',0.17,0,0),('2013-09-06',0.17,0,0),('2013-09-09',0.14,-17.65,0.83),('2013-09-10',0.14,0,0),('2013-09-11',0.14,0,0),('2013-09-12',0.14,0,0),('2013-09-13',0.14,0,0),('2013-09-16',0.17,21.43,0.29),('2013-09-17',0.17,0,0),('2013-09-18',0.17,0,0),('2013-09-19',0.17,0,0),('2013-09-20',0.17,0,0),('2013-09-23',0.17,0,0),('2013-09-24',0.17,0,0),('2013-09-25',0.16,-5.88,0.24),('2013-09-26',0.14,-12.5,0.67),('2013-09-27',0.14,0,0.05),('2013-09-30',0.15,7.14,0.15),('2013-10-01',0.15,0,0.15),('2013-10-02',0.15,0,0),('2013-10-03',0.15,0,0),('2013-10-04',0.15,0,0.15),('2013-10-07',0.15,0,0),('2013-10-08',0.15,0,0),('2013-10-09',0.15,0,0),('2013-10-10',0.15,0,0.15),('2013-10-11',0.15,0,0),('2013-10-14',0.15,0,0.08),('2013-10-15',0.16,6.67,0.32),('2013-10-16',0.16,0,0.03),('2013-10-17',0.16,0,0.02),('2013-10-18',0.16,0,0.04),('2013-10-21',0.16,0,0.04),('2013-10-22',0.16,0,0.04),('2013-10-23',0.16,0,0.03),('2013-10-24',0.16,0,0.03),('2013-10-25',0.16,0,0.02),('2013-10-28',0.17,6.25,22.47),('2013-10-29',0.17,0,23.86),('2013-10-30',0.17,0,13.03),('2013-10-31',0.19,11.76,3.62),('2013-11-04',0.2,5.26,0.69),('2013-11-05',0.23,15,2.13),('2013-11-06',0.23,0,1.37),('2013-11-07',0.23,0,0.1),('2013-11-08',0.24,4.35,1.56),('2013-11-12',0.24,0,0.02),('2013-11-13',0.23,-4.17,0.26),('2013-11-14',0.23,0,0),('2013-11-15',0.23,0,1.14),('2013-11-18',0.23,0,0.02),('2013-11-19',0.21,-8.7,0.99),('2013-11-20',0.23,9.52,2.23),('2013-11-21',0.21,-8.7,0.23),('2013-11-22',0.22,4.76,1.1),('2013-11-25',0.22,0,0.62),('2013-11-26',0.22,0,0.42),('2013-11-27',0.22,0,0.11),('2013-11-28',0.21,-4.55,0.13),('2013-11-29',0.23,9.52,0.27),('2013-12-02',0.2,-13.04,0.32),('2013-12-03',0.2,0,0.1),('2013-12-04',0.22,10,1.17),('2013-12-05',0.22,0,1.09),('2013-12-06',0.23,4.55,6.44),('2013-12-09',0.23,0,1.63),('2013-12-10',0.23,0,10.86),('2013-12-11',0.27,17.39,38.05),('2013-12-12',0.28,3.7,26.04),('2013-12-13',0.29,3.57,2.05),('2013-12-16',0.3,3.45,2.97),('2013-12-17',0.3,0,4.1),('2013-12-18',0.28,-6.67,1.29),('2013-12-19',0.29,3.57,3.2),('2013-12-20',0.29,0,4.6),('2013-12-23',0.31,6.9,6.59),('2013-12-27',0.31,0,0.02),('2013-12-30',0.3,-3.23,2.67),('2014-01-02',0.3,0,2.23),('2014-01-03',0.3,0,0.01),('2014-01-07',0.28,-6.67,0.72),('2014-01-08',0.26,-7.14,2.66),('2014-01-09',0.26,0,0),('2014-01-10',0.24,-7.69,0.44),('2014-01-13',0.3,25,2.58),('2014-01-14',0.3,0,0.03),('2014-01-15',0.28,-6.67,3.7),('2014-01-16',0.3,7.14,2.29),('2014-01-17',0.28,-6.67,3.06),('2014-01-20',0.28,0,0),('2014-01-21',0.28,0,8.28),('2014-01-22',0.24,-14.29,11.69),('2014-01-23',0.25,4.17,1.65),('2014-01-24',0.27,8,0.76),('2014-01-27',0.26,-3.7,0.07),('2014-01-28',0.27,3.85,0.48),('2014-01-29',0.27,0,0),('2014-01-30',0.28,3.7,0.56),('2014-01-31',0.29,3.57,0.75),('2014-02-03',0.27,-6.9,0.37),('2014-02-04',0.29,7.41,1.39),('2014-02-05',0.29,0,0.01),('2014-02-06',0.29,0,0.02),('2014-02-07',0.29,0,0),('2014-02-10',0.26,-10.34,2.09),('2014-02-11',0.26,0,0.29),('2014-02-12',0.27,3.85,0.03),('2014-02-13',0.27,0,0),('2014-02-14',0.27,0,0),('2014-02-17',0.28,3.7,1.54),('2014-02-18',0.26,-7.14,3.43),('2014-02-19',0.25,-3.85,0.09),('2014-02-20',0.25,0,1.93),('2014-02-21',0.22,-12,0.44),('2014-02-24',0.25,13.64,1.16),('2014-02-25',0.24,-4,0.66),('2014-02-26',0.24,0,0),('2014-02-27',0.24,0,0),('2014-02-28',0.24,0,0),('2014-03-03',0.22,-8.33,2.08),('2014-03-04',0.25,13.64,0.82),('2014-03-05',0.23,-8,1.24),('2014-03-06',0.23,0,0),('2014-03-07',0.2,-13.04,0.54),('2014-03-10',0.2,0,2.6),('2014-03-11',0.21,5,0.25),('2014-03-12',0.2,-4.76,1.81),('2014-03-13',0.2,0,1.18),('2014-03-14',0.2,0,2.02),('2014-03-17',0.21,5,0.28),('2014-03-18',0.21,0,0),('2014-03-19',0.18,-14.29,0.37),('2014-03-20',0.19,5.56,0.47),('2014-03-21',0.2,5.26,0.1),('2014-03-24',0.2,0,0),('2014-03-25',0.2,0,0),('2014-03-26',0.2,0,0.35),('2014-03-27',0.2,0,0),('2014-03-28',0.21,5,0),('2014-03-31',0.21,0,0),('2014-04-01',0.21,0,0.12),('2014-04-02',0.22,4.76,0.25),('2014-04-03',0.22,0,0),('2014-04-04',0.22,0,0.24),('2014-04-07',0.22,0,0),('2014-04-08',0.21,-4.55,0.21),('2014-04-09',0.21,0,0),('2014-04-10',0.22,4.76,0),('2014-04-11',0.22,0,0.44),('2014-04-14',0.22,0,2.12),('2014-04-15',0.21,-4.55,1.26),('2014-04-16',0.23,9.52,2.36),('2014-04-17',0.24,4.35,0.01),('2014-04-22',0.27,12.5,1.21),('2014-04-23',0.27,0,0.04),('2014-04-24',0.26,-3.7,0.1),('2014-04-25',0.26,0,0),('2014-04-28',0.24,-7.69,1.32),('2014-04-29',0.24,0,0.04),('2014-04-30',0.24,0,0.25),('2014-05-02',0.24,0,0.02),('2014-05-05',0.24,0,0.03),('2014-05-06',0.26,8.33,0.68),('2014-05-07',0.28,7.69,0.89),('2014-05-08',0.27,-3.57,0.28),('2014-05-09',0.26,-3.7,0.04),('2014-05-12',0.26,0,0.33),('2014-05-13',0.27,3.85,0),('2014-05-14',0.27,0,0.03),('2014-05-15',0.27,0,0),('2014-05-16',0.27,0,0),('2014-05-19',0.27,0,0),('2014-05-20',0.25,-7.41,0.5),('2014-05-21',0.24,-4,5.23),('2014-05-22',0.24,0,1.11),('2014-05-23',0.25,4.17,1.01),('2014-05-26',0.25,0,0.07),('2014-05-27',0.25,0,0),('2014-05-28',0.25,0,0),('2014-05-29',0.25,0,0),('2014-05-30',0.25,0.8,0),('2014-06-02',0.25,0,0),('2014-06-03',0.25,0,0),('2014-06-04',0.24,-4,0.39),('2014-06-05',0.24,0,0.11),('2014-06-06',0.24,0,0.05),('2014-06-09',0.24,0,0.02),('2014-06-10',0.23,-4.17,0.12),('2014-06-11',0.23,0,0.14),('2014-06-12',0.23,0,0.14),('2014-06-13',0.23,0,0),('2014-06-16',0.21,-8.7,1.58),('2014-06-17',0.21,0,0),('2014-06-18',0.22,4.76,0.02),('2014-06-20',0.22,0,0),('2014-06-23',0.22,0,0.17),('2014-06-24',0.22,0,0.32),('2014-06-25',0.22,0,0.02),('2014-06-26',0.22,0,0.3),('2014-06-27',0.22,0,0.65),('2014-06-30',0.22,0,0),('2014-07-01',0.23,4.55,0.08),('2014-07-02',0.23,0,0.05),('2014-07-03',0.32,39.13,9.38),('2014-07-04',0.29,-9.38,1.29),('2014-07-07',0.29,0,0.03),('2014-07-08',0.28,-3.45,0.08),('2014-07-09',0.26,-7.14,3.37),('2014-07-10',0.26,0,0),('2014-07-11',0.23,-11.54,2.09),('2014-07-14',0.26,13.04,0.17),('2014-07-15',0.26,0,0),('2014-07-16',0.26,0,0),('2014-07-17',0.26,0,0),('2014-07-18',0.28,7.69,0.84),('2014-07-21',0.28,0,0),('2014-07-22',0.28,0,0),('2014-07-23',0.26,-7.14,0),('2014-07-24',0.26,0,0),('2014-07-25',0.27,3.85,0.01),('2014-07-28',0.27,0,0),('2014-07-29',0.27,0,0),('2014-07-30',0.27,0,0.43),('2014-07-31',0.27,0,0),('2014-08-01',0.27,0,0),('2014-08-04',0.28,3.7,0.29),('2014-08-05',0.29,3.57,0.01),('2014-08-06',0.26,-10.34,0.41),('2014-08-07',0.26,0,0),('2014-08-08',0.26,0,4.72),('2014-08-11',0.26,0,0),('2014-08-12',0.26,0,0),('2014-08-13',0.26,0,0),('2014-08-14',0.24,-7.69,0.02),('2014-08-18',0.24,0,0.07),('2014-08-19',0.26,8.33,5.17),('2014-08-20',0.24,-7.69,2.97),('2014-08-21',0.24,0,0.53),('2014-08-22',0.24,0,0),('2014-08-23',0.24,0,0),('2014-08-24',0.24,0,0),('2014-08-25',0.23,-4.17,0.1),('2014-08-26',0.24,4.35,0.02),('2014-08-27',0.24,0,0.97),('2014-08-28',0.24,0,0),('2014-08-29',0.24,0,0),('2014-08-30',0.24,0,0),('2014-08-31',0.24,0,0),('2014-09-01',0.24,0,0),('2014-09-02',0.24,0,0),('2014-09-03',0.24,0,0),('2014-09-04',0.24,0,0),('2014-09-05',0.24,0,0),('2014-09-06',0.24,0,0),('2014-09-07',0.24,0,0),('2014-09-08',0.24,0,0),('2014-09-09',0.24,0,0),('2014-09-10',0.24,0,0),('2014-09-11',2,-16.67,6.39),('2014-09-12',2.1,5,6),('2014-09-13',2.1,5,6),('2014-09-14',2.1,5,6),('2014-09-15',2.09,-0.48,1.32),('2014-09-16',2.09,0,0.63),('2014-09-17',2.11,0.96,0.1),('2014-09-18',2.11,0,0.57),('2014-09-19',2.13,0.95,0.04),('2014-09-20',2.13,0.95,0.04),('2014-09-21',2.13,0.95,0.04),('2014-09-22',2.13,0,0),('2014-09-23',2.11,-0.94,0.13),('2014-09-24',2.11,0,0),('2014-09-25',2.12,0.47,0.23),('2014-09-26',2.13,0.47,0.45),('2014-09-27',2.13,0.47,0.45),('2014-09-28',2.13,0.47,0.45),('2014-09-29',2.21,3.76,2.08),('2014-09-30',2.24,1.36,1.55),('2014-10-01',2.17,-3.13,0.21),('2014-10-02',2.17,0,0),('2014-10-03',2.17,0,0),('2014-10-04',2.17,0,0),('2014-10-05',2.17,0,0),('2014-10-06',2.31,6.45,6.47),('2014-10-07',2.4,3.9,5.16),('2014-10-08',2.48,3.33,9.36),('2014-10-09',2.75,10.89,39.8),('2014-10-10',2.7,-1.82,19.09),('2014-10-11',2.7,-1.82,19.09),('2014-10-12',2.7,-1.82,19.09),('2014-10-13',2.65,-1.85,12.22),('2014-10-14',2.55,-3.77,9.68),('2014-10-15',2.6,1.96,3.48),('2014-10-16',2.4,-7.69,8.28),('2014-10-17',2.54,5.83,4.36),('2014-10-18',2.54,5.83,4.36),('2014-10-19',2.54,5.83,4.36),('2014-10-20',2.41,-5.12,1.5),('2014-10-21',2.41,0,0.27),('2014-10-22',2.41,0,0),('2014-10-23',2.37,-1.65,0.63),('2014-10-24',2.37,0,0),('2014-10-25',2.37,0,0),('2014-10-26',2.37,0,0),('2014-10-27',2.52,6.33,12.04),('2014-10-28',2.4,-4.76,2.17),('2014-10-29',2.37,-1.25,2.16),('2014-10-30',2.32,-1.28,0.17),('2014-10-31',2.35,1.29,0.98),('2014-11-01',2.35,1.29,0.98),('2014-11-02',2.35,1.29,0.98),('2014-11-03',2.35,0,0),('2014-11-04',2.33,-0.85,0.47),('2014-11-05',2.35,0.86,0.24),('2014-11-06',2.36,0.43,1.5),('2014-11-07',2.37,0.42,0.24),('2014-11-08',2.37,0.42,0.24),('2014-11-09',2.37,0.42,0.24),('2014-11-10',2.38,0.42,0.8),('2014-11-11',2.38,0.42,0.8),('2014-11-12',2.37,-0.42,0.24),('2014-11-13',2.32,-2.11,0.63),('2014-11-14',2.37,2.16,0.24),('2014-11-15',2.37,2.16,0.24),('2014-11-16',2.37,2.16,0.24),('2014-11-17',2.09,-11.81,31.58),('2014-11-18',2.15,2.87,1.17),('2014-11-19',2.22,3.26,1.67),('2014-11-20',2.15,-3.15,0.65),('2014-11-21',2.22,3.26,1.44),('2014-11-22',2.22,3.26,1.44),('2014-11-23',2.22,3.26,1.44),('2014-11-24',2.3,3.6,6.14),('2014-11-25',2.23,-3.04,0.79),('2014-11-26',2.5,12.11,73.83),('2014-11-27',2.48,-0.8,3.94),('2014-11-28',2.41,-2.82,2.06),('2014-11-29',2.41,-2.82,2.06),('2014-11-30',2.41,-2.82,2.06),('2014-12-01',2.3,-4.56,0.7),('2014-12-02',2.35,2.17,8.54),('2014-12-03',2.35,0,0),('2014-12-04',2.1,-10.64,7.27),('2014-12-05',2.16,2.86,5.97),('2014-12-06',2.16,2.86,5.97),('2014-12-07',2.16,2.86,5.97),('2014-12-08',2.28,5.56,20.68),('2014-12-09',2.25,-1.32,2.61),('2014-12-10',2.18,-3.11,60.59),('2014-12-11',2.18,0,0.11),('2014-12-12',2.11,-3.21,0.42),('2014-12-13',2.11,-3.21,0.42),('2014-12-14',2.11,-3.21,0.42),('2014-12-15',2.11,0,0),('2014-12-16',2.15,1.9,0.87),('2014-12-17',2.1,-2.33,4.1),('2014-12-18',2.1,0,0),('2014-12-19',2.08,-0.95,0.19),('2014-12-20',2.08,-0.95,0.19),('2014-12-21',2.08,-0.95,0.19),('2014-12-22',2.11,1.44,0.63),('2014-12-23',2.11,0,105.85),('2014-12-24',2.11,0,105.85),('2014-12-25',2.11,0,105.85),('2014-12-26',2.11,0,105.85),('2014-12-27',2.11,0,105.85),('2014-12-28',2.11,0,105.85),('2014-12-29',2.1,-0.47,0.42),('2014-12-30',2.12,0.95,0.11),('2014-12-31',2.12,0.95,0.11),('2015-01-01',2.12,0.95,0.11),('2015-01-02',2.09,-1.42,1.19),('2015-01-03',2.09,-1.42,1.19),('2015-01-04',2.09,-1.42,1.19),('2015-01-05',2.09,0,1.5),('2015-01-06',2.09,0,1.5),('2015-01-07',2.09,0,0.99),('2015-01-08',2.09,0,0.26),('2015-01-09',2.09,0,0.21),('2015-01-10',2.09,0,0.21),('2015-01-11',2.09,0,0.21),('2015-01-12',2.06,-1.44,0.2),('2015-01-13',2.08,0.97,1.14),('2015-01-14',2.11,1.44,2.5),('2015-01-15',2.08,-1.42,2.89),('2015-01-16',2,-3.85,1.1),('2015-01-17',2,-3.85,1.1),('2015-01-18',2,-3.85,1.1),('2015-01-19',1.97,-1.5,1.01),('2015-01-20',1.94,-1.52,4.21),('2015-01-21',1.9,-2.06,3.35),('2015-01-22',2.05,7.89,4.42),('2015-01-23',2.04,-0.49,1.67),('2015-01-24',2.04,-0.49,1.67),('2015-01-25',2.04,-0.49,1.67),('2015-01-26',1.93,-5.39,0.3),('2015-01-27',2.02,4.66,0.1),('2015-01-28',2.04,0.99,0.45),('2015-01-29',2.02,-0.98,1.42),('2015-01-30',2.04,0.99,0.6),('2015-01-31',2.04,0.99,0.6),('2015-02-01',2.04,0.99,0.6),('2015-02-02',2.05,0.49,0.1),('2015-02-03',2.11,2.93,4.32),('2015-02-04',2.2,4.27,0.03),('2015-02-05',2,-9.09,2.69),('2015-02-06',2.1,5,3.72),('2015-02-07',2.1,5,3.72),('2015-02-08',2.1,5,3.72),('2015-02-09',2.1,0,0.42),('2015-02-10',2,-4.76,8.71),('2015-02-11',1.59,-20.5,3.28),('2015-02-12',1.75,10.06,12.04),('2015-02-13',1.87,6.86,3.55),('2015-02-14',1.87,6.86,3.55),('2015-02-15',1.87,6.86,3.55),('2015-02-16',1.85,-1.07,11.02),('2015-02-17',1.89,2.16,5.62),('2015-02-18',2,5.82,7.67),('2015-02-19',2.18,9,9.49),('2015-02-20',2.2,0.92,10.86),('2015-02-21',2.2,0.92,10.86),('2015-02-22',2.2,0.92,10.86),('2015-02-23',2.2,0,7.84),('2015-02-24',2.2,0,2.51),('2015-02-25',2,-9.09,5.24),('2015-02-26',1.93,-3.5,3.14),('2015-02-27',1.99,3.11,0.02),('2015-02-28',1.99,3.11,0.02),('2015-03-01',1.99,3.11,0.02),('2015-03-02',1.93,-3.02,0.5),('2015-03-03',1.95,1.04,4.62),('2015-03-04',1.99,2.05,1),('2015-03-05',2.04,2.51,2.18),('2015-03-06',2.07,1.47,0.21),('2015-03-07',2.07,1.47,0.21),('2015-03-08',2.07,1.47,0.21),('2015-03-09',2.07,1.47,0.21),('2015-03-10',2.05,2.5,0.21),('2015-03-11',2.02,-1.46,0.77),('2015-03-12',1.85,-8.42,6),('2015-03-13',1.93,4.32,6.7),('2015-03-14',1.93,4.32,6.7),('2015-03-15',1.93,4.32,6.7),('2015-03-16',1.81,-6.22,3.96),('2015-03-17',1.9,4.97,0.82),('2015-03-18',1.98,4.21,1.22),('2015-03-19',1.95,-1.52,7.09),('2015-03-20',1.94,-0.51,1.03),('2015-03-21',1.94,-0.51,1.03),('2015-03-22',1.94,-0.51,1.03),('2015-03-23',1.88,-3.09,1.86),('2015-03-24',1.8,-4.26,0.9),('2015-03-25',1.83,1.67,0.73),('2015-03-26',1.83,0,0.03),('2015-03-27',1.78,-2.73,0.88),('2015-03-28',1.78,-2.73,0.88),('2015-03-29',1.78,-2.73,0.88),('2015-03-30',1.9,6.74,0.04),('2015-03-31',1.8,-5.26,1.21),('2015-04-01',1.8,0,1.32),('2015-04-02',2.28,26.67,110.26),('2015-04-03',2.28,26.67,110.26),('2015-04-04',2.28,26.67,110.26),('2015-04-05',2.28,26.67,110.26),('2015-04-06',2.28,26.67,110.26),('2015-04-07',1.95,2.63,0.39),('2015-04-08',1.95,0,0),('2015-04-09',1.95,0,0),('2015-04-10',1.95,0,0),('2015-04-11',1.95,0,0),('2015-04-12',1.95,0,0),('2015-04-13',1.9,-2.56,0.19),('2015-04-14',1.9,0,0.1),('2015-04-15',1.9,0,0),('2015-04-16',2.01,5.79,14.05),('2015-04-17',2.05,1.99,0.54),('2015-04-18',2.05,1.99,0.54),('2015-04-19',2.05,1.99,0.54),('2015-04-20',2.06,0.49,0.1),('2015-04-21',2.02,-1.94,1.83),('2015-04-22',2.05,1.49,108.84),('2015-04-23',1.95,-2.5,100.99),('2015-04-24',1.95,0,0),('2015-04-25',1.95,0,0),('2015-04-26',1.95,0,0),('2015-04-27',2,2.56,1.98),('2015-04-28',2.04,2,0.21),('2015-04-29',1.93,-5.39,200.92),('2015-04-30',2.1,8.81,139.4),('2015-05-01',2.1,8.81,139.4),('2015-05-02',2.1,8.81,139.4),('2015-05-03',2.1,8.81,139.4),('2015-05-04',1.99,0,0),('2015-05-05',2,0.5,6.61),('2015-05-06',2.04,2,0.1),('2015-05-07',2.1,2.94,8),('2015-05-08',2.1,0,0),('2015-05-09',2.1,0,0),('2015-05-10',2.1,0,0),('2015-05-11',2.11,0.48,1.59),('2015-05-12',2.2,4.27,36.74),('2015-05-13',2.2,0,9.93),('2015-05-14',2.3,4.55,0.16),('2015-05-15',2.28,-0.87,2.13),('2015-05-16',2.28,-0.87,2.13),('2015-05-17',2.28,-0.87,2.13),('2015-05-18',2.28,0,0),('2015-05-19',2.03,-10.96,7.67),('2015-05-20',2.03,0,0.51),('2015-05-21',2.03,0,0),('2015-05-22',2.03,0,0.87),('2015-05-23',2.03,0,0.87),('2015-05-24',2.03,0,0.87),('2015-05-25',2.03,0,6.08),('2015-05-26',1.97,-2.96,0.19),('2015-05-27',1.97,0,0),('2015-05-28',1.97,0,0.04),('2015-05-29',1.97,0,0),('2015-05-30',1.97,0,0),('2015-05-31',1.97,0,0),('2015-06-01',1.97,0,0),('2015-06-02',2.28,15.74,14.98),('2015-06-03',2.28,0,1.63),('2015-06-04',2.28,0,1.63),('2015-06-05',2.2,-3.51,0.02),('2015-06-06',2.2,-3.51,0.02),('2015-06-07',2.2,-3.51,0.02),('2015-06-08',2.2,0,0),('2015-06-09',2.2,0,2.11),('2015-06-10',2.14,-2.73,0.02),('2015-06-11',2.17,1.4,2.25),('2015-06-12',2.17,0,0.32),('2015-06-13',2.17,0,0.32),('2015-06-14',2.17,0,0.32),('2015-06-15',1.98,-8.76,1.41),('2015-06-16',1.98,0,0),('2015-06-17',1.96,-1.01,4.62),('2015-06-18',1.94,-1.02,0.78),('2015-06-19',1.88,-3.09,7.6),('2015-06-20',1.88,-3.09,7.6),('2015-06-21',1.88,-3.09,7.6),('2015-06-22',1.88,0,0),('2015-06-23',1.89,0.53,1.14),('2015-06-24',1.89,0,0),('2015-06-25',1.89,0,0),('2015-06-26',1.94,2.65,0.58),('2015-06-27',1.94,2.65,0.58),('2015-06-28',1.94,2.65,0.58),('2015-06-29',1.94,0,0),('2015-06-30',1.94,0,0),('2015-07-01',1.94,0,0),('2015-07-02',1.94,0,0),('2015-07-03',1.94,0,0),('2015-07-04',1.94,0,0),('2015-07-05',1.94,0,0),('2015-07-06',1.94,0,0),('2015-07-07',1.94,0,0),('2015-07-08',1.94,0,0),('2015-07-16',1.92,0,0);

--
-- Table structure for table `stock_data`
--

CREATE TABLE `stock_data` (
  `date` date NOT NULL,
  `time` time NOT NULL,
  `value` double(4,2) NOT NULL
) ENGINE=InnoDB DEFAULT CHARSET=utf8 COLLATE=utf8_polish_ci;

--
-- Dumping data for table `stock_data`
--

INSERT INTO `stock_data` VALUES ('2014-08-04','08:20:00',0.20),('2014-08-04','08:45:41',0.30),('2014-08-04','08:58:51',0.20),('2014-08-03','08:59:04',0.50),('2014-08-04','09:15:00',0.20),('2014-08-04','09:30:00',0.30),('2014-08-04','09:33:49',0.20),('2014-08-04','09:37:53',0.27),('2014-08-04','09:44:21',0.27),('2014-08-04','09:51:08',0.27),('2014-08-05','13:10:53',0.29);

--
-- Table structure for table `tree`
--

CREATE TABLE `tree` (
  `id` int(12) unsigned NOT NULL AUTO_INCREMENT,
  `name` varchar(50) NOT NULL,
  `lft` int(12) unsigned NOT NULL,
  `rgt` int(12) unsigned NOT NULL,
  PRIMARY KEY (`id`),
  KEY `lft` (`lft`),
  KEY `rgt` (`rgt`)
) ENGINE=MyISAM AUTO_INCREMENT=17 DEFAULT CHARSET=latin1;

--
-- Dumping data for table `tree`
--

INSERT INTO `tree` VALUES (11,'about',1,52),(12,'contact',5,58),(13,'contact',2,51),(14,'news',11,60),(15,'subContact',6,57),(16,'subsubContact',7,56);

--
-- Table structure for table `trees`
--

CREATE TABLE `trees` (
  `tree_id` int(10) unsigned NOT NULL AUTO_INCREMENT,
  `name` varchar(50) NOT NULL,
  `label` varchar(100) NOT NULL,
  `description` varchar(500) DEFAULT NULL,
  `lft` int(11) NOT NULL,
  `rht` int(11) NOT NULL,
  `lvl` mediumint(9) NOT NULL,
  PRIMARY KEY (`tree_id`),
  KEY `trees_nav_idx` (`lft`,`rht`,`lvl`),
  KEY `trees_name_idx` (`name`,`lvl`)
) ENGINE=InnoDB AUTO_INCREMENT=26 DEFAULT CHARSET=latin2;

--
-- Dumping data for table `trees`
--

INSERT INTO `trees` VALUES (1,'Root','Root',NULL,1,50,0),(2,'pages','Pages','Pages in website',2,25,1),(3,'products','Products','Product list',26,49,1),(4,'Home','Home',NULL,3,24,2),(5,'About','About us',NULL,4,9,3),(6,'Contact','Contact us',NULL,5,6,4),(7,'Events','Our events',NULL,7,8,4),(8,'Service','Service',NULL,10,21,3),(9,'Products','Products',NULL,11,18,4),(10,'Search','Search',NULL,12,13,5),(11,'Reviews','Reviews',NULL,14,15,5),(12,'FAQ','FAQ',NULL,19,20,4),(13,'Order','Shoppingcart',NULL,22,23,3),(14,'Furniture','Furniture',NULL,27,46,2),(15,'Office','Office suplies',NULL,47,48,2),(16,'Living','Living',NULL,28,33,3),(17,'Kitchen','Kitchen',NULL,34,35,3),(18,'Bedroom','Bedroom',NULL,36,45,3),(19,'Chairs','Chairs',NULL,29,30,4),(20,'Tables','Tables',NULL,31,32,4),(21,'Chairs','Chairs',NULL,37,38,4),(22,'Tables','Tables',NULL,39,40,4),(23,'Beds','Beds',NULL,41,42,4),(24,'Closets','Closets',NULL,43,44,4),(25,'Furniture','Furniture',NULL,16,17,5);

--
-- Table structure for table `user_group_permission`
--

CREATE TABLE `user_group_permission` (
  `id_ugp` tinyint(4) NOT NULL AUTO_INCREMENT,
  `id_user_ugp` mediumint(8) unsigned DEFAULT NULL,
  `id_permission` tinyint(3) unsigned DEFAULT NULL,
  PRIMARY KEY (`id_ugp`)
) ENGINE=InnoDB DEFAULT CHARSET=utf8 COLLATE=utf8_polish_ci;

--
-- Dumping data for table `user_group_permission`
--


--
-- Table structure for table `user_groups`
--

CREATE TABLE `user_groups` (
  `ugrp_id` smallint(5) NOT NULL AUTO_INCREMENT,
  `ugrp_name` varchar(20) CHARACTER SET utf8 NOT NULL DEFAULT '',
  `ugrp_desc` varchar(100) CHARACTER SET utf8 NOT NULL DEFAULT '',
  `ugrp_admin` tinyint(1) NOT NULL DEFAULT '0',
  PRIMARY KEY (`ugrp_id`),
  UNIQUE KEY `ugrp_id` (`ugrp_id`) USING BTREE
) ENGINE=InnoDB AUTO_INCREMENT=4 DEFAULT CHARSET=latin1;

--
-- Dumping data for table `user_groups`
--

INSERT INTO `user_groups` VALUES (1,'Najemcy','Dostęp do panelu strony',0),(3,'Administrator strony','Dostęp do panelu administracyjnego',1);

--
-- Table structure for table `user_privilege_groups`
--

CREATE TABLE `user_privilege_groups` (
  `upriv_groups_id` smallint(5) unsigned NOT NULL AUTO_INCREMENT,
  `upriv_groups_ugrp_fk` smallint(5) unsigned NOT NULL DEFAULT '0',
  `upriv_groups_upriv_fk` smallint(5) unsigned NOT NULL DEFAULT '0',
  PRIMARY KEY (`upriv_groups_id`),
  UNIQUE KEY `upriv_groups_id` (`upriv_groups_id`) USING BTREE,
  KEY `upriv_groups_ugrp_fk` (`upriv_groups_ugrp_fk`),
  KEY `upriv_groups_upriv_fk` (`upriv_groups_upriv_fk`)
) ENGINE=InnoDB AUTO_INCREMENT=56 DEFAULT CHARSET=latin1;

--
-- Dumping data for table `user_privilege_groups`
--

INSERT INTO `user_privilege_groups` VALUES (48,1,1),(49,1,2),(50,1,3),(51,1,5),(52,1,6),(53,1,8),(54,1,19),(55,1,20);

--
-- Table structure for table `user_privilege_users`
--

CREATE TABLE `user_privilege_users` (
  `upriv_users_id` smallint(5) NOT NULL AUTO_INCREMENT,
  `upriv_users_uacc_fk` int(11) NOT NULL DEFAULT '0',
  `upriv_users_upriv_fk` smallint(5) NOT NULL DEFAULT '0',
  PRIMARY KEY (`upriv_users_id`),
  UNIQUE KEY `upriv_users_id` (`upriv_users_id`) USING BTREE,
  KEY `upriv_users_uacc_fk` (`upriv_users_uacc_fk`),
  KEY `upriv_users_upriv_fk` (`upriv_users_upriv_fk`)
) ENGINE=InnoDB DEFAULT CHARSET=latin1;

--
-- Dumping data for table `user_privilege_users`
--


--
-- Table structure for table `user_privileges`
--

CREATE TABLE `user_privileges` (
  `upriv_id` smallint(5) NOT NULL AUTO_INCREMENT,
  `upriv_name` varchar(20) NOT NULL DEFAULT '',
  `upriv_desc` varchar(100) NOT NULL DEFAULT '',
  PRIMARY KEY (`upriv_id`),
  UNIQUE KEY `upriv_id` (`upriv_id`) USING BTREE
) ENGINE=InnoDB AUTO_INCREMENT=12 DEFAULT CHARSET=latin1;

--
-- Dumping data for table `user_privileges`
--

INSERT INTO `user_privileges` VALUES (1,'View Users','User can view user account details.'),(2,'View User Groups','User can view user groups.'),(3,'View Privileges','User can view privileges.'),(4,'Insert User Groups','User can insert new user groups.'),(5,'Insert Privileges','User can insert privileges.'),(6,'Update Users','User can update user account details.'),(7,'Update User Groups','User can update user groups.'),(8,'Update Privileges','User can update user privileges.'),(9,'Delete Users','User can delete user accounts.'),(10,'Delete User Groups','User can delete user groups.'),(11,'Delete Privileges','User can delete user privileges.');

--
-- Table structure for table `user_profiles`
--

CREATE TABLE `user_profiles` (
  `upro_id` int(11) NOT NULL AUTO_INCREMENT,
  `upro_uacc_fk` int(11) NOT NULL DEFAULT '0',
  `upro_company` varchar(50) NOT NULL DEFAULT '',
  `upro_first_name` varchar(50) NOT NULL DEFAULT '',
  `upro_last_name` varchar(50) NOT NULL DEFAULT '',
  `upro_phone` varchar(25) NOT NULL DEFAULT '',
  `upro_newsletter` tinyint(1) NOT NULL DEFAULT '0',
  PRIMARY KEY (`upro_id`),
  UNIQUE KEY `upro_id` (`upro_id`),
  KEY `upro_uacc_fk` (`upro_uacc_fk`) USING BTREE
) ENGINE=InnoDB AUTO_INCREMENT=8 DEFAULT CHARSET=latin1;

--
-- Dumping data for table `user_profiles`
--

INSERT INTO `user_profiles` VALUES (3,5,'','Asia Adrian','','',0),(4,6,'','Demo','','',0),(6,8,'','Administrator2 Silco','','',0),(7,9,'','Madkom','','',0);

--
-- Dumping routines for database 'swgroup_20'
--


